NOAA-Style Climate Reports

Select a Year or Month report
2021: Jan Feb Mar Apr Mai Jun Jul Aug Sep Okt Nov Des
2020: Jan Feb Mar Apr Mai Jun Jul Aug Sep Okt Nov Des
2019: Jan Feb Mar Apr Mai Jun Jul Aug Sep Okt Nov Des
2018: Jan Feb Mar Apr Mai Jun Jul Aug Sep Okt Nov Des
2017: Jan Feb Mar Apr Mai Jun Jul Aug Sep Okt Nov Des
2016: Jan Feb Mar Apr Mai Jun Jul Aug Sep Okt Nov Des
2015: Jan Feb Mar Apr Mai Jun Jul Aug Sep Okt Nov Des
2014: Jan Feb Mar Apr Mai Jun Jul Aug Sep Okt Nov Des
2013: Jan Feb Mar Apr Mai Jun Jul Aug Sep Okt Nov Des
2012: Jan Feb Mar Apr Mai Jun Jul Aug Sep Okt Nov Des

Report for 2020 September
                   Monthly Climatological Summary for sep 2020

Name: Kurlandfk.no   City: Kurland, Lørenskog   State: Akershus
Elevation: 177 m  Lat: N 59° 55' 48"   Lon: E 011° 01' 06"

                  Temperature (°C), Rain (mm), Wind Speed (m/s)

                                      Heat  Cool        Avg
    Mean                              Deg   Deg         Wind                 Dom
Day Temp  High   Time   Low    Time   Days  Days  Rain  Speed High   Time    Dir
----------------------------------------------------------------------------------
 1  12,1  24,8   12:10   2,0   04:18   6,8   0,6   0,0   0,2   4,1   17:38    SE
 2  13,7  25,1   11:11   3,0   06:15   5,6   1,0   0,0   0,1   4,1   12:17   SSE
 3  14,1  23,3   11:52   6,5   01:51   4,7   0,5   0,3   0,1   3,7   11:44   NNE
 4  15,4  21,4   12:40  12,3   23:57   3,3   0,4   0,0   0,5   6,8   15:18   NNW
 5  13,5  21,4   09:40   6,6   22:58   5,0   0,2   0,0   0,6   6,1   03:35     N
 6  12,0  21,9   11:37   5,2   05:51   6,5   0,2   0,0   0,3   6,1   15:19     N
 7  12,5  23,7   10:34   2,9   06:34   6,4   0,6   0,0   0,5   6,5   19:38   NNW
 8  15,1  23,5   10:10   9,6   07:07   3,5   0,3   0,0   0,4   6,5   00:13   NNW
 9  13,0  17,1   16:34   8,9   23:58   5,3   0,0   0,0   0,6   6,1   18:06     N
10  11,4  20,7   10:07   2,7   06:45   7,1   0,2   0,0   0,3   5,1   11:30   NNW
11  10,9  18,3   09:30   4,3   06:24   7,4   0,0   0,0   0,5   7,1   17:46   NNW
12  12,8  17,5   15:10   9,4   23:58   5,5   0,0   0,0   1,0   8,5   16:40   NNW
13  12,3  17,4   15:30   7,1   07:29   6,0   0,0   0,0   0,7   6,5   04:44   NNW
14  17,0  24,5   13:05  11,4   02:09   2,6   1,3   0,0   0,4   5,8   13:23     N
15  15,8  22,9   14:06  10,5   06:18   3,5   1,0   0,0   0,2   3,7   16:13     N
16  13,0  15,8   14:15   6,2   21:49   5,3   0,0   0,0   1,2  11,9   13:15    SE
----------------------------------------------------------------------------------
    13,4  25,1     2     2,0     1    84,5   6,3   0,3   0,5  11,9    16       N

Max >=  27,0:  0
Max <=   0,0:  0
Min <=   0,0:  0
Min <= -18,0:  0
Max Rain: 0,3 on day 3
Days of Rain: 1 (>= 0,2 mm)  0 (>= 2,0 mm)  0 (>= 20,0 mm)
Heat Base: 18,3  Cool Base: 18,3  Method: Integration