NOAA-Style Climate Reports

Select a Year or Month report
2020: Jan Feb Mar Apr Mai Jun Jul Aug Sep Okt Nov Des
2019: Jan Feb Mar Apr Mai Jun Jul Aug Sep Okt Nov Des
2018: Jan Feb Mar Apr Mai Jun Jul Aug Sep Okt Nov Des
2017: Jan Feb Mar Apr Mai Jun Jul Aug Sep Okt Nov Des
2016: Jan Feb Mar Apr Mai Jun Jul Aug Sep Okt Nov Des
2015: Jan Feb Mar Apr Mai Jun Jul Aug Sep Okt Nov Des
2014: Jan Feb Mar Apr Mai Jun Jul Aug Sep Okt Nov Des
2013: Jan Feb Mar Apr Mai Jun Jul Aug Sep Okt Nov Des
2012: Jan Feb Mar Apr Mai Jun Jul Aug Sep Okt Nov Des

Report for 2020 Januar
                   Monthly Climatological Summary for jan 2020

Name: Kurlandfk.no   City: Kurland, Lørenskog   State: Akershus
Elevation: 177 m  Lat: N 59° 55' 48"   Lon: E 011° 01' 06"

                  Temperature (°C), Rain (mm), Wind Speed (m/s)

                                      Heat  Cool        Avg
    Mean                              Deg   Deg         Wind                 Dom
Day Temp  High   Time   Low    Time   Days  Days  Rain  Speed High   Time    Dir
----------------------------------------------------------------------------------
 1   3,0   4,1   14:50   1,2   18:08  15,3   0,0   0,0   0,9   8,2   09:29   NNW
 2   4,6   6,4   23:59   2,3   01:45  13,7   0,0   0,0   1,5  11,2   14:06    NW
 3   4,2   7,3   05:56   0,6   21:56  14,1   0,0   0,0   1,7  13,6   00:40   NNW
 4  -0,4   2,6   12:55  -5,1   23:56  18,7   0,0   0,0   0,9   9,2   02:53     N
 5  -0,3   3,8   18:08  -6,0   01:03  18,6   0,0   0,3   0,5   6,8   12:20   NNW
 6   2,8   5,8   19:41   0,2   00:00  15,5   0,0   0,3   0,4   8,2   21:40    NW
 7   4,6   6,3   21:27   3,1   09:03  13,7   0,0   0,6   1,4  14,3   21:17   NNW
 8   5,4   8,2   05:23   2,4   21:59  12,9   0,0   0,3   1,4  11,6   00:21    NW
 9   1,2   3,2   00:20  -0,8   09:34  17,1   0,0   0,0   0,6   9,2   02:23   NNW
10  -2,8   1,0   00:00  -7,5   22:56  21,1   0,0   0,0   0,5   5,4   04:58   SSE
11   3,6   7,1   22:18  -7,3   00:19  14,7   0,0   2,7   1,9  15,3   10:01    NW
12   2,8   6,7   00:00  -1,5   21:23  15,6   0,0   0,3   0,5   5,8   19:59   NNW
13   0,6   3,6   23:07  -2,7   09:50  17,7   0,0   0,9   0,6   6,5   14:50   NNW
14   4,1   5,9   12:30   1,5   06:54  14,2   0,0  12,0   1,2   9,9   01:50   WNW
15   4,5   6,5   04:41   2,6   02:04  13,9   0,0   2,7   1,4  10,2   23:40    NW
16   5,2   6,6   13:27   3,4   21:16  13,1   0,0   0,0   1,3   9,5   01:06    NW
17   5,8   6,4   10:55   3,5   19:10  12,5   0,0  13,5   0,8  10,2   10:39    NW
18   3,8   6,0   10:54  -0,8   22:54  14,5   0,0   2,1   0,1   2,7   10:54    NW
19  -1,2   0,9   13:24  -2,8   17:54  19,2   0,0   0,0   0,0   0,0   00:24   ---
20   4,1   7,6   23:21  -1,2   00:00  14,2   0,0   0,3   0,6   7,5   23:23     N
21   4,8   8,1   01:07   1,6   10:34  13,5   0,0   0,0   0,6   7,8   01:05   NNW
22   0,0   4,3   13:57  -3,6   18:56  18,3   0,0   0,0   0,2   6,5   06:53    NW
23   1,5   5,7   21:07  -1,7   00:00  16,8   0,0   0,0   0,3   6,8   20:56   NNW
24   2,5   5,7   15:46  -1,2   09:04  15,8   0,0   0,0   0,5   9,2   15:50   NNW
25   2,8   4,8   23:06   0,1   06:02  15,5   0,0   0,0   0,7   7,5   19:49   NNW
----------------------------------------------------------------------------------
     2,7   8,2     8    -7,5    10   390,2   0,0  36,0   0,8  15,3    11     NNW

Max >=  27,0:  0
Max <=   0,0:  0
Min <=   0,0: 13
Min <= -18,0:  0
Max Rain: 13,5 on day 17
Days of Rain: 12 (>= 0,2 mm)  5 (>= 2,0 mm)  0 (>= 20,0 mm)
Heat Base: 18,3  Cool Base: 18,3  Method: Integration