NOAA-Style Climate Reports

Select a Year or Month report
2021: Jan Feb Mar Apr Mai Jun Jul Aug Sep Okt Nov Des
2020: Jan Feb Mar Apr Mai Jun Jul Aug Sep Okt Nov Des
2019: Jan Feb Mar Apr Mai Jun Jul Aug Sep Okt Nov Des
2018: Jan Feb Mar Apr Mai Jun Jul Aug Sep Okt Nov Des
2017: Jan Feb Mar Apr Mai Jun Jul Aug Sep Okt Nov Des
2016: Jan Feb Mar Apr Mai Jun Jul Aug Sep Okt Nov Des
2015: Jan Feb Mar Apr Mai Jun Jul Aug Sep Okt Nov Des
2014: Jan Feb Mar Apr Mai Jun Jul Aug Sep Okt Nov Des
2013: Jan Feb Mar Apr Mai Jun Jul Aug Sep Okt Nov Des
2012: Jan Feb Mar Apr Mai Jun Jul Aug Sep Okt Nov Des

Report for 2012
                   Annual Climatological Summary for 2012

Name: Kurlandfk.no   City: Kurland, Lørenskog   State: Akershus
Elevation: 177 m  Lat: N 59° 55' 48"   Lon: E 011° 01' 06"

                  Temperature (°C), Heat Base: 18,3  Cool Base: 18,3
                          Dep.  Heat  Cool                       Max  Max  Min  Min
        Mean  Mean        From  Deg   Deg                        >=   <=   <=   <=
 YR MO  Max   Min   Mean  Norm  Days  Days  Hi  Date  Low  Date 27,0  0,0  0,0 -18,0
------------------------------------------------------------------------------------
 12  1  -1,6  -7,3  -4,3   0.0   363   238   3,2  13 -17,1   21    0   22   31    0
 12  2   2,0  -9,1  -3,9   0.0   303   147  18,1   2 -23,6    4    0   12   29    3
 12  3  12,3  -1,4   4,5   0.0   223   128  22,4  27  -7,2    3    0    1   24    0
 12  4   9,6  -1,1   3,8   0.0   203   102  17,1  29  -8,4    4    0    0   18    0
 12  5  18,4   5,2  11,8   0.0   111    84  32,1  25  -3,5    7    4    0    3    0
 12  6  19,2   7,4  13,2   0.0    76    49  24,8  21  -0,8    2    0    0    1    0
 12  7   4,5  43,1  15,6   0.0    48    29  27,3   5   4,2   21    1    1    0    0
 12  8  22,1  11,7  16,1   0.0    68    32  31,2   9   0,0   10    6    2    4    0
 12  9  18,3   5,1  11,4   0.0   215     7  26,2   1  -0,3   24    0    0    1    0
 12 10   9,9   1,1   4,8   0.0   419     0  19,0   1  -8,0   28    0    0   14    0
 12 11   5,0   0,3   2,9   0.0   462     0  11,0  14  -5,6   30    0    2   16    0
 12 12  -3,7  -8,9  -6,3   0.0   761     0   5,6  29 -17,8    3    0   23   27    0
------------------------------------------------------------------------------------
         9,7   3,8   5,8   0.0  3258   819  32,1 mai -23,6  feb   11   63  168    3

                                Precipitation (mm)

              Dep.   Max        Days of Rain
              From   Obs.           >=
 YR MO Total  Norm   Day Date  0,2  2,0 20,0
---------------------------------------------
 12  1   8,4   0.0   2,7   4     6    2    0
 12  2  34,2   0.0  21,6   2    11    4    1
 12  3   9,0   0.0   3,9   8     7    2    0
 12  4  97,2   0.0  17,7  10    16   10    0
 12  5  81,9   0.0  13,2  10    13   11    0
 12  6 125,1   0.0  29,4  29    20   12    2
 12  7  78,3   0.0  26,4   7    17    7    1
 12  8  36,6   0.0   9,3  26    19    7    0
 12  9 117,3   0.0  23,4  26    21   10    1
 12 10  84,3   0.0  15,3  20    19   10    0
 12 11  83,4   0.0  15,3   1    20   13    0
 12 12  15,6   0.0   4,8  29     6    4    0
---------------------------------------------
       771,3   0.0  29,4  jun  175   92    5

                                Wind Speed (m/s)
                          Dom
 YR MO   Avg.  Hi   Date  Dir
------------------------------
 12  1   0,0  16,3    9   ---
 12  2   0,0  10,9    2     S
 12  3   0,0   0,0    0   ---
 12  4   0,0   0,0    0   ---
 12  5   0,0   0,7   14   ---
 12  6   0,0   0,0    0   ---
 12  7   0,0   0,0    0   ---
 12  8   0,5  10,2   28    NE
 12  9   0,8  12,2   14     N
 12 10   0,6  11,2    3    SE
 12 11   0,8  12,6    1   WSW
 12 12   0,7  12,2   23   SSE
------------------------------
         0,3  16,3  jan    SE