NOAA-Style Climate Reports

Select a Year or Month report
2021: Jan Feb Mar Apr Mai Jun Jul Aug Sep Okt Nov Des
2020: Jan Feb Mar Apr Mai Jun Jul Aug Sep Okt Nov Des
2019: Jan Feb Mar Apr Mai Jun Jul Aug Sep Okt Nov Des
2018: Jan Feb Mar Apr Mai Jun Jul Aug Sep Okt Nov Des
2017: Jan Feb Mar Apr Mai Jun Jul Aug Sep Okt Nov Des
2016: Jan Feb Mar Apr Mai Jun Jul Aug Sep Okt Nov Des
2015: Jan Feb Mar Apr Mai Jun Jul Aug Sep Okt Nov Des
2014: Jan Feb Mar Apr Mai Jun Jul Aug Sep Okt Nov Des
2013: Jan Feb Mar Apr Mai Jun Jul Aug Sep Okt Nov Des
2012: Jan Feb Mar Apr Mai Jun Jul Aug Sep Okt Nov Des

Report for 2012 August
                   Monthly Climatological Summary for aug 2012

Name: Kurlandfk.no   City: Kurland, Lørenskog   State: Akershus
Elevation: 177 m  Lat: N 59° 55' 48"   Lon: E 011° 01' 06"

                  Temperature (°C), Rain (mm), Wind Speed (m/s)

                                      Heat  Cool        Avg
    Mean                              Deg   Deg         Wind                 Dom
Day Temp  High   Time   Low    Time   Days  Days  Rain  Speed High   Time    Dir
----------------------------------------------------------------------------------
 1  16,2  22,6   12:36  13,3   22:33   0,2   0,0   0,0   0,0   0,0   00:00   NNE
 2  13,5  13,6   00:35  13,4   00:00   4,8   0,0   0,0   0,0   0,0   00:00   ---
 3  18,1  22,4   18:21  15,9   21:18   0,2   0,0   0,3   0,0   0,0   00:00   ---
 4  19,2  24,3   13:56  21,1   18:06   0,2   0,0   0,0   0,0   3,1   18:06   ESE
 5  21,0  23,2   14:44  16,1   21:39   0,0   0,2   0,0   0,5   4,4   16:30    NW
 6  16,5  17,2   15:04  17,2   15:04   0,0   1,5   0,0   0,7   2,4   15:04    NW
 7  17,3  20,1   18:33  16,9   20:40   0,0   0,9   0,3   1,3   4,1   18:48    NW
 8  17,6  23,7   19:47  10,2   23:45   0,7   0,0   0,6   0,6   6,1   12:28   NNE
 9  15,9  31,2   14:10  19,4   21:22   0,0   0,5   0,0   0,1   5,1   15:10     E
10  18,3  23,6   14:42   0,0   00:00   0,6   0,6   0,3   0,3   4,1   15:49     E
11  22,4  30,2   12:05  14,5   23:30   0,2   4,3   0,0   0,3   5,4   15:21   NNW
12  17,8  26,5   16:04  12,9   23:54   2,4   1,9   0,0   0,4   4,4   15:06     N
13  19,1  25,2   15:04  13,0   00:00   0,2   0,6   0,3   0,4   4,8   15:43   SSE
14  19,2  25,2   18:37  10,7   23:53   0,7   1,6   0,0   0,3   5,8   13:12   SSE
15  15,8  28,1   11:49   9,6   01:06   4,7   2,3   0,0   0,2   4,4   15:57   SSE
16  15,8  25,9   13:27  10,2   00:42   3,9   1,4   0,0   0,4   5,8   12:07   SSW
17  19,7  26,7   10:48  16,5   22:02   0,7   2,1   0,3   0,4   5,1   15:01     N
18  17,4  25,2   16:35  16,5   00:00   1,3   0,4   2,4   0,7   4,8   23:41     N
19  21,8  30,1   11:17  14,0   23:47   0,9   4,4   0,6   0,6   8,2   13:35     N
20  16,0  18,5   15:32  13,2   01:31   2,3   0,0   6,9   0,6   5,8   12:09     S
21  19,6  28,3   11:10  13,2   06:05   1,5   2,8   0,0   0,5   5,1   13:29     N
22  16,2  25,8   10:56  12,6   23:37   2,6   0,5   2,4   0,4   6,1   12:47   SSE
23  15,0  21,3   13:33  11,3   04:04   3,6   0,2   2,1   0,3   4,8   12:53   NNE
24  13,8  18,6   15:53  10,7   06:20   4,5   0,0   3,9   0,7   4,8   03:41   SSE
25  15,0  22,1   12:39  11,3   04:07   3,7   0,4   0,3   0,2   3,7   12:10    NE
26  13,4  17,5   12:34   7,9   23:16   4,9   0,0   9,3   1,0   6,8   16:34   SSE
27  13,5  22,8   13:02   5,6   05:12   5,3   0,5   0,0   0,7   5,4   09:27   SSE
28  12,3  16,5   14:22   5,9   02:45   6,0   0,0   5,1   0,7  10,2   17:33    SW
29  16,9  25,1   10:09   8,6   23:54   3,0   1,6   0,3   0,5   6,8   12:15     N
30  14,8  20,7   12:28   8,1   00:57   3,9   0,4   0,6   0,9   6,8   12:28   NNW
31  14,8  20,3   13:02   8,6   23:52   3,8   0,3   0,0   0,6   5,8   13:36    SE
----------------------------------------------------------------------------------
    16,9  31,2     9     0,0    10    66,8  29,4  36,0   0,5  10,2    28       N

Max >=  27,0:  5
Max <=   0,0:  0
Min <=   0,0:  1
Min <= -18,0:  0
Max Rain: 9,3 on day 26
Days of Rain: 17 (>= 0,2 mm)  7 (>= 2,0 mm)  0 (>= 20,0 mm)
Heat Base: 18,3  Cool Base: 18,3  Method: Integration