NOAA-Style Climate Reports

Select a Year or Month report
2021: Jan Feb Mar Apr Mai Jun Jul Aug Sep Okt Nov Des
2020: Jan Feb Mar Apr Mai Jun Jul Aug Sep Okt Nov Des
2019: Jan Feb Mar Apr Mai Jun Jul Aug Sep Okt Nov Des
2018: Jan Feb Mar Apr Mai Jun Jul Aug Sep Okt Nov Des
2017: Jan Feb Mar Apr Mai Jun Jul Aug Sep Okt Nov Des
2016: Jan Feb Mar Apr Mai Jun Jul Aug Sep Okt Nov Des
2015: Jan Feb Mar Apr Mai Jun Jul Aug Sep Okt Nov Des
2014: Jan Feb Mar Apr Mai Jun Jul Aug Sep Okt Nov Des
2013: Jan Feb Mar Apr Mai Jun Jul Aug Sep Okt Nov Des
2012: Jan Feb Mar Apr Mai Jun Jul Aug Sep Okt Nov Des

Report for 2012 September
                   Monthly Climatological Summary for sep 2012

Name: Kurlandfk.no   City: Kurland, Lørenskog   State: Akershus
Elevation: 177 m  Lat: N 59° 55' 48"   Lon: E 011° 01' 06"

                  Temperature (°C), Rain (mm), Wind Speed (m/s)

                                      Heat  Cool        Avg
    Mean                              Deg   Deg         Wind                 Dom
Day Temp  High   Time   Low    Time   Days  Days  Rain  Speed High   Time    Dir
----------------------------------------------------------------------------------
 1  15,2  26,2   13:05   5,6   05:39   4,5   1,4   0,0   0,6   6,5   15:44   NNW
 2  17,0  23,6   10:52  10,2   23:25   2,6   1,2   1,2   1,1   8,2   07:28     N
 3  16,9  24,6   12:46   6,5   05:33   3,5   2,2   0,0   0,7   7,5   13:39     N
 4  16,3  22,0   16:08  12,8   00:09   2,6   0,6   1,2   1,6   9,9   19:22     N
 5  15,8  22,5   12:54   7,2   23:56   3,4   0,9   0,0   1,5   9,9   11:41     N
 6   9,9  21,9   09:43   1,7   05:17   8,5   0,1   1,2   0,5   5,1   15:41   NNW
 7  13,1  21,5   12:53   3,3   06:16   5,6   0,5   0,3   1,3  12,2   18:27     N
 8  11,6  19,9   12:55   3,7   23:55   6,8   0,0   0,0   1,0   9,9   12:32     N
 9  11,3  18,4   15:45   1,8   01:46   7,0   0,0   0,3   0,6   6,5   23:42     N
10  15,4  19,7   16:04  12,8   05:47   3,0   0,1   0,3   0,7   6,1   10:30   NNW
11  14,6  17,9   15:19   6,1   23:29   3,7   0,0   3,3   1,2  12,2   13:40   NNW
12  10,1  19,0   11:55   3,0   23:49   8,2   0,0   1,8   0,8   9,2   18:03     N
13   9,8  19,5   12:41   1,2   05:20   8,6   0,0   0,3   0,7   7,5   21:48     N
14  13,2  17,9   16:04   9,0   01:03   5,1   0,0  12,0   1,7  12,2   04:53     N
15  13,5  23,3   09:56   5,2   06:24   5,5   0,6   0,0   0,7   7,8   12:05     N
16  11,8  17,7   10:06   5,6   01:33   6,5   0,0   0,0   0,9   7,1   10:14     N
17  13,2  19,2   11:41   7,1   20:38   5,1   0,0  10,5   1,2  10,9   08:11   NNW
18  10,5  15,7   12:56   6,1   23:32   7,7   0,0  14,1   0,6   6,1   12:40    NW
19   9,4  16,4   12:02   3,4   22:14   8,9   0,0   0,6   0,2   4,4   14:02   NNW
20   5,0  15,7   20:31   1,5   05:24  13,2   0,0   0,0   0,2   4,1   20:01   NNW
21   9,5  16,4   19:31   5,1   10:01   8,8   0,0  10,5   0,3   4,4   00:31    NW
22   7,4  15,6   00:01   1,9   12:31  10,9   0,0   0,3   1,3   9,9   17:53    SE
23   7,5  10,9   16:47   2,2   23:52  10,8   0,0   1,8   0,8   5,8   12:43   SSE
24   6,5  13,6   12:19  -0,3   06:04  11,8   0,0   0,0   0,8   7,1   15:16   SSE
25   5,9   8,3   19:08   0,5   01:49  12,4   0,0  14,1   1,2   6,5   19:28   SSE
26   8,5  11,5   14:50   7,1   04:55   9,8   0,0  23,4   0,8   5,4   01:49    SE
27  10,4  18,5   09:55   6,6   07:10   7,9   0,0   2,4   0,1   3,7   12:53     S
28  10,4  20,1   12:03   5,6   05:06   8,0   0,0   0,0   0,4   6,1   19:06   NNW
29  10,3  13,8   13:03   6,7   23:53   8,0   0,0  13,8   0,6   5,8   03:41   NNW
30  10,7  19,0   12:04   4,1   08:13   7,6   0,0   3,9   0,4   4,8   18:46   NNW
----------------------------------------------------------------------------------
    11,4  26,2     1    -0,3    24   216,0   7,6 117,3   0,8  12,2     7       N

Max >=  27,0:  0
Max <=   0,0:  0
Min <=   0,0:  1
Min <= -18,0:  0
Max Rain: 23,4 on day 26
Days of Rain: 21 (>= 0,2 mm)  10 (>= 2,0 mm)  1 (>= 20,0 mm)
Heat Base: 18,3  Cool Base: 18,3  Method: Integration