NOAA-Style Climate Reports

Select a Year or Month report
2021: Jan Feb Mar Apr Mai Jun Jul Aug Sep Okt Nov Des
2020: Jan Feb Mar Apr Mai Jun Jul Aug Sep Okt Nov Des
2019: Jan Feb Mar Apr Mai Jun Jul Aug Sep Okt Nov Des
2018: Jan Feb Mar Apr Mai Jun Jul Aug Sep Okt Nov Des
2017: Jan Feb Mar Apr Mai Jun Jul Aug Sep Okt Nov Des
2016: Jan Feb Mar Apr Mai Jun Jul Aug Sep Okt Nov Des
2015: Jan Feb Mar Apr Mai Jun Jul Aug Sep Okt Nov Des
2014: Jan Feb Mar Apr Mai Jun Jul Aug Sep Okt Nov Des
2013: Jan Feb Mar Apr Mai Jun Jul Aug Sep Okt Nov Des
2012: Jan Feb Mar Apr Mai Jun Jul Aug Sep Okt Nov Des

Report for 2012 Oktober
                   Monthly Climatological Summary for okt 2012

Name: Kurlandfk.no   City: Kurland, Lørenskog   State: Akershus
Elevation: 177 m  Lat: N 59° 55' 48"   Lon: E 011° 01' 06"

                  Temperature (°C), Rain (mm), Wind Speed (m/s)

                                      Heat  Cool        Avg
    Mean                              Deg   Deg         Wind                 Dom
Day Temp  High   Time   Low    Time   Days  Days  Rain  Speed High   Time    Dir
----------------------------------------------------------------------------------
 1  13,0  19,0   12:13  10,6   23:51   5,3   0,0   0,3   0,8   6,8   13:30   NNW
 2  11,3  15,1   12:38   7,8   23:52   7,0   0,0   3,0   0,6   6,8   13:27    NW
 3  10,2  12,6   14:43   6,4   01:25   8,1   0,0  11,4   1,0  11,2   14:33    SW
 4   8,9  15,1   10:55   5,0   23:03   9,4   0,0   0,3   0,3   5,4   11:24    NW
 5   7,1  16,9   12:50  -0,1   23:48  11,2   0,0   0,3   0,2   3,4   15:29     N
 6   5,7  16,9   12:27  -1,9   07:18  12,6   0,0   0,0   0,4   4,4   14:24     N
 7   6,8  17,9   11:38  -0,9   08:28  11,5   0,0   0,0   0,6   8,2   16:12   NNW
 8   7,3  11,4   13:16   1,9   07:44  11,0   0,0   5,7   0,5   4,8   13:25     N
 9   5,9  10,8   12:17  -1,3   23:15  12,4   0,0   9,3   0,9   8,5   10:47    SE
10   3,4  13,6   11:34  -2,3   07:05  14,9   0,0   0,0   0,2   3,7   16:15    SE
11   2,5  10,8   10:47  -2,7   06:46  15,8   0,0   0,3   0,3   3,4   11:15     S
12   3,4   8,2   15:21  -2,4   00:51  14,9   0,0   0,0   0,9   8,5   15:16   SSE
13   4,0   6,2   14:22   2,4   01:18  14,3   0,0   0,0   1,4   7,8   14:40   SSE
14   3,0   6,2   23:44   2,0   17:04  15,3   0,0   6,0   1,3   7,1   11:52   SSE
15   5,2   6,4   01:02   3,6   23:47  13,1   0,0   1,8   1,5   7,1   00:34    SE
16   4,4   5,8   23:52   3,3   03:14  13,9   0,0   7,5   0,8   5,1   20:57   SSE
17   8,3  11,1   12:47   5,8   00:00  10,0   0,0  10,2   0,6   6,8   01:28   SSW
18   9,9  11,8   12:19   7,2   01:07   8,4   0,0   6,9   0,7   8,8   22:06   WNW
19   8,7  11,6   12:04   6,0   21:26   9,6   0,0   0,0   0,6   7,1   03:25   NNW
20   6,6   7,0   00:24   6,1   10:03  11,9   0,0  15,3   1,0   7,1   11:29   SSE
21   5,8   8,0   15:02   4,7   07:24  12,5   0,0   0,0   0,4   3,7   15:47   SSE
22   4,7   6,9   15:04   2,5   07:02  13,6   0,0   0,0   0,4   4,4   01:06     E
23   2,8   5,1   15:16   1,7   09:26  15,5   0,0   0,0   0,5   4,1   03:17   NNE
24   2,6   4,2   10:47   1,5   07:14  15,7   0,0   0,6   0,5   4,8   03:43    NE
25   1,9   9,9   12:12  -2,9   22:18  16,4   0,0   0,3   0,9  10,5   15:52    NE
26   0,8   9,0   11:03  -2,5   04:25  17,5   0,0   0,0   0,9   8,2   21:26     N
27   0,3  10,1   12:08  -4,9   23:15  18,0   0,0   0,0   0,4   5,8   13:19    SE
28  -2,7   5,3   10:43  -8,0   07:06  21,9   0,0   0,0   0,2   3,1   15:18   SSE
29   0,4   2,8   14:19  -1,6   22:53  17,9   0,0   1,5   0,1   3,1   00:20   ESE
30  -2,4   4,1   11:14  -7,6   22:02  20,7   0,0   0,3   0,0   0,0   00:00     E
31  -0,5   5,9   20:52  -5,4   02:22  18,8   0,0   3,3   0,2   6,8   20:20   WNW
----------------------------------------------------------------------------------
     4,8  19,0     1    -8,0    28   419,1   0,0  84,3   0,6  11,2     3      SE

Max >=  27,0:  0
Max <=   0,0:  0
Min <=   0,0: 14
Min <= -18,0:  0
Max Rain: 15,3 on day 20
Days of Rain: 19 (>= 0,2 mm)  10 (>= 2,0 mm)  0 (>= 20,0 mm)
Heat Base: 18,3  Cool Base: 18,3  Method: Integration