NOAA-Style Climate Reports

Select a Year or Month report
2021: Jan Feb Mar Apr Mai Jun Jul Aug Sep Okt Nov Des
2020: Jan Feb Mar Apr Mai Jun Jul Aug Sep Okt Nov Des
2019: Jan Feb Mar Apr Mai Jun Jul Aug Sep Okt Nov Des
2018: Jan Feb Mar Apr Mai Jun Jul Aug Sep Okt Nov Des
2017: Jan Feb Mar Apr Mai Jun Jul Aug Sep Okt Nov Des
2016: Jan Feb Mar Apr Mai Jun Jul Aug Sep Okt Nov Des
2015: Jan Feb Mar Apr Mai Jun Jul Aug Sep Okt Nov Des
2014: Jan Feb Mar Apr Mai Jun Jul Aug Sep Okt Nov Des
2013: Jan Feb Mar Apr Mai Jun Jul Aug Sep Okt Nov Des
2012: Jan Feb Mar Apr Mai Jun Jul Aug Sep Okt Nov Des

Report for 2012 November
                   Monthly Climatological Summary for nov 2012

Name: Kurlandfk.no   City: Kurland, Lørenskog   State: Akershus
Elevation: 177 m  Lat: N 59° 55' 48"   Lon: E 011° 01' 06"

                  Temperature (°C), Rain (mm), Wind Speed (m/s)

                                      Heat  Cool        Avg
    Mean                              Deg   Deg         Wind                 Dom
Day Temp  High   Time   Low    Time   Days  Days  Rain  Speed High   Time    Dir
----------------------------------------------------------------------------------
 1   5,6   7,1   11:29   4,0   23:46  12,7   0,0  15,3   1,2  12,6   02:53   SSW
 2   5,0   7,0   12:18   3,3   19:03  13,3   0,0  12,3   1,0   9,2   11:18   SSW
 3   4,9   6,0   10:13   3,2   23:53  13,4   0,0   4,2   0,8   6,5   15:57   SSW
 4   4,0   5,1   12:42   1,9   01:09  14,3   0,0   0,0   0,3   3,4   02:03     S
 5   2,4   4,2   12:50  -3,0   23:50  15,9   0,0   0,0   0,4   3,7   10:52    SE
 6  -1,2   2,2   11:18  -5,0   07:01  19,5   0,0   0,6   0,3   4,8   17:00   NNW
 7  -1,9   0,5   13:41  -5,4   08:13  20,2   0,0   0,0   0,1   2,0   14:43     E
 8   0,1   1,1   14:51  -2,2   02:05  18,2   0,0   0,3   0,4   3,4   09:49   ESE
 9   1,1   6,4   23:32  -2,0   08:40  17,2   0,0   5,1   0,3   7,5   18:36    SW
10   6,8   7,2   07:15   6,3   00:00  11,5   0,0   3,3   1,0   8,2   11:06   WNW
11   6,0   8,2   14:17   2,7   23:27  12,3   0,0   6,3   0,8   7,1   15:55   WNW
12   1,1   4,3   10:52  -2,8   23:20  17,2   0,0   0,0   0,6   6,8   07:14   NNW
13   0,9   8,6   23:54  -5,2   07:17  17,4   0,0   0,3   0,6  11,2   18:24   NNW
14   8,9  11,0   13:03   7,3   23:46   9,4   0,0   1,5   0,9   8,5   04:26   NNW
15   3,3   7,6   10:54  -1,6   23:28  15,0   0,0   0,3   0,4   5,1   01:51   NNW
16   4,7   7,9   14:11  -1,6   00:00  13,5   0,0   0,3   1,1   6,8   18:30   NNW
17   4,6   7,3   00:00   3,2   15:38  13,7   0,0  12,6   0,9   8,8   06:10    NW
18   3,4   5,7   07:36  -0,6   23:23  14,9   0,0   6,0   0,4   4,8   16:27   NNW
19   2,8   8,0   21:26  -1,1   01:08  15,5   0,0   3,0   0,7   9,9   22:38    NW
20   7,5   8,5   15:34   5,8   00:00  10,8   0,0   2,7   1,4  12,6   05:05    NW
21   7,2   8,2   01:02   5,3   23:38  11,1   0,0   3,0   1,1   8,2   02:24    NW
22   5,6   6,2   13:10   4,3   20:25  12,7   0,0   3,6   0,5   5,8   09:02   WSW
23   6,7   7,9   01:47   5,4   23:51  11,6   0,0   2,4   1,0   8,2   16:33   WNW
24   2,0   5,6   00:00   0,3   23:21  16,3   0,0   0,3   0,2   3,4   13:52   NNW
25   0,4   1,0   15:55  -0,3   03:31  17,9   0,0   0,0   0,3   5,8   18:28   SSE
26   0,7   1,2   14:06   0,0   09:36  17,5   0,0   0,0   0,9   8,2   07:27   SSE
27   0,5   0,9   14:44   0,2   00:23  17,8   0,0   0,0   1,7   8,5   14:22   SSE
28   0,2   1,6   13:20  -2,8   23:40  18,1   0,0   0,0   1,3   6,1   01:16   SSE
29  -3,1  -2,2   01:01  -4,5   23:20  21,4   0,0   0,0   1,1   5,8   21:30   SSE
30  -4,4  -3,2   14:04  -5,6   23:54  22,7   0,0   0,0   1,4   7,8   21:17    SE
----------------------------------------------------------------------------------
     2,9  11,0    14    -5,6    30   463,0   0,0  83,4   0,8  12,6     1     WSW

Max >=  27,0:  0
Max <=   0,0:  2
Min <=   0,0: 16
Min <= -18,0:  0
Max Rain: 15,3 on day 1
Days of Rain: 20 (>= 0,2 mm)  13 (>= 2,0 mm)  0 (>= 20,0 mm)
Heat Base: 18,3  Cool Base: 18,3  Method: Integration