NOAA-Style Climate Reports

Select a Year or Month report
2021: Jan Feb Mar Apr Mai Jun Jul Aug Sep Okt Nov Des
2020: Jan Feb Mar Apr Mai Jun Jul Aug Sep Okt Nov Des
2019: Jan Feb Mar Apr Mai Jun Jul Aug Sep Okt Nov Des
2018: Jan Feb Mar Apr Mai Jun Jul Aug Sep Okt Nov Des
2017: Jan Feb Mar Apr Mai Jun Jul Aug Sep Okt Nov Des
2016: Jan Feb Mar Apr Mai Jun Jul Aug Sep Okt Nov Des
2015: Jan Feb Mar Apr Mai Jun Jul Aug Sep Okt Nov Des
2014: Jan Feb Mar Apr Mai Jun Jul Aug Sep Okt Nov Des
2013: Jan Feb Mar Apr Mai Jun Jul Aug Sep Okt Nov Des
2012: Jan Feb Mar Apr Mai Jun Jul Aug Sep Okt Nov Des

Report for 2012 Desember
                   Monthly Climatological Summary for des 2012

Name: Kurlandfk.no   City: Kurland, Lørenskog   State: Akershus
Elevation: 177 m  Lat: N 59° 55' 48"   Lon: E 011° 01' 06"

                  Temperature (°C), Rain (mm), Wind Speed (m/s)

                                      Heat  Cool        Avg
    Mean                              Deg   Deg         Wind                 Dom
Day Temp  High   Time   Low    Time   Days  Days  Rain  Speed High   Time    Dir
----------------------------------------------------------------------------------
 1  -6,7  -5,5   00:01  -8,6   23:59  25,0   0,0   0,0   1,3   6,8   00:26    SE
 2 -12,1  -8,6   00:00 -15,8   21:39  30,4   0,0   0,0   0,6   3,4   01:12   SSE
 3 -16,0 -14,0   13:28 -17,8   22:44  34,3   0,0   0,0   0,1   1,4   11:07     S
 4 -13,9 -11,2   13:22 -16,8   00:24  32,2   0,0   0,0   0,6   3,7   15:10   SSE
 5  -9,2  -8,5   04:04 -11,2   00:00  27,4   0,0   0,0   1,8   8,8   13:03    SE
 6 -13,4  -9,9   00:00 -15,0   08:36  31,7   0,0   0,0   0,2   2,4   00:00     S
 7  -8,8  -5,3   16:42 -12,9   07:19  27,1   0,0   0,0   0,3   2,4   04:32   SSE
 8 -10,1  -3,5   02:01 -14,7   18:50  28,4   0,0   0,0   0,2   3,1   01:47   SSE
 9  -7,4  -3,9   14:35 -10,9   00:00  25,7   0,0   0,0   0,8   5,4   18:09   SSE
10  -5,9  -4,7   12:11  -7,5   01:24  24,2   0,0   0,0   1,8   7,8   02:09    SE
11 -10,1  -6,2   00:00 -11,5   20:31  28,5   0,0   0,0   0,7   5,4   01:48   SSE
12 -12,2 -10,2   03:02 -16,2   20:48  30,5   0,0   0,0   0,1   1,7   00:01   SSE
13  -8,4  -5,8   23:52 -12,4   00:13  26,7   0,0   0,0   0,0   1,4   02:01   SSE
14  -7,4  -4,9   03:25 -11,6   09:27  25,7   0,0   0,0   0,2   2,7   18:22   SSE
15  -2,4   0,2   23:03  -6,8   00:00  20,7   0,0   0,3   1,6  10,5   07:26   SSE
16   0,7   1,2   11:19   0,1   00:00  17,6   0,0   0,0   0,0   2,4   12:18   NNE
17   0,9   1,4   04:33   0,2   21:38  17,4   0,0   4,5   1,3   7,5   12:44    SE
18  -0,6   0,2   00:00  -2,7   23:10  18,9   0,0   0,0   0,8   5,1   00:15   SSE
19  -3,7  -0,6   13:01  -7,6   23:52  22,0   0,0   0,0   0,1   1,7   21:02     S
20  -9,5  -7,3   00:12 -10,9   09:09  27,8   0,0   0,0   0,2   3,4   01:29   SSE
21  -7,4  -5,7   17:53  -8,7   00:07  25,7   0,0   0,0   0,2   2,0   10:39   SSE
22  -6,6  -5,1   23:47  -8,0   09:27  24,9   0,0   0,0   0,9   4,4   15:30   SSE
23  -5,0  -3,5   12:21  -6,3   05:01  23,3   0,0   0,3   2,0  12,2   14:45   SSE
24  -5,0  -4,5   21:37  -5,3   07:09  23,3   0,0   0,0   1,4   9,2   00:42    SE
25  -3,0  -1,3   23:18  -5,0   00:00  21,3   0,0   0,0   0,6   5,1   06:13    SE
26   0,3   1,6   13:29  -1,5   00:15  18,0   0,0   0,0   0,1   4,4   18:04    NW
27  -8,2  -0,2   00:00 -12,6   18:44  26,5   0,0   0,0   0,0   0,0   00:00     E
28  -8,8  -6,8   10:19 -11,0   16:07  27,1   0,0   0,0   0,0   0,0   00:00     E
29  -0,4   5,6   23:44  -7,0   00:00  18,7   0,0   4,8   0,6  10,9   20:29    NW
30   3,4   5,5   00:00   0,6   23:12  14,9   0,0   2,1   1,4  10,2   04:26    NW
31   3,0   5,3   22:59   0,5   00:00  15,3   0,0   3,6   1,0   7,8   03:03    NW
----------------------------------------------------------------------------------
    -6,3   5,6    29   -17,8     3   761,2   0,0  15,6   0,7  12,2    23     SSE

Max >=  27,0:  0
Max <=   0,0: 23
Min <=   0,0: 27
Min <= -18,0:  0
Max Rain: 4,8 on day 29
Days of Rain: 6 (>= 0,2 mm)  4 (>= 2,0 mm)  0 (>= 20,0 mm)
Heat Base: 18,3  Cool Base: 18,3  Method: Integration