NOAA-Style Climate Reports

Select a Year or Month report
2021: Jan Feb Mar Apr Mai Jun Jul Aug Sep Okt Nov Des
2020: Jan Feb Mar Apr Mai Jun Jul Aug Sep Okt Nov Des
2019: Jan Feb Mar Apr Mai Jun Jul Aug Sep Okt Nov Des
2018: Jan Feb Mar Apr Mai Jun Jul Aug Sep Okt Nov Des
2017: Jan Feb Mar Apr Mai Jun Jul Aug Sep Okt Nov Des
2016: Jan Feb Mar Apr Mai Jun Jul Aug Sep Okt Nov Des
2015: Jan Feb Mar Apr Mai Jun Jul Aug Sep Okt Nov Des
2014: Jan Feb Mar Apr Mai Jun Jul Aug Sep Okt Nov Des
2013: Jan Feb Mar Apr Mai Jun Jul Aug Sep Okt Nov Des
2012: Jan Feb Mar Apr Mai Jun Jul Aug Sep Okt Nov Des

Report for 2013
                   Annual Climatological Summary for 2013

Name: Kurlandfk.no   City: Kurland, Lørenskog   State: Akershus
Elevation: 177 m  Lat: N 59° 55' 48"   Lon: E 011° 01' 06"

                  Temperature (°C), Heat Base: 18,3  Cool Base: 18,3
                          Dep.  Heat  Cool                       Max  Max  Min  Min
        Mean  Mean        From  Deg   Deg                        >=   <=   <=   <=
 YR MO  Max   Min   Mean  Norm  Days  Days  Hi  Date  Low  Date 27,0  0,0  0,0 -18,0
------------------------------------------------------------------------------------
 13  1  -3,2  -9,0  -5,8   0.0   747     0   6,2  31 -18,5   23    0   19   28    1
 13  2   0,2  -7,6  -3,9   0.0   622     0   7,7  26 -15,0   21    0   16   28    0
 13  3   3,6  -9,6  -3,3   0.0   655     0  14,4  31 -17,2   11    0    7   31    0
 13  4  12,1  -2,0   4,7   0.0   408     0  18,1  25  -8,3    1    0    0   19    0
 13  5  18,5   6,8  13,3   0.0   164    20  26,7  18  -2,5    1    0    1    6    0
 13  6  22,3   9,1  15,8   0.0   102    27  28,1  20  -1,4    1    2    0    1    0
 13  7  26,6  11,5  19,5   0.0    54    91  33,3  26   7,7   11   15    0    0    0
 13  8  24,8   8,8  17,0   0.0    82    46  29,5  25 -23,7    2    9    0    1    1
 13  9
 13 10
 13 11
 13 12
------------------------------------------------------------------------------------
        13,1   1,0   7,1   0.0  2837   185  33,3 jul -23,7  aug   26   43  114    2

                                Precipitation (mm)

              Dep.   Max        Days of Rain
              From   Obs.           >=
 YR MO Total  Norm   Day Date  0,2  2,0 20,0
---------------------------------------------
 13  1  15,3   0.0   6,0  28     7    3    0
 13  2   1,5   0.0   0,9  16     3    0    0
 13  3   1,8   0.0   1,8  17     1    0    0
 13  4  54,9   0.0  13,5  29    10    8    0
 13  5 479,7   0.0 383,7  31    15   10    3
 13  6 128,1   0.0  29,1  26    20   14    1
 13  7  25,2   0.0   8,4  30     8    4    0
 13  8  83,4   0.0  26,7  12    12    8    1
 13  9
 13 10
 13 11
 13 12
---------------------------------------------
       789,9   0.0 383,7  mai   76   47    5

                                Wind Speed (m/s)
                          Dom
 YR MO   Avg.  Hi   Date  Dir
------------------------------
 13  1   0,2   9,9   30    NW
 13  2   0,6  10,5   28    SE
 13  3   0,9  13,9   20    SE
 13  4   1,0  15,0   18   NNW
 13  5   1,1  49,3    7   WSW
 13  6   0,8  11,2    4     E
 13  7   0,7  13,6   10   NNE
 13  8   0,6  18,7    2     N
 13  9
 13 10
 13 11
 13 12
------------------------------
         0,7  49,3  mai   NNE