NOAA-Style Climate Reports

Select a Year or Month report
2021: Jan Feb Mar Apr Mai Jun Jul Aug Sep Okt Nov Des
2020: Jan Feb Mar Apr Mai Jun Jul Aug Sep Okt Nov Des
2019: Jan Feb Mar Apr Mai Jun Jul Aug Sep Okt Nov Des
2018: Jan Feb Mar Apr Mai Jun Jul Aug Sep Okt Nov Des
2017: Jan Feb Mar Apr Mai Jun Jul Aug Sep Okt Nov Des
2016: Jan Feb Mar Apr Mai Jun Jul Aug Sep Okt Nov Des
2015: Jan Feb Mar Apr Mai Jun Jul Aug Sep Okt Nov Des
2014: Jan Feb Mar Apr Mai Jun Jul Aug Sep Okt Nov Des
2013: Jan Feb Mar Apr Mai Jun Jul Aug Sep Okt Nov Des
2012: Jan Feb Mar Apr Mai Jun Jul Aug Sep Okt Nov Des

Report for 2013 Januar
                   Monthly Climatological Summary for jan 2013

Name: Kurlandfk.no   City: Kurland, Lørenskog   State: Akershus
Elevation: 177 m  Lat: N 59° 55' 48"   Lon: E 011° 01' 06"

                  Temperature (°C), Rain (mm), Wind Speed (m/s)

                                      Heat  Cool        Avg
    Mean                              Deg   Deg         Wind                 Dom
Day Temp  High   Time   Low    Time   Days  Days  Rain  Speed High   Time    Dir
----------------------------------------------------------------------------------
 1   0,9   5,3   00:00  -4,0   23:47  17,4   0,0   0,3   0,7   6,8   00:31   NNW
 2  -4,6  -1,9   13:41  -7,0   22:51  22,9   0,0   0,0   0,0   0,0   00:00     E
 3  -1,2   1,4   23:34  -6,6   00:00  19,5   0,0   0,0   0,0   0,0   00:00     E
 4   0,7   3,8   13:16  -2,1   20:31  17,6   0,0   0,3   0,1   3,7   14:10   NNE
 5  -0,4   1,3   14:11  -2,4   04:01  18,7   0,0   0,0   0,0   0,0   00:00     E
 6  -0,3   0,7   21:22  -1,8   03:50  18,6   0,0   0,0   0,0   0,0   00:00     E
 7   0,8   1,5   19:38   0,1   04:16  17,5   0,0   0,3   0,4   7,1   22:37   NNW
 8  -0,4   1,5   00:30  -3,5   22:31  18,7   0,0   0,0   0,2   5,8   00:36     N
 9  -2,2  -0,9   09:21  -3,8   01:47  20,5   0,0   0,0   0,0   0,0   00:00     E
10  -3,2   0,1   13:09  -8,4   09:32  21,5   0,0   0,0   0,0   0,0   00:00     E
11  -4,7  -2,2   00:00  -7,9   23:17  23,0   0,0   0,0   0,0   0,0   00:00     E
12 -11,1  -7,8   00:00 -15,4   23:20  29,4   0,0   0,0   0,0   0,0   00:00     E
13 -14,9 -12,6   01:42 -17,6   21:00  33,2   0,0   0,0   0,0   0,0   00:00     E
14 -14,2 -11,1   23:38 -16,5   04:46  32,5   0,0   0,0   0,0   0,0   00:00     E
15 -11,2 -10,0   13:15 -13,3   21:31  29,5   0,0   0,0   0,0   0,0   00:00     E
16 -10,7  -8,2   23:52 -12,8   06:19  29,0   0,0   0,0   0,0   0,0   00:00     E
17  -7,2  -6,1   11:43  -8,3   00:38  25,5   0,0   0,0   0,0   0,0   00:00     E
18  -9,5  -7,6   00:00 -11,6   23:47  27,8   0,0   0,0   0,0   0,0   00:00     E
19 -12,0  -9,2   18:24 -16,2   07:08  30,3   0,0   0,0   0,0   0,0   00:00     E
20  -5,7  -2,4   12:41 -11,3   00:00  24,0   0,0   0,0   0,0   0,0   00:00     E
21  -9,4  -7,4   13:27 -14,2   23:29  27,7   0,0   0,0   0,0   0,0   00:00     E
22 -15,3 -12,6   13:02 -17,7   21:00  33,6   0,0   0,0   0,0   0,0   00:00     E
23 -15,5 -11,2   14:25 -18,5   03:36  33,8   0,0   0,0   0,0   0,0   00:00     E
24 -11,5  -6,3   11:24 -16,5   00:00  29,8   0,0   0,0   0,0   0,0   00:00     E
25 -13,7  -9,8   12:33 -16,5   05:08  32,0   0,0   0,0   0,0   0,0   00:00     E
26  -4,8  -1,7   14:14 -11,8   01:12  23,1   0,0   0,0   0,0   0,0   00:00     E
27  -4,1  -3,3   23:32  -4,8   09:23  22,4   0,0   0,0   0,0   0,0   00:00     E
28   1,4   5,0   10:52  -3,6   00:10  16,9   0,0   6,0   1,0   8,5   22:46   NNW
29   1,5   2,5   14:00   1,1   19:57  16,8   0,0   2,1   0,6   8,5   00:29     W
30   2,3   4,5   11:22   0,7   01:44  16,0   0,0   6,0   1,5   9,9   12:20    NW
31   0,4   6,2   11:22  -6,3   23:59  17,9   0,0   0,3   0,4   7,5   00:35     N
----------------------------------------------------------------------------------
    -5,8   6,2    31   -18,5    23   747,1   0,0  15,3   0,2   9,9    30      NW

Max >=  27,0:  0
Max <=   0,0: 19
Min <=   0,0: 28
Min <= -18,0:  1
Max Rain: 6,0 on day 28
Days of Rain: 7 (>= 0,2 mm)  3 (>= 2,0 mm)  0 (>= 20,0 mm)
Heat Base: 18,3  Cool Base: 18,3  Method: Integration