NOAA-Style Climate Reports

Select a Year or Month report
2021: Jan Feb Mar Apr Mai Jun Jul Aug Sep Okt Nov Des
2020: Jan Feb Mar Apr Mai Jun Jul Aug Sep Okt Nov Des
2019: Jan Feb Mar Apr Mai Jun Jul Aug Sep Okt Nov Des
2018: Jan Feb Mar Apr Mai Jun Jul Aug Sep Okt Nov Des
2017: Jan Feb Mar Apr Mai Jun Jul Aug Sep Okt Nov Des
2016: Jan Feb Mar Apr Mai Jun Jul Aug Sep Okt Nov Des
2015: Jan Feb Mar Apr Mai Jun Jul Aug Sep Okt Nov Des
2014: Jan Feb Mar Apr Mai Jun Jul Aug Sep Okt Nov Des
2013: Jan Feb Mar Apr Mai Jun Jul Aug Sep Okt Nov Des
2012: Jan Feb Mar Apr Mai Jun Jul Aug Sep Okt Nov Des

Report for 2013 Februar
                   Monthly Climatological Summary for feb 2013

Name: Kurlandfk.no   City: Kurland, Lørenskog   State: Akershus
Elevation: 177 m  Lat: N 59° 55' 48"   Lon: E 011° 01' 06"

                  Temperature (°C), Rain (mm), Wind Speed (m/s)

                                      Heat  Cool        Avg
    Mean                              Deg   Deg         Wind                 Dom
Day Temp  High   Time   Low    Time   Days  Days  Rain  Speed High   Time    Dir
----------------------------------------------------------------------------------
 1  -8,5  -0,8   11:18 -13,4   23:59  26,8   0,0   0,0   0,0   1,7   12:13   WSW
 2  -8,0  -1,4   14:14 -14,3   04:12  26,3   0,0   0,0   0,0   2,0   04:26   WSW
 3  -6,8  -3,5   15:03 -10,1   03:19  25,1   0,0   0,0   0,0   1,0   00:01    SW
 4  -1,3   1,5   14:12  -5,2   22:59  19,6   0,0   0,0   0,0   2,0   05:34     E
 5  -4,3  -1,4   23:07  -6,7   04:45  22,6   0,0   0,0   0,0   0,0   00:00     E
 6  -1,0   0,1   15:07  -2,6   00:21  19,3   0,0   0,0   0,3   4,4   18:48    SE
 7  -3,5  -2,1   00:00  -6,5   23:43  21,8   0,0   0,0   1,3   6,5   13:24    SE
 8  -6,2  -3,6   14:46  -9,8   23:51  24,4   0,0   0,0   1,4   6,1   10:25   SSE
 9  -8,7  -4,3   10:43 -12,3   08:49  27,0   0,0   0,0   1,5   6,1   15:51   SSE
10  -6,7  -4,9   14:16  -9,0   23:46  25,1   0,0   0,0   1,4   6,5   03:28    SE
11  -8,8  -4,2   13:46 -14,1   05:46  27,1   0,0   0,0   0,2   2,7   23:48    SE
12  -5,0  -3,5   13:09  -6,2   04:13  23,3   0,0   0,0   1,3   7,5   12:19   SSE
13  -4,5  -2,2   14:13  -6,0   03:37  22,8   0,0   0,0   0,5   4,1   01:01   SSE
14  -3,1  -1,0   13:45  -4,8   03:13  21,4   0,0   0,0   0,8   5,4   10:08     S
15  -2,5  -1,3   21:19  -3,7   02:48  20,8   0,0   0,0   0,2   2,7   02:11    SE
16   0,1   3,0   14:50  -1,6   00:00  18,2   0,0   0,9   0,5   6,1   21:22   NNW
17   0,8   2,8   14:24  -0,3   00:43  17,5   0,0   0,3   0,8   6,5   02:37   NNW
18  -0,3   0,7   14:08  -1,4   06:57  18,6   0,0   0,0   0,3   2,4   04:08   SSE
19  -3,1  -1,0   00:08  -6,5   18:59  21,4   0,0   0,0   1,0   7,5   12:39   SSE
20  -6,1  -1,5   11:45 -12,2   23:45  24,4   0,0   0,0   1,3   6,1   05:47    SE
21 -10,5  -3,7   15:15 -15,0   06:45  28,8   0,0   0,0   0,1   3,1   12:15     E
22  -4,4   1,4   15:45 -13,4   00:45  22,7   0,0   0,0   0,3   2,7   12:45    SE
23   0,9   3,6   12:45  -1,1   23:35  17,1   0,0   0,3   0,4   3,1   00:45   SSE
24   1,1   6,6   10:49  -2,3   04:31  17,2   0,0   0,0   0,7   5,1   14:07   SSE
25  -2,2   5,8   11:58  -7,8   23:58  20,5   0,0   0,0   0,5   3,7   00:43    SE
26  -3,6   7,7   11:24 -10,2   06:23  21,9   0,0   0,0   0,1   2,4   11:31   NNE
27  -2,9   6,1   12:02  -8,1   07:14  21,2   0,0   0,0   0,1   3,1   13:35    NW
28  -1,4   7,3   16:31  -8,6   06:27  19,7   0,0   0,0   0,6  10,5   15:22   NNW
----------------------------------------------------------------------------------
    -3,9   7,7    26   -15,0    21   622,6   0,0   1,5   0,6  10,5    28      SE

Max >=  27,0:  0
Max <=   0,0: 16
Min <=   0,0: 28
Min <= -18,0:  0
Max Rain: 0,9 on day 16
Days of Rain: 3 (>= 0,2 mm)  0 (>= 2,0 mm)  0 (>= 20,0 mm)
Heat Base: 18,3  Cool Base: 18,3  Method: Integration