NOAA-Style Climate Reports

Select a Year or Month report
2021: Jan Feb Mar Apr Mai Jun Jul Aug Sep Okt Nov Des
2020: Jan Feb Mar Apr Mai Jun Jul Aug Sep Okt Nov Des
2019: Jan Feb Mar Apr Mai Jun Jul Aug Sep Okt Nov Des
2018: Jan Feb Mar Apr Mai Jun Jul Aug Sep Okt Nov Des
2017: Jan Feb Mar Apr Mai Jun Jul Aug Sep Okt Nov Des
2016: Jan Feb Mar Apr Mai Jun Jul Aug Sep Okt Nov Des
2015: Jan Feb Mar Apr Mai Jun Jul Aug Sep Okt Nov Des
2014: Jan Feb Mar Apr Mai Jun Jul Aug Sep Okt Nov Des
2013: Jan Feb Mar Apr Mai Jun Jul Aug Sep Okt Nov Des
2012: Jan Feb Mar Apr Mai Jun Jul Aug Sep Okt Nov Des

Report for 2013 Mars
                   Monthly Climatological Summary for mar 2013

Name: Kurlandfk.no   City: Kurland, Lørenskog   State: Akershus
Elevation: 177 m  Lat: N 59° 55' 48"   Lon: E 011° 01' 06"

                  Temperature (°C), Rain (mm), Wind Speed (m/s)

                                      Heat  Cool        Avg
    Mean                              Deg   Deg         Wind                 Dom
Day Temp  High   Time   Low    Time   Days  Days  Rain  Speed High   Time    Dir
----------------------------------------------------------------------------------
 1   1,2  10,7   11:40  -5,3   05:34  17,1   0,0   0,0   0,6   9,2   13:22     E
 2   2,9   9,1   13:31  -1,7   00:11  15,4   0,0   0,0   1,5  11,6   14:11     N
 3   1,5  10,6   10:15  -4,1   21:52  16,9   0,0   0,0   0,7   7,1   00:02   NNE
 4   1,3   7,7   13:53  -3,5   23:53  17,3   0,0   0,0   0,4   4,1   02:23   NNW
 5  -0,6   4,3   12:53  -5,0   05:53  18,9   0,0   0,0   0,6   5,4   10:53   NNW
 6   1,1   6,1   15:23  -3,0   20:53  17,2   0,0   0,0   0,8   6,5   15:23   SSE
 7  -3,7   2,0   14:53  -8,5   23:53  22,0   0,0   0,0   0,5   3,4   15:53    SE
 8  -5,5   0,4   15:53 -11,1   05:53  23,8   0,0   0,0   0,5   2,7   13:23   SSE
 9  -5,5  -1,8   16:23 -11,8   23:53  23,8   0,0   0,0   0,7   5,8   10:53   SSE
10  -9,8  -4,2   15:53 -14,9   23:53  28,1   0,0   0,0   1,1   6,1   09:53    SE
11  -6,8   8,0   11:23 -17,2   05:53  25,1   0,0   0,0   0,2   2,7   13:53     E
12  -3,0   6,8   12:23 -10,3   06:53  21,3   0,0   0,0   0,7   7,5   20:23    SE
13  -7,1  -3,4   11:53 -14,6   23:53  25,4   0,0   0,0   1,2   7,1   06:23    SE
14  -9,1   2,7   09:23 -16,9   06:23  27,4   0,0   0,0   0,4   4,4   12:23   SSE
15  -7,2   0,5   14:23 -17,1   06:23  25,5   0,0   0,0   0,3   3,4   16:53   NNE
16  -2,2   0,5   12:23  -3,9   00:23  10,7   0,0   0,0   0,2   2,4   08:23     N
17  -2,1   1,0   13:54  -4,2   23:59  19,3   0,0   1,8   0,6   4,1   13:39     E
18  -4,0   2,2   12:04 -10,2   06:05  21,8   0,0   0,0   1,4  11,2   13:55   SSE
19  -6,8  -4,2   15:46 -10,1   04:42  25,0   0,0   0,0   2,2   9,9   11:09    SE
20  -5,6  -2,7   14:50  -8,1   05:54  23,7   0,0   0,0   2,5  13,9   15:49    SE
21  -4,0  -0,3   15:11  -9,4   23:48  22,1   0,0   0,0   2,2   9,9   15:30    SE
22  -7,6  -2,4   11:08 -14,0   06:05  25,4   0,0   0,0   1,0   8,8   13:26    SE
23  -6,4   2,4   10:43 -15,6   04:57  24,1   0,0   0,0   0,4   5,1   11:53    SE
24  -2,7   2,6   16:30  -9,9   00:00  21,0   0,0   0,0   1,1   6,5   08:46   SSE
25  -1,8   5,0   12:16  -7,6   02:47  20,1   0,0   0,0   0,5   7,1   15:30    SE
26  -1,8   7,3   11:45  -9,9   05:49  20,1   0,0   0,0   0,4   4,8   13:26    SE
27  -0,9  11,1   10:58 -10,7   05:34  19,1   0,0   0,0   0,5   5,8   13:56     N
28  -2,8   6,7   10:26 -10,6   05:57  21,1   0,0   0,0   0,3   3,7   12:59     E
29  -2,1   4,8   14:26 -10,2   04:39  20,4   0,0   0,0   0,7   6,1   15:54    SE
30  -1,4   4,5   15:35  -7,2   23:56  19,7   0,0   0,0   1,0   6,5   12:24    SE
31   0,7  14,4   11:39 -10,9   06:40  16,8   0,0   0,0   0,3   5,1   14:07   NNW
----------------------------------------------------------------------------------
    -3,3  14,4    31   -17,2    11   655,6   0,0   1,8   0,9  13,9    20      SE

Max >=  27,0:  0
Max <=   0,0:  7
Min <=   0,0: 31
Min <= -18,0:  0
Max Rain: 1,8 on day 17
Days of Rain: 1 (>= 0,2 mm)  0 (>= 2,0 mm)  0 (>= 20,0 mm)
Heat Base: 18,3  Cool Base: 18,3  Method: Integration