NOAA-Style Climate Reports

Select a Year or Month report
2021: Jan Feb Mar Apr Mai Jun Jul Aug Sep Okt Nov Des
2020: Jan Feb Mar Apr Mai Jun Jul Aug Sep Okt Nov Des
2019: Jan Feb Mar Apr Mai Jun Jul Aug Sep Okt Nov Des
2018: Jan Feb Mar Apr Mai Jun Jul Aug Sep Okt Nov Des
2017: Jan Feb Mar Apr Mai Jun Jul Aug Sep Okt Nov Des
2016: Jan Feb Mar Apr Mai Jun Jul Aug Sep Okt Nov Des
2015: Jan Feb Mar Apr Mai Jun Jul Aug Sep Okt Nov Des
2014: Jan Feb Mar Apr Mai Jun Jul Aug Sep Okt Nov Des
2013: Jan Feb Mar Apr Mai Jun Jul Aug Sep Okt Nov Des
2012: Jan Feb Mar Apr Mai Jun Jul Aug Sep Okt Nov Des

Report for 2013 April
                   Monthly Climatological Summary for apr 2013

Name: Kurlandfk.no   City: Kurland, Lørenskog   State: Akershus
Elevation: 177 m  Lat: N 59° 55' 48"   Lon: E 011° 01' 06"

                  Temperature (°C), Rain (mm), Wind Speed (m/s)

                                      Heat  Cool        Avg
    Mean                              Deg   Deg         Wind                 Dom
Day Temp  High   Time   Low    Time   Days  Days  Rain  Speed High   Time    Dir
----------------------------------------------------------------------------------
 1   0,4   6,5   17:49  -8,3   04:25  17,9   0,0   0,0   1,0   6,5   13:50    SE
 2   0,6   7,9   10:42  -6,2   05:39  17,7   0,0   0,0   0,9  10,2   12:57    SE
 3   3,1  15,3   11:07  -7,3   06:24  15,2   0,0   0,0   0,3   4,4   17:52     N
 4   3,0  13,2   10:48  -7,4   05:32  15,3   0,0   0,0   0,6   5,4   16:32    SE
 5   3,6  11,0   13:01  -2,8   23:07  14,7   0,0   0,0   1,0   5,1   04:30    SE
 6   0,9   9,8   12:06  -6,1   06:18  17,4   0,0   0,0   0,7   7,1   15:39     N
 7   1,0  10,8   10:07  -6,8   06:43  17,3   0,0   0,0   0,6   8,2   10:19   ESE
 8  -0,1   7,7   12:43  -8,1   05:50  18,4   0,0   0,0   0,6   6,8   14:16   SSE
 9   1,0  11,3   16:55  -7,4   06:26  17,3   0,0   0,0   0,3   4,4   13:47    NE
10   0,4  10,5   09:52  -7,8   06:54  17,9   0,0   0,0   0,7   6,8   13:56     S
11  -0,3   2,4   12:55  -3,0   05:17  18,6   0,0   0,0   1,1   6,1   13:53   SSE
12   2,1   6,1   16:06   0,1   04:30  16,2   0,0   0,0   1,3   8,2   13:05   SSE
13   2,7   6,8   15:54  -1,0   23:54  15,6   0,0   1,8   0,5   4,4   16:00   SSE
14   2,8   8,1   15:10  -3,7   04:46  15,5   0,0   4,2   0,9  12,6   21:54   NNW
15   7,2  11,6   17:11   4,6   23:49  11,1   0,0   5,4   1,1   8,5   09:35   NNW
16   6,8  11,4   14:52   2,9   05:35  11,5   0,0   4,5   0,5   7,5   22:49   NNW
17   8,9  14,9   10:41   4,2   05:59   9,4   0,0   0,0   1,6   9,9   13:08    NW
18   7,5  12,3   12:39   5,0   01:47  10,8   0,0  12,0   1,9  15,0   18:21    NW
19   5,5   9,6   17:44  -1,6   23:40  12,8   0,0   5,4   1,0   9,2   00:11     N
20   7,1  17,1   10:35  -3,2   04:51  11,4   0,0   0,0   0,3   4,1   11:22   NNW
21   6,5  16,7   13:10  -1,3   03:20  11,7   0,0   0,0   1,0   8,2   16:38   NNW
22   6,6  14,6   12:09  -1,1   03:07  11,7   0,0   0,0   1,5   9,9   17:44   NNW
23  10,2  17,1   11:07   3,6   05:41   8,1   0,0   0,3   2,2  13,3   15:30     N
24   8,9  15,4   11:01   3,3   05:31   9,4   0,0   0,0   1,7   9,2   20:10   NNW
25   8,9  18,1   12:40   0,2   01:09   9,4   0,0   0,0   1,2   7,1   09:38   NNW
26   8,3  15,9   15:22   0,4   06:09  10,0   0,0   2,1   0,6  11,2   20:16    NE
27   7,0  16,1   17:56  -0,9   23:48  11,3   0,0   0,0   1,0   7,8   15:48   SSE
28   4,8  14,3   12:38  -3,8   04:55  13,5   0,0   5,7   1,1  11,2   20:45    NW
29   5,4  11,8   13:19   2,0   05:44  12,9   0,0  13,5   1,5  11,6   13:31    NW
30  10,2  18,1   12:40   2,1   05:23   8,1   0,0   0,0   1,4   8,8   13:24   NNW
----------------------------------------------------------------------------------
     4,7  18,1    25    -8,3     1   408,1   0,0  54,9   1,0  15,0    18     NNW

Max >=  27,0:  0
Max <=   0,0:  0
Min <=   0,0: 19
Min <= -18,0:  0
Max Rain: 13,5 on day 29
Days of Rain: 10 (>= 0,2 mm)  8 (>= 2,0 mm)  0 (>= 20,0 mm)
Heat Base: 18,3  Cool Base: 18,3  Method: Integration