NOAA-Style Climate Reports

Select a Year or Month report
2021: Jan Feb Mar Apr Mai Jun Jul Aug Sep Okt Nov Des
2020: Jan Feb Mar Apr Mai Jun Jul Aug Sep Okt Nov Des
2019: Jan Feb Mar Apr Mai Jun Jul Aug Sep Okt Nov Des
2018: Jan Feb Mar Apr Mai Jun Jul Aug Sep Okt Nov Des
2017: Jan Feb Mar Apr Mai Jun Jul Aug Sep Okt Nov Des
2016: Jan Feb Mar Apr Mai Jun Jul Aug Sep Okt Nov Des
2015: Jan Feb Mar Apr Mai Jun Jul Aug Sep Okt Nov Des
2014: Jan Feb Mar Apr Mai Jun Jul Aug Sep Okt Nov Des
2013: Jan Feb Mar Apr Mai Jun Jul Aug Sep Okt Nov Des
2012: Jan Feb Mar Apr Mai Jun Jul Aug Sep Okt Nov Des

Report for 2013 Mai
                   Monthly Climatological Summary for mai 2013

Name: Kurlandfk.no   City: Kurland, Lørenskog   State: Akershus
Elevation: 177 m  Lat: N 59° 55' 48"   Lon: E 011° 01' 06"

                  Temperature (°C), Rain (mm), Wind Speed (m/s)

                                      Heat  Cool        Avg
    Mean                              Deg   Deg         Wind                 Dom
Day Temp  High   Time   Low    Time   Days  Days  Rain  Speed High   Time    Dir
----------------------------------------------------------------------------------
 1   7,2  15,2   08:39  -2,5   04:52  11,1   0,0   0,0   1,0  10,2   17:31    NW
 2   9,3  16,1   11:05   0,7   04:59   9,0   0,0   0,0   1,8   9,9   13:54     N
 3   5,1   9,1   16:05  -2,4   02:43  13,2   0,0   0,0   1,3  11,2   19:24    NW
 4   6,4  10,0   15:12   2,6   01:56  11,9   0,0   5,7   1,2  10,2   15:41    NW
 5  12,1  20,5   13:08  -0,8   05:46   6,4   0,2   0,0   1,0   7,8   13:58   NNW
 6  14,2  22,7   12:39   2,3   04:59   5,0   0,9   0,0   1,0   8,2   17:20   NNW
 7  17,4  25,5   13:18   8,1   23:58   3,5   2,7   0,0   0,9  49,3   23:39     N
 8  13,3  22,6   14:17   3,9   04:48   5,6   0,7   5,1   1,0   8,8   14:47     S
 9  12,9  17,0   12:50  10,3   02:07   5,4   0,0   3,9   0,4   5,1   22:57   NNW
10  12,3  18,9   09:51   5,9   05:05   6,1   0,0   0,6   1,0   7,5   13:26   NNW
11  12,4  19,3   10:38   7,2   05:32   6,0   0,0   0,6   0,9   7,5   13:38    NW
12   9,4  12,2   17:47   7,3   22:07   8,9   0,0   5,4   0,9   7,5   16:59     W
13   8,3  13,1   11:35   4,9   23:58  10,0   0,0   9,0   0,9   8,8   15:55   WNW
14   9,7  17,2   09:19   2,0   05:11   8,6   0,0   0,0   1,0   7,8   17:45   NNW
15   8,1  13,3   13:39   0,6   04:35  10,2   0,0   0,3   1,3  11,2   22:11     S
16  16,6  22,9   17:55  10,9   04:58   2,8   1,1   0,0   1,9  11,2   23:08   SSW
17  17,3  24,4   17:10  11,3   03:50   2,4   1,4   0,0   1,7   8,8   11:19   SSE
18  20,9  26,7   14:23  14,5   04:31   0,7   3,3   0,0   1,6   8,2   14:15   SSE
19  20,2  26,2   13:11  12,2   04:44   1,3   3,2   0,0   1,4   8,8   17:53   SSE
20  16,7  20,6   15:15  14,5   23:54   1,7   0,1   0,9   1,3   7,1   11:48   SSE
21  15,7  21,5   18:01  13,2   01:52   2,9   0,3  21,0   0,5   4,4   22:35    SE
22  13,8  14,8   00:18   7,0   09:43   4,5   0,0  26,1   0,7   5,8   13:38   SSE
23  10,3  12,9   00:49   2,8   23:58   8,0   0,0   3,9   0,6   5,8   00:27   SSE
24  12,8  20,8   17:51   0,0   04:24   5,6   0,1   0,0   0,4   6,1   14:25   SSE
25  17,0  23,4   16:51  10,3   01:18   2,7   1,3   0,0   1,1   6,8   08:40    SE
26  18,5  24,6   16:54   8,2   04:33   2,3   2,5   0,0   1,2   8,5   17:25   SSE
27  15,4  20,5   14:40  11,3   22:54   3,0   0,2   0,3   0,7   8,5   12:39     S
28  15,1  22,3   17:35  11,3   02:30   3,8   0,6  13,2   1,1   8,5   17:55   SSE
29  17,1  22,0   08:39  10,3   02:50   1,8   0,6   0,0   1,3   8,5   09:42   WNW
30  18,9  18,9   00:00  18,9   00:00   0,0   0,6   0,0   1,8   3,1   00:00   WNW
31  18,9  18,9   00:00  18,9   00:00   0,0   0,6   0,0   1,8   3,1   00:00   WNW
----------------------------------------------------------------------------------
    13,7  26,7    18    -2,5     1   164,4  20,4  96,0   1,1  49,3     7     WSW

Max >=  27,0:  0
Max <=   0,0:  0
Min <=   0,0:  4
Min <= -18,0:  0
Max Rain: 26,1 on day 22
Days of Rain: 14 (>= 0,2 mm)  9 (>= 2,0 mm)  2 (>= 20,0 mm)
Heat Base: 18,3  Cool Base: 18,3  Method: Integration