NOAA-Style Climate Reports

Select a Year or Month report
2021: Jan Feb Mar Apr Mai Jun Jul Aug Sep Okt Nov Des
2020: Jan Feb Mar Apr Mai Jun Jul Aug Sep Okt Nov Des
2019: Jan Feb Mar Apr Mai Jun Jul Aug Sep Okt Nov Des
2018: Jan Feb Mar Apr Mai Jun Jul Aug Sep Okt Nov Des
2017: Jan Feb Mar Apr Mai Jun Jul Aug Sep Okt Nov Des
2016: Jan Feb Mar Apr Mai Jun Jul Aug Sep Okt Nov Des
2015: Jan Feb Mar Apr Mai Jun Jul Aug Sep Okt Nov Des
2014: Jan Feb Mar Apr Mai Jun Jul Aug Sep Okt Nov Des
2013: Jan Feb Mar Apr Mai Jun Jul Aug Sep Okt Nov Des
2012: Jan Feb Mar Apr Mai Jun Jul Aug Sep Okt Nov Des

Report for 2013 Juni
                   Monthly Climatological Summary for jun 2013

Name: Kurlandfk.no   City: Kurland, Lørenskog   State: Akershus
Elevation: 177 m  Lat: N 59° 55' 48"   Lon: E 011° 01' 06"

                  Temperature (°C), Rain (mm), Wind Speed (m/s)

                                      Heat  Cool        Avg
    Mean                              Deg   Deg         Wind                 Dom
Day Temp  High   Time   Low    Time   Days  Days  Rain  Speed High   Time    Dir
----------------------------------------------------------------------------------
 1  14,1  27,3   18:22  -1,4   13:58   6,0   1,7   0,0   0,7   9,9   02:28   NNE
 2  16,8  23,4   09:51  11,5   23:46   2,1   0,6   9,0   0,4   6,8   17:07   SSE
 3  14,8  18,8   06:08   7,7   23:58   3,5   0,0   4,8   1,2  10,9   16:31    SE
 4  12,4  18,4   07:31   3,6   04:23   5,9   0,0   0,3   1,2  11,2   15:59    SE
 5  11,8  21,1   13:38   8,0   04:41   6,5   0,1   2,7   0,7   5,8   15:34    SE
 6  13,3  19,8   13:38   7,8   23:57   5,0   0,1   2,1   0,5   5,1   15:16     N
 7  16,8  25,5   12:18   5,1   02:44   3,8   2,4   0,0   0,6   6,1   17:51   NNW
 8  17,9  26,8   10:34   5,7   04:08   3,1   2,6   0,3   0,5   5,8   20:46   ENE
 9  14,5  22,2   13:34   8,5   05:15   3,9   0,1   0,3   1,0   8,2   17:14    SE
10  15,8  20,9   15:09   5,4   04:31   3,0   0,5   0,0   0,9   6,8   10:42    SE
11  17,4  25,2   13:32   9,9   04:42   2,7   1,8   0,0   1,2   6,1   06:44   ENE
12  13,8  17,4   15:15   9,7   01:41   4,5   0,0   3,0   0,7   7,5   15:25   NNW
13  14,2  17,8   17:30  11,3   00:00   4,1   0,0  13,2   0,7   7,1   23:45   WNW
14  17,5  25,5   12:13  11,5   01:58   2,6   1,8   0,3   1,7  10,9   15:37   NNW
15  17,2  23,9   10:27   7,6   04:08   2,6   1,5   0,0   0,9   7,1   14:52   NNW
16  15,3  20,4   13:21   9,5   04:14   3,2   0,2   6,3   1,0   7,5   00:39   NNW
17  18,6  25,2   17:27   6,8   04:12   2,4   2,7   0,0   0,6   5,1   15:50     N
18  17,9  25,7   16:42   9,7   04:23   2,2   1,8   0,0   0,6   7,1   10:11    SE
19  17,0  24,8   14:12  10,7   03:35   2,8   1,5   6,6   0,5   5,8   13:15    NW
20  20,3  28,1   13:45  12,9   23:56   1,7   3,6   0,0   0,5   7,5   15:52   NNW
21  17,4  25,0   16:15   9,9   03:34   2,0   1,1  16,5   0,5   4,8   09:42   SSE
22  16,3  19,6   15:51  13,3   23:47   2,0   0,0   1,8   1,0   8,5   17:56   NNW
23  15,5  20,4   07:57  11,7   23:20   2,9   0,1  11,1   0,6   6,1   16:48   WNW
24  15,0  21,3   11:22  11,4   02:47   3,4   0,1   8,4   0,5   6,8   11:42   WSW
25  17,3  25,5   10:53  10,9   01:31   2,5   1,5   0,0   0,5   4,1   02:16   WSW
26  13,1  15,9   09:42  11,5   21:41   5,2   0,0  29,1   1,3   7,8   11:13    SE
27  15,1  19,4   18:18  11,8   00:07   3,2   0,1   5,1   0,5   5,1   00:36   SSE
28  16,0  22,0   08:26  10,1   23:40   2,7   0,3   0,0   0,8   6,5   15:38   NNW
29  13,4  18,1   13:54   9,8   01:41   4,9   0,0   6,3   0,9   9,9   12:16   SSE
30  16,4  23,5   13:10  11,7   03:58   2,6   0,8   0,9   0,6   5,8   08:24   SSE
----------------------------------------------------------------------------------
    15,8  28,1    20    -1,4     1   103,0  27,0 128,1   0,8  11,2     4     ENE

Max >=  27,0:  2
Max <=   0,0:  0
Min <=   0,0:  1
Min <= -18,0:  0
Max Rain: 29,1 on day 26
Days of Rain: 20 (>= 0,2 mm)  14 (>= 2,0 mm)  1 (>= 20,0 mm)
Heat Base: 18,3  Cool Base: 18,3  Method: Integration