NOAA-Style Climate Reports

Select a Year or Month report
2021: Jan Feb Mar Apr Mai Jun Jul Aug Sep Okt Nov Des
2020: Jan Feb Mar Apr Mai Jun Jul Aug Sep Okt Nov Des
2019: Jan Feb Mar Apr Mai Jun Jul Aug Sep Okt Nov Des
2018: Jan Feb Mar Apr Mai Jun Jul Aug Sep Okt Nov Des
2017: Jan Feb Mar Apr Mai Jun Jul Aug Sep Okt Nov Des
2016: Jan Feb Mar Apr Mai Jun Jul Aug Sep Okt Nov Des
2015: Jan Feb Mar Apr Mai Jun Jul Aug Sep Okt Nov Des
2014: Jan Feb Mar Apr Mai Jun Jul Aug Sep Okt Nov Des
2013: Jan Feb Mar Apr Mai Jun Jul Aug Sep Okt Nov Des
2012: Jan Feb Mar Apr Mai Jun Jul Aug Sep Okt Nov Des

Report for 2013 Juli
                   Monthly Climatological Summary for jul 2013

Name: Kurlandfk.no   City: Kurland, Lørenskog   State: Akershus
Elevation: 177 m  Lat: N 59° 55' 48"   Lon: E 011° 01' 06"

                  Temperature (°C), Rain (mm), Wind Speed (m/s)

                                      Heat  Cool        Avg
    Mean                              Deg   Deg         Wind                 Dom
Day Temp  High   Time   Low    Time   Days  Days  Rain  Speed High   Time    Dir
----------------------------------------------------------------------------------
 1  17,3  25,4   10:29   9,4   03:39   2,5   1,5   0,0   0,7   5,8   16:11   NNW
 2  14,5  19,8   06:46  11,4   02:37   3,8   0,0   4,8   0,5   6,1   07:56     W
 3  16,5  22,7   10:33  10,6   04:37   2,6   0,8   5,4   0,6   5,4   07:57   NNW
 4  15,1  18,6   15:49  13,2   00:00   3,2   0,0   0,9   0,3   5,1   18:11    NW
 5  19,2  26,6   13:16  13,7   03:45   1,6   2,5   0,0   1,0   8,8   16:21   NNW
 6  19,2  27,2   13:38   8,0   04:21   2,3   3,2   0,0   0,5   5,1   19:40     N
 7  20,9  30,9   13:40  10,0   03:07   2,2   4,8   0,0   0,7   6,1   12:58   NNW
 8  17,8  25,1   17:24   8,8   03:49   2,4   1,9   0,0   0,7   6,5   10:09    SE
 9  20,0  28,9   10:28   9,6   04:15   1,9   3,7   0,0   0,7   7,1   16:54   NNW
10  17,1  21,1   17:14  11,4   23:58   2,0   0,8   0,9   1,8  13,6   08:13    SE
11  18,6  26,9   17:10   7,7   03:46   2,0   2,3   0,0   0,6   5,4   14:24    SE
12  21,2  29,1   15:17  11,6   02:07   1,4   4,3   0,0   0,5   4,1   07:15    SE
13  20,1  29,4   13:59  10,4   04:21   2,0   3,9   0,0   0,6   5,1   13:33   NNW
14  19,0  26,0   13:28  12,3   23:57   1,6   2,3   0,0   0,8   7,1   16:16     N
15  18,4  23,8   14:17  11,1   01:15   1,8   1,9   0,0   1,4   9,5   13:40   NNW
16  18,2  24,2   16:27  11,4   04:14   1,8   1,6   0,0   0,6   7,5   00:25   NNW
17  21,9  30,3   09:14  11,9   03:10   1,2   4,8   0,0   0,8   7,8   13:18   NNW
18  22,9  29,2   10:35  15,3   03:38   0,3   4,9   0,0   1,3   8,8   18:46   NNW
19  19,8  24,2   12:28  13,3   03:46   0,9   2,4   0,0   1,2   9,5   08:14    SE
20  24,1  31,9   10:42  12,7   05:39   1,2   6,9   0,0   0,5   5,1   15:42   NNW
21  22,5  29,8   12:15  12,4   04:48   1,1   5,2   0,0   0,7   6,1   10:15   SSE
22  18,8  23,4   18:43  11,0   23:58   1,3   1,8   0,0   1,3   8,5   03:24    SE
23  19,3  28,6   12:18   8,2   04:48   2,3   3,4   0,0   0,6   6,1   15:10   SSE
24  20,5  29,5   18:38  13,0   01:23   1,6   3,8   0,0   0,3   5,1   14:05     E
25  23,1  31,6   14:58  14,1   03:07   0,7   5,6   0,0   0,4   5,1   14:18   ESE
26  23,3  33,3   12:09  12,9   04:53   1,1   6,1   0,0   0,5   6,5   16:17     N
27  19,2  24,6   18:30  13,3   02:37   1,2   2,1   3,6   0,3   3,7   16:30   WNW
28  18,2  23,1   12:23  12,6   02:20   1,6   1,5   0,6   0,9   6,5   20:14   SSE
29  21,7  29,2   10:26  13,8   23:54   0,8   4,2   0,0   1,1   8,5   12:58   NNW
30  16,7  21,7   09:56  12,1   04:51   2,2   0,6   8,4   0,2   4,8   21:36   NNW
31  18,7  27,6   11:05  10,0   04:54   2,4   2,9   0,6   0,5   6,5   14:41     N
----------------------------------------------------------------------------------
    19,5  33,3    26     7,7    11    55,0  91,7  25,2   0,7  13,6    10     NNE

Max >=  27,0: 15
Max <=   0,0:  0
Min <=   0,0:  0
Min <= -18,0:  0
Max Rain: 8,4 on day 30
Days of Rain: 8 (>= 0,2 mm)  4 (>= 2,0 mm)  0 (>= 20,0 mm)
Heat Base: 18,3  Cool Base: 18,3  Method: Integration