NOAA-Style Climate Reports

Select a Year or Month report
2021: Jan Feb Mar Apr Mai Jun Jul Aug Sep Okt Nov Des
2020: Jan Feb Mar Apr Mai Jun Jul Aug Sep Okt Nov Des
2019: Jan Feb Mar Apr Mai Jun Jul Aug Sep Okt Nov Des
2018: Jan Feb Mar Apr Mai Jun Jul Aug Sep Okt Nov Des
2017: Jan Feb Mar Apr Mai Jun Jul Aug Sep Okt Nov Des
2016: Jan Feb Mar Apr Mai Jun Jul Aug Sep Okt Nov Des
2015: Jan Feb Mar Apr Mai Jun Jul Aug Sep Okt Nov Des
2014: Jan Feb Mar Apr Mai Jun Jul Aug Sep Okt Nov Des
2013: Jan Feb Mar Apr Mai Jun Jul Aug Sep Okt Nov Des
2012: Jan Feb Mar Apr Mai Jun Jul Aug Sep Okt Nov Des

Report for 2013 August
                   Monthly Climatological Summary for aug 2013

Name: Kurlandfk.no   City: Kurland, Lørenskog   State: Akershus
Elevation: 177 m  Lat: N 59° 55' 48"   Lon: E 011° 01' 06"

                  Temperature (°C), Rain (mm), Wind Speed (m/s)

                                      Heat  Cool        Avg
    Mean                              Deg   Deg         Wind                 Dom
Day Temp  High   Time   Low    Time   Days  Days  Rain  Speed High   Time    Dir
----------------------------------------------------------------------------------
 1  19,4  28,4   12:07   7,7   05:40   2,6   3,7   0,0   0,4   5,1   15:08   NNW
 2  20,0  27,6   08:28 -23,7   15:50   1,5   3,2   2,4   0,3  18,7   15:50   NNW
 3  18,1  22,6   16:55  13,3   04:19   1,2   1,0   9,6   0,7  12,9   11:51    NW
 4  19,5  27,3   12:06  11,9   23:26   1,8   3,0   2,4   1,0   8,5   11:53   NNW
 5  19,0  25,9   12:53  11,3   00:44   1,8   2,5   0,3   0,6   6,8   15:56   NNW
 6  17,7  22,4   16:17  14,5   05:26   1,5   0,9   8,1   0,4   4,8   14:29   SSE
 7  19,8  28,1   15:16  15,1   05:54   0,9   2,4   0,0   0,3   4,1   14:47    SE
 8  15,0  16,5   03:18  13,2   23:59   3,3   0,0   9,6   1,0   6,1   06:35    SE
 9  18,5  26,0   09:59   9,3   05:17   2,5   2,7   0,0   0,3   6,1   15:34   NNW
10  15,3  22,0   14:17   9,8   04:50   3,4   0,5   1,5   0,4   6,1   16:11   SSE
11  16,1  24,6   13:09  11,4   23:59   3,0   0,8   0,0   0,3   5,1   14:14   SSE
12  13,3  23,2   10:59   7,7   23:59   5,3   0,4  26,7   0,2   5,4   13:24   SSE
13  15,3  23,8   08:33   6,9   01:34   3,8   0,8   0,0   0,5   5,8   21:12   ESE
14  14,1  18,6   19:22  10,3   22:26   4,2   0,0   0,0   1,0   8,2   11:46    SE
15  15,7  22,8   14:30  10,1   06:18   3,3   0,7   0,3   0,8   5,4   23:31   ESE
16  16,2  20,2   12:33  14,1   00:36   2,1   0,1  13,5   0,8   7,5   21:04    NW
17  19,4  28,0   09:56  13,8   22:39   1,5   2,5   0,0   0,7   6,8   16:32    NW
18  16,0  19,6   17:50  12,3   23:21   2,4   0,1   8,7   1,0   9,2   10:12    NW
19  17,4  25,0   11:49   9,8   23:58   2,9   2,0   0,0   0,8   6,5   12:52   NNW
20  16,3  25,3   12:05   5,9   05:40   4,3   2,3   0,0   0,6   6,1   14:55   NNW
21  15,6  25,8   11:09   5,5   05:33   4,4   1,7   0,0   0,4   4,8   14:15   NNW
22  15,2  22,6   11:49   7,0   05:53   4,0   1,0   0,3   0,5   5,1   09:18   SSE
23  16,7  27,9   12:51   7,7   04:30   3,8   2,3   0,0   0,2   4,4   17:10     N
24  16,9  29,1   11:09   7,1   04:39   3,8   2,4   0,0   0,3   4,4   15:35   SSE
25  17,5  29,5   10:51   9,2   23:55   3,2   2,4   0,0   0,3   5,8   12:30     S
26  16,4  26,3   10:11   5,6   05:37   4,1   2,3   0,0   0,6   6,1   15:12   NNW
27  17,7  26,4   11:29   9,6   03:46   2,5   1,9   0,0   0,9   6,8   12:56   NNW
28  17,9  28,6   10:28   8,9   05:27   3,0   2,7   0,0   0,3   4,4   11:41     N
----------------------------------------------------------------------------------
    17,0  29,5    25   -23,7     2    82,1  46,3  83,4   0,6  18,7     2       N

Max >=  27,0:  9
Max <=   0,0:  0
Min <=   0,0:  1
Min <= -18,0:  1
Max Rain: 26,7 on day 12
Days of Rain: 12 (>= 0,2 mm)  8 (>= 2,0 mm)  1 (>= 20,0 mm)
Heat Base: 18,3  Cool Base: 18,3  Method: Integration