NOAA-Style Climate Reports

Select a Year or Month report
2021: Jan Feb Mar Apr Mai Jun Jul Aug Sep Okt Nov Des
2020: Jan Feb Mar Apr Mai Jun Jul Aug Sep Okt Nov Des
2019: Jan Feb Mar Apr Mai Jun Jul Aug Sep Okt Nov Des
2018: Jan Feb Mar Apr Mai Jun Jul Aug Sep Okt Nov Des
2017: Jan Feb Mar Apr Mai Jun Jul Aug Sep Okt Nov Des
2016: Jan Feb Mar Apr Mai Jun Jul Aug Sep Okt Nov Des
2015: Jan Feb Mar Apr Mai Jun Jul Aug Sep Okt Nov Des
2014: Jan Feb Mar Apr Mai Jun Jul Aug Sep Okt Nov Des
2013: Jan Feb Mar Apr Mai Jun Jul Aug Sep Okt Nov Des
2012: Jan Feb Mar Apr Mai Jun Jul Aug Sep Okt Nov Des

Report for 2016 April
                   Monthly Climatological Summary for apr 2016

Name: Kurlandfk.no   City: Kurland, Lørenskog   State: Akershus
Elevation: 177 m  Lat: N 59° 55' 48"   Lon: E 011° 01' 06"

                  Temperature (°C), Rain (mm), Wind Speed (m/s)

                                      Heat  Cool        Avg
    Mean                              Deg   Deg         Wind                 Dom
Day Temp  High   Time   Low    Time   Days  Days  Rain  Speed High   Time    Dir
----------------------------------------------------------------------------------
 1   5,0  14,3   11:07  -4,2   06:50  13,3   0,0   0,0   0,7   6,5   14:59   NNW
 2   4,5   6,7   17:49   2,4   00:29  13,8   0,0  10,8   1,1   9,5   11:59   NNW
 3   5,4   6,5   13:37   4,0   05:32  12,9   0,0   0,9   0,2   2,7   16:23   SSE
 4   6,4   8,8   15:15   5,0   03:29  11,9   0,0   1,5   0,4   3,1   12:56   SSE
 5   6,8  10,1   17:07   5,1   05:56  11,5   0,0   4,8   0,2   3,7   20:28     E
 6   6,9  11,3   16:10   4,8   05:49  11,4   0,0   6,0   0,3   5,1   20:26   NNW
 7   6,0  10,0   15:21   3,5   05:49  12,3   0,0   2,4   0,4   5,1   00:18     N
 8   4,5   6,2   15:16   3,3   05:07  13,8   0,0   3,0   0,4   3,4   11:43   SSE
 9   5,5  12,2   16:55   0,0   23:58  12,8   0,0   1,5   0,4   4,8   13:11   SSE
10   5,4  12,3   11:49  -1,7   04:43  12,8   0,0   0,3   0,3   5,1   14:51     S
11   6,3  15,1   16:17  -0,4   06:11  12,0   0,0   0,0   0,2   5,8   16:34     N
12   6,6  16,5   17:28  -1,6   05:11  11,7   0,0   0,0   0,3   4,1   09:43    SE
13   7,2  15,2   12:41  -1,0   06:22  11,0   0,0   0,0   0,6   4,8   14:14   SSE
14   7,1  12,0   16:47   3,5   05:58  11,2   0,0   0,3   0,9   7,5   22:10     W
15   7,2  11,6   11:57   5,0   05:08  11,1   0,0   1,2   0,9   6,1   10:19   NNW
16   7,3  12,3   12:40   5,1   05:27  11,0   0,0   3,6   0,5   6,1   13:53     S
17   4,5   8,2   17:25   1,8   07:47  13,8   0,0   7,5   1,1   7,8   05:20   SSE
18   7,4  14,2   13:25   1,3   02:37  10,9   0,0   1,8   1,0   8,8   13:56     N
19   7,9  14,5   10:28  -0,7   05:52  10,4   0,0   0,0   0,9   9,2   17:53    NE
20   8,7  17,4   11:22  -1,3   05:54   9,6   0,0   0,0   0,4   6,1   16:57   NNE
21  10,5  18,6   10:27   3,6   00:50   7,8   0,0   0,0   1,1  10,9   15:10   NNE
22   6,4  14,1   10:25  -1,8   23:46  11,9   0,0   0,0   0,8   8,2   10:28     E
23   4,1  12,4   08:26  -4,0   06:22  14,2   0,0   0,0   0,4   7,1   15:11   ESE
24   3,0   9,4   14:43  -2,7   02:07  15,3   0,0   0,0   0,6   7,1   13:56   SSE
25   3,1  10,1   12:09  -2,6   03:10  15,2   0,0   0,0   0,8   8,5   17:21     S
26   3,9   9,1   17:28  -2,8   02:30  14,4   0,0   0,0   1,0   8,8   11:49   SSE
27   6,3  14,2   11:16  -2,5   05:45  11,9   0,0   0,0   0,4   4,4   13:57     E
28   4,5   9,6   15:14   0,4   01:27  13,8   0,0   2,4   1,1   7,8   15:23   SSE
29   5,5  11,4   10:37   1,0   00:58  12,8   0,0  22,2   0,7   9,9   11:40     W
30   3,5   7,0   14:36   1,1   06:09  14,8   0,0  37,5   0,3   5,1   00:41   SSW
----------------------------------------------------------------------------------
     5,9  18,6    21    -4,2     1   371,3   0,0 107,7   0,6  10,9    21     ESE

Max >=  27,0:  0
Max <=   0,0:  0
Min <=   0,0: 14
Min <= -18,0:  0
Max Rain: 37,5 on day 30
Days of Rain: 17 (>= 0,2 mm)  10 (>= 2,0 mm)  2 (>= 20,0 mm)
Heat Base: 18,3  Cool Base: 18,3  Method: Integration