NOAA-Style Climate Reports

Select a Year or Month report
2021: Jan Feb Mar Apr Mai Jun Jul Aug Sep Okt Nov Des
2020: Jan Feb Mar Apr Mai Jun Jul Aug Sep Okt Nov Des
2019: Jan Feb Mar Apr Mai Jun Jul Aug Sep Okt Nov Des
2018: Jan Feb Mar Apr Mai Jun Jul Aug Sep Okt Nov Des
2017: Jan Feb Mar Apr Mai Jun Jul Aug Sep Okt Nov Des
2016: Jan Feb Mar Apr Mai Jun Jul Aug Sep Okt Nov Des
2015: Jan Feb Mar Apr Mai Jun Jul Aug Sep Okt Nov Des
2014: Jan Feb Mar Apr Mai Jun Jul Aug Sep Okt Nov Des
2013: Jan Feb Mar Apr Mai Jun Jul Aug Sep Okt Nov Des
2012: Jan Feb Mar Apr Mai Jun Jul Aug Sep Okt Nov Des

Report for 2016 Mai
                   Monthly Climatological Summary for mai 2016

Name: Kurlandfk.no   City: Kurland, Lørenskog   State: Akershus
Elevation: 177 m  Lat: N 59° 55' 48"   Lon: E 011° 01' 06"

                  Temperature (°C), Rain (mm), Wind Speed (m/s)

                                      Heat  Cool        Avg
    Mean                              Deg   Deg         Wind                 Dom
Day Temp  High   Time   Low    Time   Days  Days  Rain  Speed High   Time    Dir
----------------------------------------------------------------------------------
 1   6,9  12,2   16:20   2,4   00:00  11,4   0,0   1,5   0,5   5,8   17:08   NNW
 2   8,5  13,4   14:09   2,5   01:21   9,8   0,0   0,0   0,9   9,9   17:11   NNW
 3   9,1  13,1   18:46   4,3   23:52   9,2   0,0   1,5   0,6   7,1   15:51   WNW
 4  11,0  21,1   10:50   0,3   05:23   7,5   0,2   0,0   0,5   5,4   14:27     N
 5  11,0  19,4   12:42   1,5   04:45   7,3   0,0   0,0   0,8   8,5   15:07   NNW
 6  13,0  22,3   13:21   2,0   05:23   6,0   0,7   0,0   0,7   6,8   12:21     N
 7  14,3  24,4   18:07   2,4   05:15   5,7   1,7   0,0   0,3   6,5   14:19    NW
 8  17,0  28,6   10:17   4,6   04:32   4,3   3,0   0,0   0,5   5,8   15:43     N
 9  17,8  28,2   11:46   4,0   05:07   3,9   3,4   0,0   0,3   5,8   13:53     S
10  18,7  29,6   11:55   5,6   04:57   3,1   3,5   0,0   0,5   7,1   23:18   SSE
11  14,0  21,1   17:07   6,6   05:22   4,5   0,2   0,0   1,1   6,5   03:34   SSE
12  16,1  24,8   11:58   4,6   04:49   3,9   1,7   0,0   0,7   7,8   15:40     N
13   9,4  13,3   13:31   5,0   05:47   8,9   0,0   0,0   1,8   8,8   13:34   SSE
14   9,4  13,2   16:38   5,1   05:24   8,9   0,0   0,0   1,4   8,8   22:34   SSE
15  10,4  15,0   16:06   2,7   03:55   7,9   0,0   0,0   1,2   8,8   11:38    SE
16  11,9  17,0   17:46   3,5   05:08   6,4   0,0   0,0   1,1   7,5   09:13   SSE
17  13,2  21,0   13:45   0,7   04:24   5,4   0,3   0,0   0,4   5,8   18:53   NNW
18  13,7  20,6   11:32   7,2   04:40   4,8   0,2   0,0   0,6   5,8   11:37     N
19  13,1  19,5   12:18   9,4   04:24   5,2   0,0   0,0   0,7   7,8   16:54     N
20  11,9  15,7   11:58   9,6   04:35   6,4   0,0   2,1   0,6   7,1   20:12   NNW
21  13,7  20,1   11:14   8,0   03:10   4,7   0,1   0,9   0,6   5,8   14:50     N
22  14,1  16,8   18:43  11,0   00:00   4,1   0,0   4,8   0,2   4,1   14:25   WNW
23  14,7  16,2   14:25  11,7   23:53   3,6   0,0  13,8   0,2   4,8   02:17    SW
24  10,0  11,7   00:00   8,1   11:48   8,3   0,0   5,7   2,3   9,5   20:40   SSE
25  13,2  17,9   18:13   8,3   05:29   5,1   0,0   0,0   1,7   9,9   07:30   SSE
26  14,5  20,0   16:32   4,3   04:57   3,9   0,1   0,0   1,1   8,5   13:40   SSE
27  15,4  21,5   12:32  10,2   04:22   3,4   0,5   0,0   1,2   7,8   18:13   SSE
28  13,4  18,1   16:37  10,1   03:25   4,9   0,0   0,9   0,7   6,5   15:36     S
29  13,1  13,9   18:32  11,0   01:42   5,2   0,0   3,3   0,8   4,8   08:40   SSE
30  15,4  21,0   18:14  12,4   05:15   3,3   0,4   5,4   1,4   7,5   14:27   SSE
31  20,6  28,3   17:35  13,3   04:31   1,2   3,5   0,0   0,7   6,1   11:55   SSE
----------------------------------------------------------------------------------
    13,2  29,6    10     0,3     4   178,2  19,5  39,9   0,8   9,9     2     SSE

Max >=  27,0:  4
Max <=   0,0:  0
Min <=   0,0:  0
Min <= -18,0:  0
Max Rain: 13,8 on day 23
Days of Rain: 10 (>= 0,2 mm)  6 (>= 2,0 mm)  0 (>= 20,0 mm)
Heat Base: 18,3  Cool Base: 18,3  Method: Integration