NOAA-Style Climate Reports

Select a Year or Month report
2021: Jan Feb Mar Apr Mai Jun Jul Aug Sep Okt Nov Des
2020: Jan Feb Mar Apr Mai Jun Jul Aug Sep Okt Nov Des
2019: Jan Feb Mar Apr Mai Jun Jul Aug Sep Okt Nov Des
2018: Jan Feb Mar Apr Mai Jun Jul Aug Sep Okt Nov Des
2017: Jan Feb Mar Apr Mai Jun Jul Aug Sep Okt Nov Des
2016: Jan Feb Mar Apr Mai Jun Jul Aug Sep Okt Nov Des
2015: Jan Feb Mar Apr Mai Jun Jul Aug Sep Okt Nov Des
2014: Jan Feb Mar Apr Mai Jun Jul Aug Sep Okt Nov Des
2013: Jan Feb Mar Apr Mai Jun Jul Aug Sep Okt Nov Des
2012: Jan Feb Mar Apr Mai Jun Jul Aug Sep Okt Nov Des

Report for 2016 Juni
                   Monthly Climatological Summary for jun 2016

Name: Kurlandfk.no   City: Kurland, Lørenskog   State: Akershus
Elevation: 177 m  Lat: N 59° 55' 48"   Lon: E 011° 01' 06"

                  Temperature (°C), Rain (mm), Wind Speed (m/s)

                                      Heat  Cool        Avg
    Mean                              Deg   Deg         Wind                 Dom
Day Temp  High   Time   Low    Time   Days  Days  Rain  Speed High   Time    Dir
----------------------------------------------------------------------------------
 1  22,8  31,1   12:53  12,6   04:47   1,0   5,4   0,0   0,3   4,8   12:14     S
 2  22,0  28,7   18:27  14,6   03:57   0,7   4,3   0,0   0,4   5,1   15:54     S
 3  23,6  31,5   17:28  13,3   03:59   0,7   6,0   0,3   0,5   6,1   19:48   SSE
 4  17,7  21,9   18:11  10,8   23:58   1,7   1,1   0,0   1,2   6,8   09:44   SSE
 5  17,3  21,6   13:30   9,4   01:16   2,0   0,9   0,0   1,1   6,8   10:30     S
 6  18,0  25,5   11:36   7,9   04:22   2,2   1,9   0,0   0,8   9,2   12:09     N
 7  19,3  28,9   11:32  12,9   23:58   1,4   2,4   0,0   0,8   7,5   14:46     N
 8  15,1  17,9   16:26   9,2   23:59   3,2   0,0   0,0   1,6  11,6   10:34   SSE
 9  13,5  22,1   13:37   6,0   01:24   5,0   0,2   0,0   0,8   8,2   22:47   SSE
10  12,7  16,7   16:57   7,5   04:13   5,6   0,0   0,0   1,5   8,8   07:49   SSE
11  15,1  22,9   09:39   3,2   04:18   3,8   0,6   0,0   0,4   5,1   12:14     S
12  17,1  26,2   09:38   8,7   03:46   3,2   2,0   0,0   0,3   4,1   14:05     N
13  19,9  29,7   09:54   5,8   04:08   2,6   4,1   0,0   0,4   6,1   16:17     N
14  20,1  28,7   09:49   7,8   04:08   2,1   3,9   0,0   0,5   7,1   15:53    SW
15  13,9  16,2   05:09  12,0   14:37   4,4   0,0  13,5   0,8   4,8   13:12     S
16  19,6  28,0   13:41  12,8   02:11   1,6   2,9   0,0   0,5   4,8   13:51   SSE
17  16,0  17,9   08:42  14,4   01:30   2,3   0,0   2,4   0,4   6,5   02:47     S
18  17,6  22,5   14:56  13,7   04:20   1,7   1,0   0,0   0,6   6,1   10:12   SSE
19  14,2  20,8   18:30   9,5   06:57   4,2   0,2   7,5   0,8   5,1   00:12     S
20  14,4  20,0   11:14  11,6   01:45   4,0   0,0   9,9   0,7   9,2   12:19     W
21  19,2  27,7   10:16  12,5   23:55   1,8   2,7   5,4   0,6   5,8   15:49     N
22  17,9  26,8   10:32   9,1   04:07   2,6   2,1   0,0   0,6   6,1   14:59     N
23  18,7  25,5   12:07  11,8   02:37   1,6   2,0   0,0   0,5   6,1   13:48     N
24  18,1  22,5   14:07  14,7   05:31   1,1   0,9   0,9   0,4   5,1   23:10     S
25  22,5  30,2   12:47  15,4   03:52   0,7   4,9   0,0   0,5   5,4   00:43     N
26  16,9  20,4   14:08  14,0   23:42   1,8   0,4  16,5   0,7   6,5   11:48     S
27  16,8  22,3   10:34  12,1   04:33   1,9   0,4   3,9   1,0   7,5   11:18     N
28  18,8  27,7   09:55  13,0   04:22   2,1   2,5   4,8   0,7   7,1   18:14     N
29  17,5  25,5   10:21   9,2   04:25   2,4   1,6   0,3   0,4   5,8   14:18   NNW
30  15,0  18,5   18:14  12,8   01:08   3,3   0,0   3,6   0,8   8,2   11:07   WNW
----------------------------------------------------------------------------------
    17,7  31,5     3     3,2    11    72,7  54,4  69,0   0,7  11,6     8       S

Max >=  27,0: 10
Max <=   0,0:  0
Min <=   0,0:  0
Min <= -18,0:  0
Max Rain: 16,5 on day 26
Days of Rain: 12 (>= 0,2 mm)  9 (>= 2,0 mm)  0 (>= 20,0 mm)
Heat Base: 18,3  Cool Base: 18,3  Method: Integration