NOAA-Style Climate Reports

Select a Year or Month report
2021: Jan Feb Mar Apr Mai Jun Jul Aug Sep Okt Nov Des
2020: Jan Feb Mar Apr Mai Jun Jul Aug Sep Okt Nov Des
2019: Jan Feb Mar Apr Mai Jun Jul Aug Sep Okt Nov Des
2018: Jan Feb Mar Apr Mai Jun Jul Aug Sep Okt Nov Des
2017: Jan Feb Mar Apr Mai Jun Jul Aug Sep Okt Nov Des
2016: Jan Feb Mar Apr Mai Jun Jul Aug Sep Okt Nov Des
2015: Jan Feb Mar Apr Mai Jun Jul Aug Sep Okt Nov Des
2014: Jan Feb Mar Apr Mai Jun Jul Aug Sep Okt Nov Des
2013: Jan Feb Mar Apr Mai Jun Jul Aug Sep Okt Nov Des
2012: Jan Feb Mar Apr Mai Jun Jul Aug Sep Okt Nov Des

Report for 2016 Juli
                   Monthly Climatological Summary for jul 2016

Name: Kurlandfk.no   City: Kurland, Lørenskog   State: Akershus
Elevation: 177 m  Lat: N 59° 55' 48"   Lon: E 011° 01' 06"

                  Temperature (°C), Rain (mm), Wind Speed (m/s)

                                      Heat  Cool        Avg
    Mean                              Deg   Deg         Wind                 Dom
Day Temp  High   Time   Low    Time   Days  Days  Rain  Speed High   Time    Dir
----------------------------------------------------------------------------------
 1  14,3  17,7   11:10  11,1   03:18   4,0   0,0   3,9   0,7   7,8   18:32     W
 2  13,5  17,8   15:42  10,5   23:57   4,8   0,0   8,4   0,7   7,1   18:17   NNW
 3  14,3  20,7   13:36   6,9   03:20   4,2   0,2   0,9   0,6   5,4   09:37     N
 4  16,6  26,0   09:10   7,5   04:24   3,2   1,5   0,0   0,4   5,8   20:10   NNE
 5  14,6  22,6   12:26   7,5   03:25   4,2   0,5   0,0   0,3   3,7   16:38    NE
 6  15,9  24,6   14:38   9,2   04:13   3,3   0,9   0,0   0,5   6,5   08:51   SSE
 7  16,9  25,0   13:13   9,0   04:47   2,9   1,6   0,0   0,6   8,2   16:36   NNE
 8  18,3  26,2   11:13  11,0   03:49   2,2   2,2   0,0   0,3   5,1   19:08    NW
 9  18,0  25,9   14:47  11,0   04:36   2,3   2,0   0,0   0,4   6,5   14:49   SSW
10  18,4  25,7   13:27  10,9   02:58   1,8   1,9   0,3   0,5   5,8   15:14    NE
11  18,5  26,5   13:27  14,0   23:56   1,2   1,3   1,8   0,6   6,8   16:27     N
12  18,4  27,0   12:51  12,2   23:55   2,0   2,1   4,5   0,5   6,1   19:41     N
13  18,1  25,9   11:56  11,6   00:35   2,0   1,8  15,9   0,4   5,1   17:51     N
14  18,4  25,2   14:52  13,6   02:19   1,5   1,6   0,3   0,3   5,4   14:56   SSE
15  18,9  24,9   17:51  14,2   02:55   1,2   1,9   0,6   0,7   5,4   13:07     S
16  19,1  25,1   13:46  15,0   02:10   1,1   1,8   0,0   1,1   7,1   10:55     N
17  17,1  23,0   09:31   8,9   04:15   2,2   1,0   0,6   1,0   9,2   00:27     N
18  18,0  26,4   13:43   7,5   04:59   2,7   2,4   0,0   0,2   5,1   14:18   SSE
19  19,4  29,9   08:58   8,1   04:18   2,3   3,3   0,0   0,3   4,4   11:39     N
20  21,1  29,9   13:10  12,0   03:21   1,3   4,1   0,0   0,4   5,1   13:43     S
21  21,7  31,2   12:06  13,1   05:16   1,0   4,4   3,0   0,4   6,5   18:07   SSW
22  22,9  30,8   09:20  15,2   02:45   0,8   5,4   0,0   0,3   4,4   13:57   NNE
23  21,7  30,6   10:58  14,3   04:06   0,9   4,3   0,0   0,1   2,7   11:54     N
24  21,9  30,4   13:29  13,5   03:06   1,1   4,8   0,0   0,4   5,8   16:39     N
25  22,3  32,1   09:41  14,2   02:54   0,9   4,9   0,0   0,4   7,1   15:58     N
26  18,7  26,1   10:57  15,0   23:57   1,1   1,6   9,0   0,6   6,8   12:17     N
27  18,1  25,7   12:26  10,6   04:57   1,9   1,7   1,5   0,6   7,1   13:45     N
28  19,9  27,0   10:49  15,2   00:00   1,0   2,6   1,8   0,7   6,5   17:08   NNW
29  18,4  26,2   07:48  10,6   05:20   1,7   1,8   0,9   0,3   5,1   14:21     N
30  18,6  26,4   12:44  11,9   23:57   1,8   2,1   4,2   0,4   6,8   16:48     N
31  18,2  26,4   10:32   8,5   05:17   2,7   2,6   0,0   0,7   7,1   18:34     N
----------------------------------------------------------------------------------
    18,4  32,1    25     6,9     3    65,3  68,3  57,6   0,5   9,2    17       N

Max >=  27,0:  9
Max <=   0,0:  0
Min <=   0,0:  0
Min <= -18,0:  0
Max Rain: 15,9 on day 13
Days of Rain: 16 (>= 0,2 mm)  7 (>= 2,0 mm)  0 (>= 20,0 mm)
Heat Base: 18,3  Cool Base: 18,3  Method: Integration