NOAA-Style Climate Reports

Select a Year or Month report
2021: Jan Feb Mar Apr Mai Jun Jul Aug Sep Okt Nov Des
2020: Jan Feb Mar Apr Mai Jun Jul Aug Sep Okt Nov Des
2019: Jan Feb Mar Apr Mai Jun Jul Aug Sep Okt Nov Des
2018: Jan Feb Mar Apr Mai Jun Jul Aug Sep Okt Nov Des
2017: Jan Feb Mar Apr Mai Jun Jul Aug Sep Okt Nov Des
2016: Jan Feb Mar Apr Mai Jun Jul Aug Sep Okt Nov Des
2015: Jan Feb Mar Apr Mai Jun Jul Aug Sep Okt Nov Des
2014: Jan Feb Mar Apr Mai Jun Jul Aug Sep Okt Nov Des
2013: Jan Feb Mar Apr Mai Jun Jul Aug Sep Okt Nov Des
2012: Jan Feb Mar Apr Mai Jun Jul Aug Sep Okt Nov Des

Report for 2016 August
                   Monthly Climatological Summary for aug 2016

Name: Kurlandfk.no   City: Kurland, Lørenskog   State: Akershus
Elevation: 177 m  Lat: N 59° 55' 48"   Lon: E 011° 01' 06"

                  Temperature (°C), Rain (mm), Wind Speed (m/s)

                                      Heat  Cool        Avg
    Mean                              Deg   Deg         Wind                 Dom
Day Temp  High   Time   Low    Time   Days  Days  Rain  Speed High   Time    Dir
----------------------------------------------------------------------------------
 1  17,7  25,4   08:57   9,9   05:16   2,6   2,0   1,2   0,6   7,5   16:44     N
 2  17,9  27,2   10:24   9,2   04:48   2,9   2,5   0,3   0,6   5,8   13:52     N
 3  17,1  27,8   08:41   7,7   05:16   3,0   1,8   2,4   0,4   6,5   15:40     N
 4  15,8  23,1   16:41  12,5   05:40   3,1   0,6  10,2   0,4   3,7   01:27   SSE
 5  17,5  23,2   15:27  13,3   00:00   1,8   1,0   5,1   0,2   5,1   14:39     S
 6  16,1  18,5   17:11   4,2   20:37   2,2   0,0  39,0   0,2  47,3   20:37   SSE
 7  16,1  22,7   13:23  13,7   04:36   2,5   0,3   1,5   0,5   5,8   18:35   NNW
 8  15,0  18,8   16:24  11,7   23:57   3,3   0,0  10,8   1,3  11,6   10:30     N
 9  14,1  22,6   12:34   9,7   03:13   4,5   0,3  11,7   0,9   7,5   05:19     N
10  10,7  16,0   16:27   7,5   06:21   7,6   0,0  12,0   1,1  10,5   05:51   SSE
11  14,1  22,2   11:25   6,2   05:09   4,7   0,5   0,0   0,5   5,8   18:26     N
12  12,6  16,5   08:26   5,6   03:50   5,7   0,0   6,0   0,6   7,5   20:34   NNW
13  18,7  27,0   09:50  13,2   04:45   1,8   2,2   0,0   0,8   5,4   05:10     N
14  17,1  23,3   15:11  11,7   06:07   2,4   1,2   0,9   0,5   6,1   22:56     S
15  16,3  23,2   12:23   9,2   06:26   3,2   1,2   0,3   0,5   5,8   18:42   SSE
16  16,7  23,2   17:13  10,3   01:29   3,1   1,5   0,0   0,5   6,1   09:54   SSE
17  17,7  23,9   18:32   8,6   05:02   2,7   2,1   0,0   1,1   7,1   19:41   SSE
18  17,6  22,6   17:20  11,4   05:48   2,0   1,3   0,0   0,9   6,8   17:48   SSE
19  16,2  23,7   12:56   9,2   05:24   3,1   1,0   0,0   0,4   5,8   13:19     S
20  17,0  24,3   12:28  12,1   00:00   2,5   1,1   6,9   0,3   5,1   14:24   WSW
21  17,7  24,3   13:11  10,8   23:59   2,1   1,5   3,0   0,3   4,4   01:07   NNW
22  15,0  21,2   15:33   9,6   05:28   3,6   0,3   2,4   0,3   4,4   17:30     N
23  18,2  27,2   13:09  14,5   06:15   1,6   1,6   0,0   0,3   3,7   16:56    SE
24  16,7  21,3   11:55  13,3   03:20   2,0   0,3   0,0   0,5   7,5   20:14     N
25  17,9  20,8   15:08  15,8   23:55   0,7   0,3   5,7   0,1   3,7   00:14     N
26  18,6  24,5   12:59  15,3   23:54   1,0   1,3   9,0   0,7   8,8   17:27     N
27  18,0  25,6   10:53   8,8   23:59   2,6   2,2   0,0   1,2   8,8   02:50     N
28  11,3  14,7   13:07   7,0   02:37   7,0   0,0   0,0   0,6   5,1   17:23   SSE
29  11,3  15,4   17:23   5,8   23:47   7,0   0,0   2,7   0,9   6,5   13:45   SSE
30  12,7  20,0   13:43   4,6   04:27   5,8   0,1   0,0   0,4   6,5   15:47     N
31  17,1  24,9   12:17   9,1   05:58   2,7   1,5   0,0   0,7   8,2   21:51     N
----------------------------------------------------------------------------------
    16,0  27,8     3     4,2     6   100,8  29,7 131,1   0,6  47,3     6     NNE

Max >=  27,0:  4
Max <=   0,0:  0
Min <=   0,0:  0
Min <= -18,0:  0
Max Rain: 39,0 on day 6
Days of Rain: 19 (>= 0,2 mm)  14 (>= 2,0 mm)  1 (>= 20,0 mm)
Heat Base: 18,3  Cool Base: 18,3  Method: Integration