NOAA-Style Climate Reports

Select a Year or Month report
2021: Jan Feb Mar Apr Mai Jun Jul Aug Sep Okt Nov Des
2020: Jan Feb Mar Apr Mai Jun Jul Aug Sep Okt Nov Des
2019: Jan Feb Mar Apr Mai Jun Jul Aug Sep Okt Nov Des
2018: Jan Feb Mar Apr Mai Jun Jul Aug Sep Okt Nov Des
2017: Jan Feb Mar Apr Mai Jun Jul Aug Sep Okt Nov Des
2016: Jan Feb Mar Apr Mai Jun Jul Aug Sep Okt Nov Des
2015: Jan Feb Mar Apr Mai Jun Jul Aug Sep Okt Nov Des
2014: Jan Feb Mar Apr Mai Jun Jul Aug Sep Okt Nov Des
2013: Jan Feb Mar Apr Mai Jun Jul Aug Sep Okt Nov Des
2012: Jan Feb Mar Apr Mai Jun Jul Aug Sep Okt Nov Des

Report for 2016 September
                   Monthly Climatological Summary for sep 2016

Name: Kurlandfk.no   City: Kurland, Lørenskog   State: Akershus
Elevation: 177 m  Lat: N 59° 55' 48"   Lon: E 011° 01' 06"

                  Temperature (°C), Rain (mm), Wind Speed (m/s)

                                      Heat  Cool        Avg
    Mean                              Deg   Deg         Wind                 Dom
Day Temp  High   Time   Low    Time   Days  Days  Rain  Speed High   Time    Dir
----------------------------------------------------------------------------------
 1  18,0  23,8   11:13  11,8   23:52   1,9   1,7   0,0   0,9   8,2   02:35     N
 2  15,8  23,4   12:09  11,8   00:00   3,0   0,5   0,0   0,8   7,1   14:36     N
 3  16,8  25,5   11:11   7,7   23:54   2,9   1,4   0,0   0,6   6,5   15:33     N
 4  12,9  20,8   12:23   4,2   06:17   5,7   0,3   0,0   0,5   5,4   12:31   SSE
 5  14,5  24,0   12:21   4,5   05:58   4,6   0,8   0,0   0,5   4,8   19:42     N
 6  16,5  22,5   11:57  11,3   00:34   2,5   0,7   0,0   1,3   9,9   14:11     N
 7  19,8  27,5   09:52  14,3   05:19   1,3   2,8   0,0   0,7   6,5   00:20     N
 8  17,9  23,1   12:58  10,0   07:08   1,8   1,4   0,3   0,3   4,8   14:33     S
 9  17,4  21,2   15:54  13,6   22:18   1,3   0,4   0,3   0,4   6,5   18:12   NNW
10  17,4  20,1   11:51  14,3   00:00   1,2   0,3   0,0   1,0   7,1   12:48   NNW
11  17,1  23,8   13:09   7,8   23:57   2,3   1,1   9,0   0,8   8,8   08:24     N
12  13,3  23,5   10:45   3,5   06:38   5,4   0,4   0,0   0,4   7,5   15:13     N
13  17,2  25,5   12:25  10,4   06:25   3,0   1,9   0,0   0,2   3,7   12:29     N
14  17,3  26,2   16:37  11,2   02:08   2,4   1,4   0,0   0,1   3,7   15:49    NE
15  18,3  25,3   15:37  14,6   00:22   1,2   1,2   0,3   0,1   3,4   13:25    SE
16  16,9  21,5   12:54  13,8   23:59   1,7   0,4   0,0   0,5   4,4   09:55     S
17  14,7  20,0   09:26   8,4   23:54   3,7   0,2   0,0   0,2   4,1   14:57     N
18  14,8  23,8   12:44   7,7   07:08   4,6   1,1   0,0   0,1   2,7   13:18   NNW
19  14,5  27,6   12:49   6,8   07:12   5,2   1,4   0,0   0,1   2,7   14:34   NNE
20  13,4  21,0   15:50   6,3   06:21   5,4   0,5   0,0   0,1   3,7   12:43   SSE
21  14,0  17,5   13:50   9,8   00:29   4,3   0,0   0,0   0,1   2,0   09:39   SSE
22  14,4  17,0   12:42  11,1   23:40   3,9   0,0   1,2   0,0   2,4   13:54    NW
23  12,0  16,1   17:16   6,2   23:53   6,3   0,0   5,7   0,1   2,7   10:18     N
24  10,9  19,8   12:25   3,1   06:59   7,4   0,0   0,3   0,4   6,8   22:40   NNW
25  16,2  21,8   12:18  12,9   20:55   2,4   0,3   0,0   0,7   7,1   00:40   NNW
26  14,3  19,5   13:08   8,2   23:36   4,1   0,1   0,6   0,4   4,8   02:27    NW
27  12,1  20,1   12:36   4,3   07:18   6,3   0,1   5,7   0,6  11,2   23:41   NNW
28  14,0  20,1   12:07  10,7   23:58   4,4   0,1   0,3   1,1   7,5   00:23     N
29  13,3  18,9   12:31   9,1   01:51   5,0   0,0   6,6   1,5  12,6   13:32     N
30  12,0  18,5   11:10   8,4   07:30   6,3   0,0   0,0   1,5  10,2   01:59     N
----------------------------------------------------------------------------------
    15,3  27,6    19     3,1    24   111,5  20,5  30,3   0,5  12,6    29       N

Max >=  27,0:  2
Max <=   0,0:  0
Min <=   0,0:  0
Min <= -18,0:  0
Max Rain: 9,0 on day 11
Days of Rain: 11 (>= 0,2 mm)  4 (>= 2,0 mm)  0 (>= 20,0 mm)
Heat Base: 18,3  Cool Base: 18,3  Method: Integration