NOAA-Style Climate Reports

Select a Year or Month report
2021: Jan Feb Mar Apr Mai Jun Jul Aug Sep Okt Nov Des
2020: Jan Feb Mar Apr Mai Jun Jul Aug Sep Okt Nov Des
2019: Jan Feb Mar Apr Mai Jun Jul Aug Sep Okt Nov Des
2018: Jan Feb Mar Apr Mai Jun Jul Aug Sep Okt Nov Des
2017: Jan Feb Mar Apr Mai Jun Jul Aug Sep Okt Nov Des
2016: Jan Feb Mar Apr Mai Jun Jul Aug Sep Okt Nov Des
2015: Jan Feb Mar Apr Mai Jun Jul Aug Sep Okt Nov Des
2014: Jan Feb Mar Apr Mai Jun Jul Aug Sep Okt Nov Des
2013: Jan Feb Mar Apr Mai Jun Jul Aug Sep Okt Nov Des
2012: Jan Feb Mar Apr Mai Jun Jul Aug Sep Okt Nov Des

Report for 2016 Oktober
                   Monthly Climatological Summary for okt 2016

Name: Kurlandfk.no   City: Kurland, Lørenskog   State: Akershus
Elevation: 177 m  Lat: N 59° 55' 48"   Lon: E 011° 01' 06"

                  Temperature (°C), Rain (mm), Wind Speed (m/s)

                                      Heat  Cool        Avg
    Mean                              Deg   Deg         Wind                 Dom
Day Temp  High   Time   Low    Time   Days  Days  Rain  Speed High   Time    Dir
----------------------------------------------------------------------------------
 1   9,3  19,1   11:38   2,3   23:41   9,0   0,0   0,0   0,4   4,8   00:57     N
 2   7,0  13,5   12:50   2,0   22:07  11,3   0,0   0,0   0,8   7,1   12:13   SSE
 3   5,5  14,5   12:38  -0,9   07:26  12,8   0,0   0,0   0,2   3,4   15:25     S
 4   5,1  11,3   12:08  -0,8   23:52  13,2   0,0   0,0   0,5   5,1   15:35   SSE
 5   3,5  11,7   15:44  -2,7   06:42  14,8   0,0   0,3   0,3   5,1   15:46   SSE
 6   7,0  12,4   14:53  -2,3   01:24  11,3   0,0   0,0   1,2   7,1   12:25   SSE
 7  10,3  14,7   15:31   7,0   02:15   7,9   0,0   0,0   1,6   7,8   12:51   SSE
 8   7,5   9,9   15:01   5,3   21:01  10,8   0,0   0,0   1,3   8,5   15:31    SE
 9   5,7   6,6   15:55   4,9   03:01  12,5   0,0   0,0   1,5   7,8   16:47   SSE
10   6,2   8,3   16:02   2,6   21:56  12,2   0,0   0,0   1,4   8,8   14:02   SSE
11   4,9   6,2   14:46   4,0   23:26  13,4   0,0   0,0   0,7   4,8   13:30   SSE
12   3,6   4,1   00:00   3,1   23:01  14,6   0,0   0,0   0,4   4,1   10:14   SSE
13   2,8   3,9   15:31   1,2   23:58  15,5   0,0   0,0   0,3   3,7   23:55   SSE
14   0,8   1,8   15:32  -0,2   06:52  17,4   0,0   0,0   0,9   4,8   20:32   SSE
15   3,5   5,0   15:32   1,2   00:02  14,8   0,0   0,0   1,2   4,8   11:02   SSE
16   5,9   7,7   14:02   4,8   00:02  12,4   0,0   1,2   0,4   3,1   03:32    SE
17   6,1   6,9   21:41   5,6   07:13  12,2   0,0   2,1   0,6   4,1   11:12     S
18   7,0   7,5   15:01   6,5   20:31  11,3   0,0   0,6   0,3   3,7   12:17     S
19   7,3   8,4   16:31   6,3   02:01  11,2   0,0   0,9   0,6   2,7   21:23     S
20   6,3   7,1   00:00   4,9   23:21  12,0   0,0   3,6   0,9   5,8   10:25   SSE
21   4,8   5,2   12:48   3,9   07:07  13,5   0,0   0,0   1,0   6,1   16:28   SSE
22   3,3   4,8   00:00   1,4   17:58  15,0   0,0   0,9   1,6   8,8   11:31   SSE
23   3,3   5,4   23:15   1,6   00:45  15,0   0,0   0,6   1,2   6,5   08:28   SSE
24   5,3   6,3   16:34   4,3   05:17  13,0   0,0   7,8   0,8   5,1   21:41   SSE
25   4,4   7,2   15:47   0,4   21:09  13,9   0,0   1,8   0,4   4,8   00:46   SSE
26   3,8   9,1   23:48  -1,4   04:29  14,5   0,0   1,8   0,5   8,8   22:20   NNW
27   7,9  10,5   14:49   3,9   06:20  10,4   0,0   0,0   0,8   8,2   19:23   NNW
28   7,3  11,3   12:27   2,5   23:32  11,0   0,0   0,3   1,5  10,5   12:40     N
29   3,6  13,3   11:42  -1,9   23:49  14,7   0,0   0,0   0,4   7,1   14:15   NNW
----------------------------------------------------------------------------------
     5,5  19,1     1    -2,7     5   371,6   0,0  21,9   0,8  10,5    28     SSE

Max >=  27,0:  0
Max <=   0,0:  0
Min <=   0,0:  7
Min <= -18,0:  0
Max Rain: 7,8 on day 24
Days of Rain: 12 (>= 0,2 mm)  3 (>= 2,0 mm)  0 (>= 20,0 mm)
Heat Base: 18,3  Cool Base: 18,3  Method: Integration