NOAA-Style Climate Reports

Select a Year or Month report
2021: Jan Feb Mar Apr Mai Jun Jul Aug Sep Okt Nov Des
2020: Jan Feb Mar Apr Mai Jun Jul Aug Sep Okt Nov Des
2019: Jan Feb Mar Apr Mai Jun Jul Aug Sep Okt Nov Des
2018: Jan Feb Mar Apr Mai Jun Jul Aug Sep Okt Nov Des
2017: Jan Feb Mar Apr Mai Jun Jul Aug Sep Okt Nov Des
2016: Jan Feb Mar Apr Mai Jun Jul Aug Sep Okt Nov Des
2015: Jan Feb Mar Apr Mai Jun Jul Aug Sep Okt Nov Des
2014: Jan Feb Mar Apr Mai Jun Jul Aug Sep Okt Nov Des
2013: Jan Feb Mar Apr Mai Jun Jul Aug Sep Okt Nov Des
2012: Jan Feb Mar Apr Mai Jun Jul Aug Sep Okt Nov Des

Report for 2016 November
                   Monthly Climatological Summary for nov 2016

Name: Kurlandfk.no   City: Kurland, Lørenskog   State: Akershus
Elevation: 177 m  Lat: N 59° 55' 48"   Lon: E 011° 01' 06"

                  Temperature (°C), Rain (mm), Wind Speed (m/s)

                                      Heat  Cool        Avg
    Mean                              Deg   Deg         Wind                 Dom
Day Temp  High   Time   Low    Time   Days  Days  Rain  Speed High   Time    Dir
----------------------------------------------------------------------------------
10  -2,7  -2,3   18.52  -2,9   22.36   4,4   0,0   0,0   0,7   3,4   19.30   SSE
11  -5,7  -2,9   00.06 -10,6   07.50  25,1   0,0   0,0   0,1   2,0   13.26   NNE
12  -4,5   2,4   23.55  -7,0   02.47  22,8   0,0   0,6   0,1   7,1   23.58   NNE
13   2,9   5,0   13.08   0,0   06.45  15,4   0,0   0,3   0,6   6,1   05.58   NNW
14   4,7   6,8   15.05   1,4   05.07  13,6   0,0  10,8   0,7   8,5   10.37   NNW
15   3,8   7,2   12.54 -12,7   21.35  14,4   0,0   0,6   0,2  25,6   20.32     N
16   3,1   6,4   21.30  -0,8   08.16  15,2   0,0  13,8   0,4   5,8   13.40    NW
17   1,9   3,1   00.00   0,1   07.21  16,4   0,0   0,6   0,6   5,4   02.36   NNW
18   3,6   5,5   13.17   1,5   06.08  14,5   0,0  14,1   1,1   8,8   14.41     W
19   2,0   3,5   00.05   0,2   09.35  16,5   0,0   6,9   0,5   7,1   20.32    NW
20   2,6   3,6   15.27   1,5   23.58  15,7   0,0   4,2   0,7   7,5   15.51     S
21   1,8   3,4   11.07   0,8   01.08  16,5   0,0   3,0   0,3   4,1   09.50    SW
22   4,5   7,9   22.21   2,2   01.52  13,8   0,0   5,7   0,5   5,4   03.52   SSE
23   6,8   8,0   10.07   2,5   23.59  11,5   0,0   0,0   0,9   8,2   06.11   NNW
24   0,0   3,0   11.48  -2,6   23.28  18,3   0,0   0,0   0,1   2,7   04.11   NNW
25   4,2   8,2   19.12  -2,6   00.00  14,1   0,0   1,2   0,5   6,5   11.24     N
26   5,0   8,7   10.34  -1,3   23.59  13,3   0,0   0,0   0,8  12,9   11.41     N
27   0,9   3,8   13.23  -3,4   23.40  17,4   0,0   0,0   0,8  10,2   14.35    SE
28  -3,7   0,2   13.18  -5,3   08.38  22,0   0,0   0,0   0,1   3,1   13.55     W
29  -3,3  -0,8   16.18  -5,8   06.24  21,6   0,0   0,0   0,1   3,1   16.07     N
30  -2,6   1,8   11.47  -6,3   23.58  20,9   0,0   0,0   0,1   4,1   10.56    NW
----------------------------------------------------------------------------------
     1,2   8,7    26   -12,7    15   343,4   0,0  61,8   0,5  25,6    15      NW

Max >=  27,0:  0
Max <=   0,0:  3
Min <=   0,0: 13
Min <= -18,0:  0
Max Rain: 14,1 on day 18
Days of Rain: 12 (>= 0,2 mm)  7 (>= 2,0 mm)  0 (>= 20,0 mm)
Heat Base: 18,3  Cool Base: 18,3  Method: Integration