NOAA-Style Climate Reports

Select a Year or Month report
2021: Jan Feb Mar Apr Mai Jun Jul Aug Sep Okt Nov Des
2020: Jan Feb Mar Apr Mai Jun Jul Aug Sep Okt Nov Des
2019: Jan Feb Mar Apr Mai Jun Jul Aug Sep Okt Nov Des
2018: Jan Feb Mar Apr Mai Jun Jul Aug Sep Okt Nov Des
2017: Jan Feb Mar Apr Mai Jun Jul Aug Sep Okt Nov Des
2016: Jan Feb Mar Apr Mai Jun Jul Aug Sep Okt Nov Des
2015: Jan Feb Mar Apr Mai Jun Jul Aug Sep Okt Nov Des
2014: Jan Feb Mar Apr Mai Jun Jul Aug Sep Okt Nov Des
2013: Jan Feb Mar Apr Mai Jun Jul Aug Sep Okt Nov Des
2012: Jan Feb Mar Apr Mai Jun Jul Aug Sep Okt Nov Des

Report for 2016 Desember
                   Monthly Climatological Summary for des 2016

Name: Kurlandfk.no   City: Kurland, Lørenskog   State: Akershus
Elevation: 177 m  Lat: N 59° 55' 48"   Lon: E 011° 01' 06"

                  Temperature (°C), Rain (mm), Wind Speed (m/s)

                                      Heat  Cool        Avg
    Mean                              Deg   Deg         Wind                 Dom
Day Temp  High   Time   Low    Time   Days  Days  Rain  Speed High   Time    Dir
----------------------------------------------------------------------------------
 1  -3,0  -0,5   13.51  -6,3   00.00  21,3   0,0   0,0   0,1   2,7   14.43     S
 2  -3,6   2,1   12.46  -6,2   20.51  21,8   0,0   0,0   0,2   4,1   10.53   SSW
 3  -4,1  -1,2   12.51  -6,4   02.11  22,4   0,0   0,0   0,0   1,7   03.17   WSW
 4  -2,8   4,4   23.59  -7,3   01.46  21,1   0,0   0,0   0,0   2,7   23.34    NW
 5   2,9   6,6   07.45  -3,9   23.19  15,4   0,0   0,6   0,4   4,1   04.37   NNW
 6  -4,4  -1,3   11.51  -6,0   05.28  22,7   0,0   0,0   0,0   0,7   00.00    SW
 7   3,0   4,7   18.48  -5,6   00.10  15,3   0,0  14,1   1,0   7,1   04.29   NNW
 8   5,8  10,0   14.15   2,2   19.15  12,5   0,0   0,0   0,5   6,5   15.24     N
 9   3,0   6,3   00.22  -0,3   08.16  15,3   0,0   0,3   0,1   3,4   15.29     N
10   1,7   2,9   00.37  -0,5   08.07  16,9   0,0   4,5   0,1   2,7   11.11   SSE
11   0,4   1,7   00.00  -0,9   17.46  17,9   0,0   0,0   0,8   7,8   17.30   SSE
12  -2,0  -0,3   00.00  -4,0   22.09  20,3   0,0   0,0   0,3   5,8   11.13   NNW
13  -2,8  -0,2   12.07  -5,9   21.07  21,1   0,0   0,0   0,1   2,7   06.55     N
14  -6,6  -4,4   13.57  -9,8   23.51  24,9   0,0   0,0   0,0   1,4   04.31   WNW
15  -6,9  -4,2   13.32 -11,3   03.31  25,5   0,0   0,0   0,0   1,0   16.56   SSW
16  -1,8   0,7   17.51  -4,6   00.00  20,1   0,0   0,0   0,0   1,7   17.16    NW
17  -0,5   0,3   00.00  -1,5   23.31  18,8   0,0   0,0   0,0   1,4   21.43     S
18  -1,7   0,0   23.27  -4,3   09.40  20,4   0,0   0,0   0,0   1,4   01.47   SSW
19   0,7   2,8   20.54  -0,8   04.27  17,6   0,0   1,5   0,0   3,4   20.47   NNW
20   3,4   5,2   14.14   1,9   08.18  14,9   0,0   0,0   0,8   8,2   21.23   NNW
21   3,4   5,7   21.06   1,6   10.27  14,9   0,0   1,5   1,3  11,6   13.42    NW
22   3,2   4,9   00.00   1,7   04.57  15,1   0,0   0,3   1,7  10,2   13.50   NNW
23   2,1   6,2   23.57  -2,2   09.18  16,2   0,0   2,1   1,1  11,6   23.48   NNW
24   2,9   6,8   01.06   0,2   21.33  15,4   0,0   3,3   1,6  10,9   00.26   NNW
25   3,6   7,7   23.24   0,5   00.16  14,7   0,0   0,0   1,3  10,5   01.42   NNW
26   3,0   7,1   00.00   1,1   17.34  15,4   0,0   0,0   1,5  12,2   18.52   NNW
27   1,5   6,8   00.07  -4,2   18.39  16,8   0,0   0,0   0,8  12,6   03.56    NE
28  -2,8  -1,4   00.50  -4,3   08.17  21,1   0,0   0,0   0,0   1,4   03.53    SW
29  -1,7   0,5   14.57  -3,7   05.38  20,0   0,0   0,0   0,0   2,0   09.33    NW
30   4,2   7,7   23.45  -1,9   00.00  14,1   0,0   0,3   1,1  10,5   09.53     N
31   5,3   8,3   02.15  -0,8   23.50  13,0   0,0   0,3   0,7  10,9   02.34   NNW
----------------------------------------------------------------------------------
     0,2  10,0     8   -11,3    15   562,9   0,0  28,8   0,5  12,6    27     NNW

Max >=  27,0:  0
Max <=   0,0:  9
Min <=   0,0: 24
Min <= -18,0:  0
Max Rain: 14,1 on day 7
Days of Rain: 11 (>= 0,2 mm)  4 (>= 2,0 mm)  0 (>= 20,0 mm)
Heat Base: 18,3  Cool Base: 18,3  Method: Integration