NOAA-Style Climate Reports

Select a Year or Month report
2021: Jan Feb Mar Apr Mai Jun Jul Aug Sep Okt Nov Des
2020: Jan Feb Mar Apr Mai Jun Jul Aug Sep Okt Nov Des
2019: Jan Feb Mar Apr Mai Jun Jul Aug Sep Okt Nov Des
2018: Jan Feb Mar Apr Mai Jun Jul Aug Sep Okt Nov Des
2017: Jan Feb Mar Apr Mai Jun Jul Aug Sep Okt Nov Des
2016: Jan Feb Mar Apr Mai Jun Jul Aug Sep Okt Nov Des
2015: Jan Feb Mar Apr Mai Jun Jul Aug Sep Okt Nov Des
2014: Jan Feb Mar Apr Mai Jun Jul Aug Sep Okt Nov Des
2013: Jan Feb Mar Apr Mai Jun Jul Aug Sep Okt Nov Des
2012: Jan Feb Mar Apr Mai Jun Jul Aug Sep Okt Nov Des

Report for 2017
                   Annual Climatological Summary for 2017

Name: Kurlandfk.no   City: Kurland, Lørenskog   State: Akershus
Elevation: 177 m  Lat: N 59° 55' 48"   Lon: E 011° 01' 06"

                  Temperature (°C), Heat Base: 18,3  Cool Base: 18,3
                          Dep.  Heat  Cool                       Max  Max  Min  Min
        Mean  Mean        From  Deg   Deg                        >=   <=   <=   <=
 YR MO  Max   Min   Mean  Norm  Days  Days  Hi  Date  Low  Date 27,0  0,0  0,0 -18,0
------------------------------------------------------------------------------------
 17  1   1,2  -5,1  -2,0   0.0   627     0   6,5  20 -15,9    5    0    9   27    0
 17  2   4,3  -6,7  -1,2   0.0   597     0  17,8  25 -17,7   25    0    7   30    0
 17  3   8,1  -2,0   2,7   0.0   484     0  22,9  26  -6,4    7    0    1   21    0
 17  4  12,1  -0,9   5,6   0.0   382     0  20,3   2  -6,4   15    0    0   18    0
 17  5  18,4   0,6  11,5   0.0   253    23  30,2  27 -17,1   19    3    0   10    0
 17  6  22,2   9,3  16,2   0.0    97    34  27,9  14   0,3   11    2    0    0    0
 17  7  24,5  10,7  17,6   0.0    71    50  31,2  20   4,8   13    5    0    0    0
 17  8  22,8   9,9  16,0   0.0   100    28  26,7  10   3,9   14    0    0    0    0
 17  9  16,2   8,8  11,9   0.0   192     0  22,3  15   4,0   16    0    0    0    0
 17 10  11,7   2,5   6,6   0.0   364     0  18,3  16  -3,5   30    0    0   10    0
 17 11   6,0  -5,9   0,2   0.0   583     2  24,4  29 -24,4   29    0    5   23    5
 17 12  -0,1  -6,1  -2,8   0.0   654     0   8,0   7 -14,2   17    0   16   29    0
------------------------------------------------------------------------------------
        12,3   1,3   6,8   0.0  4409   139  31,2 jul -24,4  nov   10   38  168    5

                                Precipitation (mm)

              Dep.   Max        Days of Rain
              From   Obs.           >=
 YR MO Total  Norm   Day Date  0,2  2,0 20,0
---------------------------------------------
 17  1  26,4   0.0  12,9  11    10    3    0
 17  234729,0   0.023348,0  22     9    6    3
 17  3  39,0   0.0  10,2  30    15    5    0
 17  4  22,5   0.0   7,5  24     9    4    0
 17  5  89,7   0.0  14,1  18    15   12    0
 17  6  75,9   0.0  20,1  10    17   11    1
 17  7  30,6   0.0  14,7  16     9    4    0
 17  8 108,3   0.0  45,9   9    17    9    1
 17  9  92,1   0.0  21,9   6    20   11    2
 17 10 108,6   0.0  27,0  24    22   10    1
 17 11  62,7   0.0  14,7  23    16    9    0
 17 12  17,1   0.0   8,1  26     7    3    0
---------------------------------------------
     35402,0   0.023348,0  feb  166   87    8

                                Wind Speed (m/s)
                          Dom
 YR MO   Avg.  Hi   Date  Dir
------------------------------
 17  1   0,4  13,6   11   NNW
 17  2   0,8  59,1   22    NE
 17  3   0,8  14,6   15     E
 17  4   0,7  44,2    9    NE
 17  5   0,6  43,5    1   ESE
 17  6   0,6  59,2   21     E
 17  7   0,6  34,0   17    NE
 17  8   0,6   8,8   22   NNW
 17  9   0,6  38,1    6    SE
 17 10   0,6  15,6    2    SE
 17 11   0,7  59,2   29    SE
 17 12   0,3  13,3   26   WNW
------------------------------
         0,6  59,2  jun   ENE