NOAA-Style Climate Reports

Select a Year or Month report
2021: Jan Feb Mar Apr Mai Jun Jul Aug Sep Okt Nov Des
2020: Jan Feb Mar Apr Mai Jun Jul Aug Sep Okt Nov Des
2019: Jan Feb Mar Apr Mai Jun Jul Aug Sep Okt Nov Des
2018: Jan Feb Mar Apr Mai Jun Jul Aug Sep Okt Nov Des
2017: Jan Feb Mar Apr Mai Jun Jul Aug Sep Okt Nov Des
2016: Jan Feb Mar Apr Mai Jun Jul Aug Sep Okt Nov Des
2015: Jan Feb Mar Apr Mai Jun Jul Aug Sep Okt Nov Des
2014: Jan Feb Mar Apr Mai Jun Jul Aug Sep Okt Nov Des
2013: Jan Feb Mar Apr Mai Jun Jul Aug Sep Okt Nov Des
2012: Jan Feb Mar Apr Mai Jun Jul Aug Sep Okt Nov Des

Report for 2017 Februar
                   Monthly Climatological Summary for feb 2017

Name: Kurlandfk.no   City: Kurland, Lørenskog   State: Akershus
Elevation: 177 m  Lat: N 59° 55' 48"   Lon: E 011° 01' 06"

                  Temperature (°C), Rain (mm), Wind Speed (m/s)

                                      Heat  Cool        Avg
    Mean                              Deg   Deg         Wind                 Dom
Day Temp  High   Time   Low    Time   Days  Days  Rain  Speed High   Time    Dir
----------------------------------------------------------------------------------
 1   0,2   1,0   11.40  -0,2   22.33  18,1   0,0   0,0   0,3   4,8   02.53    NW
 2   0,0   0,9   12.27  -0,6   23.34  18,3   0,0   0,0   0,3   4,8   05.44    SW
 3   0,4   1,7   17.09  -0,5   00.00  17,9   0,0   0,0   0,0   0,0   00.00   ---
 4  -0,6   0,5   00.00  -1,3   08.16  18,9   0,0   0,0   0,3   4,1   13.37   SSE
 5   0,0   1,0   23.11  -0,7   00.00  18,3   0,0   0,0   0,2   2,7   21.18   SSE
 6  -0,9   0,6   00.00  -3,7   23.57  19,2   0,0   0,0   0,7   7,1   12.24   SSE
 7  -6,0  -3,7   00.00  -8,1   23.53  24,3   0,0   0,0   1,6   8,5   13.17   SSE
 8  -7,3  -5,6   15.36  -8,8   06.58  25,6   0,0   0,0   1,5   8,2   13.12   SSE
 9  -6,5  -5,1   23.40  -7,8   04.22  24,8   0,0   0,0   1,7   7,8   11.07   SSE
10  -4,6  -3,9   14.39  -5,3   00.07  22,9   0,0   0,0   1,3   6,1   15.08   SSE
11  -3,6  -1,5   13.25  -5,9   18.10  21,9   0,0   0,0   0,8   5,4   03.17   SSE
12  -4,2  -1,2   12.29  -8,1   07.06  22,5   0,0   0,0   0,1   3,4   14.26   NNE
13  -3,9   5,7   11.24  -8,8   08.10  22,2   0,0   0,6   0,0   2,0   00.30     N
14  -4,6   7,1   11.55  -9,1   07.14  22,9   0,0   0,3   0,0   1,4   13.35    SW
15  -3,9   0,0   13.17  -8,9   01.36  22,2   0,0   0,0   0,1   3,1   15.26   NNE
16  -1,8   0,7   15.26  -3,9   01.16  20,1   0,0   0,0   0,0   1,7   19.36   ENE
17  -1,5   5,4   11.31  -4,4   07.30  19,8   0,0   0,0   0,1   2,4   00.17   SSE
18  -1,4   3,1   10.59  -5,8   03.46  19,7   0,0   1,2   0,3   4,8   19.59     N
19   3,6  10,5   11.26  -0,1   07.50  14,7   0,0   0,0   0,4   5,1   00.21     N
20   3,5   5,4   15.26   1,1   22.58  14,8   0,0   0,0   0,4   4,8   01.08     N
21   1,6   3,0   06.12  -0,2   03.54   6,2   0,0   0,0   7,9   6,5   08.21   SSE
22  -0,6   0,5   18.43 -16,9   21.50  18,3   0,023348,0   9,6  59,1   00.29   NNE
23  -2,3  17,2   17.50 -17,2   21.50  20,6   0,0   0,0   0,2  51,2   02.00   SSE
24   1,2  17,5   17.50 -17,5   21.50  17,1   0,0   0,0   0,3  51,2   01.26     N
25   0,5  17,8   17.50 -17,7   13.50  17,8   0,0   0,0   0,2   7,1   13.22   NNW
26   1,1   9,7   12.07  -2,5   06.25  17,2   0,0   6,6   0,0   3,7   22.33     S
27   3,2   6,4   12.08  -0,1   00.00  15,1   0,0   4,8   0,2   4,8   10.38    NW
28   3,2   5,0   05.13   1,4   18.29  15,1   0,0  20,1   0,7   6,8   05.12   WSW
----------------------------------------------------------------------------------
    -1,3  17,8    25   -17,7    25   536,5   0,023382,0   0,8  59,1    22     ESE

Max >=  27,0:  0
Max <=   0,0:  7
Min <=   0,0: 26
Min <= -18,0:  0
Max Rain: 23348,0 on day 22
Days of Rain: 7 (>= 0,2 mm)  4 (>= 2,0 mm)  2 (>= 20,0 mm)
Heat Base: 18,3  Cool Base: 18,3  Method: Integration