NOAA-Style Climate Reports

Select a Year or Month report
2021: Jan Feb Mar Apr Mai Jun Jul Aug Sep Okt Nov Des
2020: Jan Feb Mar Apr Mai Jun Jul Aug Sep Okt Nov Des
2019: Jan Feb Mar Apr Mai Jun Jul Aug Sep Okt Nov Des
2018: Jan Feb Mar Apr Mai Jun Jul Aug Sep Okt Nov Des
2017: Jan Feb Mar Apr Mai Jun Jul Aug Sep Okt Nov Des
2016: Jan Feb Mar Apr Mai Jun Jul Aug Sep Okt Nov Des
2015: Jan Feb Mar Apr Mai Jun Jul Aug Sep Okt Nov Des
2014: Jan Feb Mar Apr Mai Jun Jul Aug Sep Okt Nov Des
2013: Jan Feb Mar Apr Mai Jun Jul Aug Sep Okt Nov Des
2012: Jan Feb Mar Apr Mai Jun Jul Aug Sep Okt Nov Des

Report for 2017 Mars
                   Monthly Climatological Summary for mar 2017

Name: Kurlandfk.no   City: Kurland, Lørenskog   State: Akershus
Elevation: 177 m  Lat: N 59° 55' 48"   Lon: E 011° 01' 06"

                  Temperature (°C), Rain (mm), Wind Speed (m/s)

                                      Heat  Cool        Avg
    Mean                              Deg   Deg         Wind                 Dom
Day Temp  High   Time   Low    Time   Days  Days  Rain  Speed High   Time    Dir
----------------------------------------------------------------------------------
 1   1,8   5,1   14.43  -0,3   22.40  16,5   0,0   3,0   0,4   6,5   00.45     S
 2  -0,1   3,7   14.25  -4,3   06.22  18,4   0,0   0,3   0,0   2,0   13.35    NE
 3   0,1   1,8   14.20  -1,5   23.54  18,2   0,0   0,3   0,2   2,4   12.28   SSE
 4  -0,7   1,1   17.36  -2,3   05.50  19,0   0,0   0,3   1,2   9,2   23.23   SSE
 5  -1,6   0,3   13.39  -3,2   07.12  19,9   0,0   0,0   2,7  10,9   03.13   SSE
 6  -2,6   0,7   11.53  -4,9   22.52  20,9   0,0   0,0   2,0   9,5   03.49   SSE
 7  -3,3  -0,6   13.49  -6,4   03.07  21,6   0,0   0,0   1,5  11,2   09.40   SSE
 8  -1,5   6,2   11.12  -5,3   07.53  19,8   0,0   0,0   0,3   4,8   13.57     N
 9   1,1   4,9   13.42  -2,0   03.24  17,2   0,0   3,3   0,3   4,8   12.58     N
10   1,8  10,3   10.30  -3,4   22.25  16,5   0,0   0,3   0,5   9,2   12.11   SSE
11   1,5  10,3   12.16  -5,9   06.41  16,8   0,0   0,3   0,4   5,1   19.21   NNE
12   3,3   6,6   11.40   1,7   00.00  15,0   0,0   1,2   1,0   6,8   04.30     N
13   2,5   3,3   09.24   2,0   01.27  15,8   0,0   1,8   1,1   8,5   14.56   NNW
14   3,9   7,2   15.38   1,5   06.29  14,4   0,0   1,5   1,0   9,9   17.47     N
15   6,7  14,1   11.19   0,9   22.36  11,6   0,0   0,0   2,1  14,6   16.28     N
16   4,3  10,1   13.54  -2,7   03.21  14,1   0,0   0,0   1,0  12,9   17.45   NNW
17   5,2  10,4   10.45   0,0   23.35  13,1   0,0   0,0   1,3   9,2   11.33     N
18   0,4   6,6   14.58  -4,9   06.27  17,9   0,0   0,0   0,5   6,5   09.32    SE
19   0,9   7,3   10.13  -6,0   03.37  17,7   0,0   0,0   0,5   5,4   15.00     N
20   2,8   5,4   13.52   0,5   02.52  15,5   0,0   4,8   0,4   4,4   20.52    NW
21   4,0   8,1   13.52   0,3   23.52  14,3   0,0   1,5   0,9   4,8   10.22     N
22   3,5  12,4   09.22  -2,4   06.22  14,8   0,0   0,0   0,5   4,8   13.52   NNE
23   2,9  11,8   09.42  -5,2   05.53  15,3   0,0   0,0   0,5   7,1   14.29     N
24   2,9  13,2   10.08  -3,9   00.58  15,4   0,0   0,3   0,6  10,5   14.21     N
25   6,4  16,8   11.23  -0,2   00.15  11,9   0,0   0,0   0,3   4,8   14.24     N
26  11,5  22,9   13.10   0,4   05.49   7,3   0,7   0,0   0,5   8,8   15.35     N
27  10,3  20,5   10.15   0,3   06.40   8,2   0,2   0,0   0,5   6,5   13.58     N
28   7,4  14,0   09.56   0,2   07.27  10,9   0,0   0,0   0,6   5,4   15.52     S
29   3,6   7,6   16.23  -2,9   22.58  14,7   0,0   0,0   0,8   6,1   10.21   SSE
30   1,6   4,1   11.07  -3,5   00.33  16,7   0,0  10,2   0,1   3,1   10.42   NNE
31   2,9   4,0   16.23   1,9   08.41  15,4   0,0   9,9   0,5   4,4   08.59   SSE
----------------------------------------------------------------------------------
     2,7  22,9    26    -6,4     7   484,8   0,9  39,0   0,8  14,6    15      NE

Max >=  27,0:  0
Max <=   0,0:  1
Min <=   0,0: 21
Min <= -18,0:  0
Max Rain: 10,2 on day 30
Days of Rain: 15 (>= 0,2 mm)  5 (>= 2,0 mm)  0 (>= 20,0 mm)
Heat Base: 18,3  Cool Base: 18,3  Method: Integration