NOAA-Style Climate Reports

Select a Year or Month report
2021: Jan Feb Mar Apr Mai Jun Jul Aug Sep Okt Nov Des
2020: Jan Feb Mar Apr Mai Jun Jul Aug Sep Okt Nov Des
2019: Jan Feb Mar Apr Mai Jun Jul Aug Sep Okt Nov Des
2018: Jan Feb Mar Apr Mai Jun Jul Aug Sep Okt Nov Des
2017: Jan Feb Mar Apr Mai Jun Jul Aug Sep Okt Nov Des
2016: Jan Feb Mar Apr Mai Jun Jul Aug Sep Okt Nov Des
2015: Jan Feb Mar Apr Mai Jun Jul Aug Sep Okt Nov Des
2014: Jan Feb Mar Apr Mai Jun Jul Aug Sep Okt Nov Des
2013: Jan Feb Mar Apr Mai Jun Jul Aug Sep Okt Nov Des
2012: Jan Feb Mar Apr Mai Jun Jul Aug Sep Okt Nov Des

Report for 2017 April
                   Monthly Climatological Summary for apr 2017

Name: Kurlandfk.no   City: Kurland, Lørenskog   State: Akershus
Elevation: 177 m  Lat: N 59° 55' 48"   Lon: E 011° 01' 06"

                  Temperature (°C), Rain (mm), Wind Speed (m/s)

                                      Heat  Cool        Avg
    Mean                              Deg   Deg         Wind                 Dom
Day Temp  High   Time   Low    Time   Days  Days  Rain  Speed High   Time    Dir
----------------------------------------------------------------------------------
 1   6,9  12,9   15.23   3,2   01.41  11,4   0,0   0,6   0,6   6,5   17.26   NNW
 2   9,0  20,3   12.45   0,3   17.42   9,3   0,1   1,8   0,3   4,8   18.16     N
 3   8,6  19,2   13.11   1,2   06.33   9,7   0,0   0,0   0,4   5,1   16.34     N
 4   6,0  11,6   11.35   3,2   23.59  12,3   0,0   0,0   1,2   8,8   10.47   NNW
 5   7,1  13,7   11.47   0,1   23.37  11,2   0,0   0,0   1,4  13,6   17.17     N
 6   5,0  12,3   16.46  -1,9   03.13  13,3   0,0   0,0   0,4   6,5   15.19    NW
 7   9,7  19,3   15.39  -1,0   06.24   8,6   0,0   0,0   0,4   5,1   12.12    SE
 8   9,9  19,0   13.43   1,5   05.50   8,4   0,0   0,0   0,4   6,5   15.34    NW
 9   9,0  18,7   13.33   1,3   05.14   9,3   0,0   0,0   0,6  44,2   11.50    NW
10   9,9  17,6   10.59   1,7   09.07   8,4   0,0   2,1   0,9   8,5   13.33   NNW
11   7,5  14,1   11.22  -0,8   06.54  10,8   0,0   0,0   0,5   7,5   11.19     N
12   5,2  10,1   16.36   1,3   05.37  13,2   0,0   3,9   0,5   5,8   13.45    SE
13   3,6   6,1   13.23   1,1   21.42  14,7   0,0   4,5   0,4   5,4   07.30    SE
14   0,5   2,3   16.57  -4,1   23.50  17,8   0,0   0,6   0,4   5,4   18.47    SE
15  -1,2   3,6   10.58  -6,4   05.34  19,8   0,0   0,0   0,3   4,8   11.11    SE
16   1,6   6,7   13.54  -4,8   01.23  16,5   0,0   0,0   0,5   8,2   23.09   SSE
17   2,6   7,2   09.38  -3,1   23.56  15,7   0,0   0,0   0,8   8,5   15.53    SE
18   3,1  11,7   10.17  -5,0   05.56  15,2   0,0   0,0   0,3   5,8   12.56     E
19   5,6  15,6   11.07  -5,2   05.28  12,7   0,0   0,0   0,5   6,5   13.16    NW
20   7,2  12,4   18.26   2,5   00.00  11,1   0,0   0,0   0,8   7,5   12.45    NW
21   8,8  17,0   10.26   0,9   23.58   9,5   0,0   0,0   1,4  12,2   13.46   NNW
22   6,4  12,1   13.31  -0,5   05.33  11,9   0,0   0,0   1,0  11,2   11.34    NE
23   5,1  14,1   12.14  -3,3   05.20  13,2   0,0   0,0   0,5   7,5   14.34   NNE
24   1,2   3,3   13.14  -0,2   00.00  17,1   0,0   7,5   0,6   6,1   21.00    SE
25   2,8   6,2   18.59   0,0   05.07  15,5   0,0   0,9   1,6  12,2   12.09    SE
26   5,4  11,0   09.37  -1,4   00.52  12,9   0,0   0,0   0,6   7,8   12.17     E
27   2,5   8,9   15.31  -3,4   03.18  15,8   0,0   0,0   0,6   7,1   14.40   ESE
28   3,5   7,6   14.42  -0,7   05.09  14,7   0,0   0,6   1,4  10,2   15.45    SE
29   6,1  12,1   18.49  -0,6   23.40  12,2   0,0   0,0   1,2   7,8   00.18   ESE
30   8,1  17,4   10.22  -3,6   05.57  10,2   0,0   0,0   0,6   8,2   12.32    NW
----------------------------------------------------------------------------------
     5,6  20,3     2    -6,4    15   382,4   0,1  22,5   0,7  44,2     9      NE

Max >=  27,0:  0
Max <=   0,0:  0
Min <=   0,0: 18
Min <= -18,0:  0
Max Rain: 7,5 on day 24
Days of Rain: 9 (>= 0,2 mm)  4 (>= 2,0 mm)  0 (>= 20,0 mm)
Heat Base: 18,3  Cool Base: 18,3  Method: Integration