NOAA-Style Climate Reports

Select a Year or Month report
2021: Jan Feb Mar Apr Mai Jun Jul Aug Sep Okt Nov Des
2020: Jan Feb Mar Apr Mai Jun Jul Aug Sep Okt Nov Des
2019: Jan Feb Mar Apr Mai Jun Jul Aug Sep Okt Nov Des
2018: Jan Feb Mar Apr Mai Jun Jul Aug Sep Okt Nov Des
2017: Jan Feb Mar Apr Mai Jun Jul Aug Sep Okt Nov Des
2016: Jan Feb Mar Apr Mai Jun Jul Aug Sep Okt Nov Des
2015: Jan Feb Mar Apr Mai Jun Jul Aug Sep Okt Nov Des
2014: Jan Feb Mar Apr Mai Jun Jul Aug Sep Okt Nov Des
2013: Jan Feb Mar Apr Mai Jun Jul Aug Sep Okt Nov Des
2012: Jan Feb Mar Apr Mai Jun Jul Aug Sep Okt Nov Des

Report for 2017 Mai
                   Monthly Climatological Summary for mai 2017

Name: Kurlandfk.no   City: Kurland, Lørenskog   State: Akershus
Elevation: 177 m  Lat: N 59° 55' 48"   Lon: E 011° 01' 06"

                  Temperature (°C), Rain (mm), Wind Speed (m/s)

                                      Heat  Cool        Avg
    Mean                              Deg   Deg         Wind                 Dom
Day Temp  High   Time   Low    Time   Days  Days  Rain  Speed High   Time    Dir
----------------------------------------------------------------------------------
 1   8,7  18,3   13.34  -1,1   03.39   9,6   0,0   0,0   0,5  43,5   06.15   NNW
 2  11,1  22,1   12.17  -2,0   04.14   7,5   0,3   0,0   0,4   5,4   15.40   ESE
 3  12,0  17,2   12.59   2,9   05.48   6,3   0,0   0,0   1,2   7,1   14.53   ESE
 4  10,8  17,2   10.45   4,0   23.59   7,5   0,0   0,0   0,7   7,8   14.37   ESE
 5  13,3  21,4   16.45   1,4   01.51   5,8   0,8   0,0   0,8   6,1   14.34   ESE
 6  17,0  25,0   13.53   9,5   04.08   2,4   1,1   0,0   1,0   7,8   22.29    SE
 7   9,6  13,8   15.58   5,7   08.31   8,7   0,0   4,2   1,7  15,6   20.38   ESE
 8   6,2   9,9   16.12   1,4   23.56  12,1   0,0   0,0   1,8  13,3   10.20   ESE
 9   5,7  12,4   13.41  -2,4   04.40  12,6   0,0   1,2   0,5   9,2   10.15     E
10   2,2   3,9   14.42   0,8   23.56  16,1   0,0  10,8   0,8   6,5   17.12    SE
11   3,4   7,7   14.28   0,8   00.00  14,7   0,0   3,9   0,2   3,4   16.47   ESE
12   5,9  12,0   18.25   2,2   00.24  12,4   0,0   0,0   0,4  17,7   21.27    SE
13   9,0  17,2   11.21   0,6   02.59   9,3   0,0   0,0   0,4   5,8   11.22    SE
14   9,3  12,5   15.17   6,6   01.21   9,1   0,0   2,1   0,2   6,5   09.46   ESE
15  10,0  14,4   14.54   6,6   23.54   8,2   0,0   0,3   0,5   5,4   15.54    SE
16   6,9  11,0   18.24 -16,3   22.53  11,3   0,0   7,2   0,5  25,6   19.27     S
17   6,0  16,6   18.53 -16,6   22.53  12,2   0,0   7,5   0,1   2,7   00.11    NW
18   8,8  20,8   14.00 -16,9   22.53   9,7   0,2  14,1   0,4   7,1   15.32    NW
19  14,1  19,3   17.15 -17,1   14.53   4,3   0,1   0,0   0,5   5,1   15.44   ESE
20  15,0  16,7   16.51  13,2   07.14   3,3   0,0   0,0   1,6   7,8   10.39    SE
21  14,8  21,3   14.23   9,9   23.59   3,8   0,3   0,6   0,8   8,5   16.43   NNW
22  14,1  22,3   12.46   5,5   23.57   4,8   0,6   0,0   0,6   6,1   00.25    NE
23  14,9  24,3   13.28   2,6   04.44   4,6   1,2   0,0   0,5   5,8   16.27     N
24  17,9  27,5   10.59   4,1   04.31   3,8   3,4   0,0   0,6   5,4   15.27   NNW
25  18,0  24,0   07.55   6,1   04.54   2,4   2,2   0,0   0,6   6,8   18.34   NNW
26  20,0  28,6   13.10   9,1   03.27   2,3   3,9   0,0   0,6   6,8   18.57   NNW
27  21,2  30,2   09.45   8,9   04.16   2,1   5,1   0,0   0,7   6,5   19.16   NNW
28  18,4  24,7   09.19  10,4   04.11   1,8   1,9   0,0   0,5   8,2   15.57   NNW
29  18,6  25,0   12.10  11,2   02.20   1,9   2,2   0,0   0,5   5,4   11.39    SE
30  14,0  16,6   18.25  12,7   03.34   4,3   0,0   5,1   0,2   3,4   19.54   NNW
31  13,2  22,3   13.33   7,6   23.07   5,3   0,1   3,9   0,5   6,8   15.29    SE
----------------------------------------------------------------------------------
    11,9  30,2    27   -17,1    19   220,2  23,4  60,9   0,6  43,5     1       E

Max >=  27,0:  3
Max <=   0,0:  0
Min <=   0,0:  7
Min <= -18,0:  0
Max Rain: 14,1 on day 18
Days of Rain: 12 (>= 0,2 mm)  9 (>= 2,0 mm)  0 (>= 20,0 mm)
Heat Base: 18,3  Cool Base: 18,3  Method: Integration