NOAA-Style Climate Reports

Select a Year or Month report
2021: Jan Feb Mar Apr Mai Jun Jul Aug Sep Okt Nov Des
2020: Jan Feb Mar Apr Mai Jun Jul Aug Sep Okt Nov Des
2019: Jan Feb Mar Apr Mai Jun Jul Aug Sep Okt Nov Des
2018: Jan Feb Mar Apr Mai Jun Jul Aug Sep Okt Nov Des
2017: Jan Feb Mar Apr Mai Jun Jul Aug Sep Okt Nov Des
2016: Jan Feb Mar Apr Mai Jun Jul Aug Sep Okt Nov Des
2015: Jan Feb Mar Apr Mai Jun Jul Aug Sep Okt Nov Des
2014: Jan Feb Mar Apr Mai Jun Jul Aug Sep Okt Nov Des
2013: Jan Feb Mar Apr Mai Jun Jul Aug Sep Okt Nov Des
2012: Jan Feb Mar Apr Mai Jun Jul Aug Sep Okt Nov Des

Report for 2017 Juli
                   Monthly Climatological Summary for jul 2017

Name: Kurlandfk.no   City: Kurland, Lørenskog   State: Akershus
Elevation: 177 m  Lat: N 59° 55' 48"   Lon: E 011° 01' 06"

                  Temperature (°C), Rain (mm), Wind Speed (m/s)

                                      Heat  Cool        Avg
    Mean                              Deg   Deg         Wind                 Dom
Day Temp  High   Time   Low    Time   Days  Days  Rain  Speed High   Time    Dir
----------------------------------------------------------------------------------
 1  20,6  28,2   15.33   8,1   03.41   2,1   4,4   0,0   0,4   4,8   11.31   ENE
 2  18,4  26,7   14.19  10,8   03.51   1,9   1,9   0,0   0,7   8,2   17.34   NNW
 3  16,7  23,0   13.39  13,0   03.50   2,0   0,4   0,0   0,8   6,8   15.35   ESE
 4  16,5  22,2   12.59   9,3   03.59   2,5   0,7   0,0   0,8   8,2   10.55    SE
 5  15,8  23,7   13.47   8,8   03.07   3,0   0,6   0,0   0,8   6,8   08.58    SE
 6  17,2  26,4   13.41   5,8   04.27   3,2   2,0   0,0   0,6   7,8   13.30   NNW
 7  17,4  24,9   13.32  12,2   00.00   2,2   1,3   0,0   0,5   5,4   17.35    NW
 8  15,8  20,2   18.37  13,4   06.09   2,8   0,2   6,9   0,3   3,4   10.23    SE
 9  18,2  25,7   13.24  12,0   01.50   1,8   1,7   0,0   0,8   8,2   17.14   NNW
10  15,2  18,1   16.29  13,6   01.18   3,1   0,0   3,3   0,5   5,1   03.22   NNW
11  16,2  20,3   14.52  13,5   04.30   2,3   0,2   1,2   0,4   4,8   16.38   NNW
12  14,5  19,5   15.37   8,6   23.58   3,8   0,0   3,0   0,4   6,5   16.09   NNE
13  16,5  26,6   12.08   4,8   03.54   3,6   1,8   0,6   0,3   6,8   13.27   NNE
14  16,8  24,9   14.10   8,6   01.11   2,9   1,4   0,0   0,7   5,4   11.33   ESE
15  17,5  26,0   13.57   8,8   03.29   2,8   2,0   0,0   0,5   5,8   15.27     N
16  16,5  22,5   16.17  12,0   23.52   2,6   0,9  14,7   0,8   6,8   19.27   NNW
17  16,8  24,3   10.07   7,5   03.58   3,0   1,6   0,0   0,9  34,0   18.37   NNW
18  19,1  28,4   10.37   6,8   05.05   2,7   3,5   0,0   0,3   5,4   11.17     N
19  17,2  24,8   12.51   9,4   01.57   2,5   1,5   0,0   0,6   6,1   14.29    SE
20  20,5  31,2   10.23   7,8   05.07   2,3   4,5   0,0   0,4   5,4   16.13   ENE
21  19,1  25,4   14.08  11,2   04.00   1,3   2,1   0,0   0,5   6,5   00.26   NNW
22  19,4  27,1   10.07  11,1   01.38   2,1   3,2   0,0   0,2   4,1   10.21   NNW
23  19,9  27,8   13.19  11,2   01.59   1,7   3,4   0,0   0,7   6,8   14.39    SE
24  18,2  22,6   16.14  14,9   07.07   0,9   0,9   0,0   0,9   5,4   06.57    SE
25  19,6  25,0   13.47  11,1   05.18   1,4   2,8   0,0   0,7   6,5   12.10    SE
26  18,9  24,3   09.56  14,0   23.45   1,1   1,7   0,0   0,3   4,4   18.26    SE
27  18,1  24,1   11.16  14,1   00.00   1,4   1,2   0,3   0,3   4,8   14.07   ENE
28  17,7  25,1   12.52  12,5   23.52   2,1   1,6   0,0   0,5   7,1   17.14   NNW
29  16,6  24,0   08.39   9,8   05.05   2,5   0,8   0,3   0,3   5,4   10.33   NNE
30  17,2  23,3   13.11  14,2   00.54   2,0   0,9   0,0   0,4   4,8   12.19    SE
31  17,5  23,8   12.33  12,8   04.24   1,9   1,1   0,3   1,0   7,5   12.26   NNW
----------------------------------------------------------------------------------
    17,6  31,2    20     4,8    13    71,5  50,3  30,6   0,6  34,0    17      NE

Max >=  27,0:  5
Max <=   0,0:  0
Min <=   0,0:  0
Min <= -18,0:  0
Max Rain: 14,7 on day 16
Days of Rain: 9 (>= 0,2 mm)  4 (>= 2,0 mm)  0 (>= 20,0 mm)
Heat Base: 18,3  Cool Base: 18,3  Method: Integration