NOAA-Style Climate Reports

Select a Year or Month report
2021: Jan Feb Mar Apr Mai Jun Jul Aug Sep Okt Nov Des
2020: Jan Feb Mar Apr Mai Jun Jul Aug Sep Okt Nov Des
2019: Jan Feb Mar Apr Mai Jun Jul Aug Sep Okt Nov Des
2018: Jan Feb Mar Apr Mai Jun Jul Aug Sep Okt Nov Des
2017: Jan Feb Mar Apr Mai Jun Jul Aug Sep Okt Nov Des
2016: Jan Feb Mar Apr Mai Jun Jul Aug Sep Okt Nov Des
2015: Jan Feb Mar Apr Mai Jun Jul Aug Sep Okt Nov Des
2014: Jan Feb Mar Apr Mai Jun Jul Aug Sep Okt Nov Des
2013: Jan Feb Mar Apr Mai Jun Jul Aug Sep Okt Nov Des
2012: Jan Feb Mar Apr Mai Jun Jul Aug Sep Okt Nov Des

Report for 2017 August
                   Monthly Climatological Summary for aug 2017

Name: Kurlandfk.no   City: Kurland, Lørenskog   State: Akershus
Elevation: 177 m  Lat: N 59° 55' 48"   Lon: E 011° 01' 06"

                  Temperature (°C), Rain (mm), Wind Speed (m/s)

                                      Heat  Cool        Avg
    Mean                              Deg   Deg         Wind                 Dom
Day Temp  High   Time   Low    Time   Days  Days  Rain  Speed High   Time    Dir
----------------------------------------------------------------------------------
 1  17,5  24,1   11.30  12,1   05.00   1,8   1,1   0,0   0,9   7,8   16.46   NNW
 2  15,8  22,8   11.48  10,5   04.40   2,9   0,4   0,3   0,6   7,5   16.13   NNW
 3  15,6  24,0   11.40   7,1   05.26   3,7   1,0   0,3   0,5   5,8   12.09    SE
 4  17,7  24,8   11.56  13,1   05.55   2,2   1,6   0,3   0,5   6,5   16.39   NNW
 5  16,5  25,5   12.26  13,4   23.58   2,5   0,7   0,0   0,2   3,7   11.44    SE
 6  15,7  20,0   17.07  12,1   01.48   2,8   0,2   0,0   0,4   5,4   14.10   NNW
 7  15,9  26,1   09.53   8,3   05.07   3,7   1,3   0,3   0,6   6,8   19.36   NNW
 8  18,0  23,4   08.56  11,8   04.33   2,0   1,7   0,0   0,6   6,1   14.38   NNW
 9  14,4  15,0   09.51  13,4   04.31   3,9   0,0  45,9   0,8   5,4   10.18    SE
10  19,4  26,7   09.47  12,9   23.56   1,8   2,9   0,3   0,4   6,1   17.52   NNW
11  18,1  26,2   13.07   9,0   05.43   2,7   2,5   0,0   0,8   8,2   19.09   NNW
12  17,3  22,7   14.58  13,5   01.16   2,0   1,0   4,2   0,8   6,8   01.46   NNW
13  15,7  24,0   13.46   7,7   23.49   3,5   0,9   0,6   0,8   8,2   08.48   ENE
14  15,9  26,7   10.15   3,9   05.55   4,3   1,9   0,0   0,4   4,4   15.59   NNW
15  16,2  22,3   12.14  11,8   05.43   2,6   0,5   1,5   0,5   5,4   11.56     N
16  18,8  25,3   11.29  12,3   23.57   1,7   2,1  16,2   0,7   6,1   01.52   NNW
17  16,9  24,8   11.26   8,9   05.09   3,0   1,6   0,3   0,4   6,1   17.07   NNW
18  17,0  22,6   13.34  14,0   02.15   1,9   0,6  15,6   0,6   6,5   03.10   ESE
19  15,8  20,5   15.50  12,7   22.27   2,6   0,1   4,2   0,7   8,2   17.45    NW
20  15,8  22,5   13.23  10,7   05.57   3,3   0,8   0,0   0,5   6,1   08.58   NNW
21  15,3  22,2   11.41   7,4   04.42   3,8   0,9   0,0   0,4   5,8   11.25   ESE
22  13,3  17,5   13.25   5,8   23.41   5,0   0,0   0,0   1,0   8,8   10.54    SE
23  14,4  24,3   10.28   4,1   06.09   5,2   1,3   0,0   0,5   5,4   13.22   NNW
24  14,5  25,2   10.58   7,2   05.08   4,7   0,8   3,9   0,2   5,1   12.42   NNW
25  14,9  20,9   12.54  10,9   07.50   3,7   0,2   7,5   0,5   5,1   09.23    SE
26  14,1  21,8   13.38   8,6   23.55   4,3   0,1   0,0   0,5   5,1   09.47    SE
27  13,4  23,2   12.46   5,4   05.55   5,5   0,6   0,0   0,3   4,4   09.45   ESE
28  15,9  22,6   11.27   7,0   00.28   3,0   0,7   0,0   1,0   7,5   14.13   NNW
29  16,8  19,2   12.13  15,4   23.58   1,6   0,0   4,2   1,1   8,2   16.49    NW
30  15,6  22,6   09.50   6,6   06.51   3,5   0,8   0,0   0,5   5,8   12.53   NNW
31  12,6  17,8   12.28   8,8   01.07   5,7   0,0   2,7   0,1   2,7   11.28     E
----------------------------------------------------------------------------------
    16,0  26,7    10     3,9    14   100,9  28,3 108,3   0,6   8,8    22       N

Max >=  27,0:  0
Max <=   0,0:  0
Min <=   0,0:  0
Min <= -18,0:  0
Max Rain: 45,9 on day 9
Days of Rain: 17 (>= 0,2 mm)  9 (>= 2,0 mm)  1 (>= 20,0 mm)
Heat Base: 18,3  Cool Base: 18,3  Method: Integration