NOAA-Style Climate Reports

Select a Year or Month report
2021: Jan Feb Mar Apr Mai Jun Jul Aug Sep Okt Nov Des
2020: Jan Feb Mar Apr Mai Jun Jul Aug Sep Okt Nov Des
2019: Jan Feb Mar Apr Mai Jun Jul Aug Sep Okt Nov Des
2018: Jan Feb Mar Apr Mai Jun Jul Aug Sep Okt Nov Des
2017: Jan Feb Mar Apr Mai Jun Jul Aug Sep Okt Nov Des
2016: Jan Feb Mar Apr Mai Jun Jul Aug Sep Okt Nov Des
2015: Jan Feb Mar Apr Mai Jun Jul Aug Sep Okt Nov Des
2014: Jan Feb Mar Apr Mai Jun Jul Aug Sep Okt Nov Des
2013: Jan Feb Mar Apr Mai Jun Jul Aug Sep Okt Nov Des
2012: Jan Feb Mar Apr Mai Jun Jul Aug Sep Okt Nov Des

Report for 2017 September
                   Monthly Climatological Summary for sep 2017

Name: Kurlandfk.no   City: Kurland, Lørenskog   State: Akershus
Elevation: 177 m  Lat: N 59° 55' 48"   Lon: E 011° 01' 06"

                  Temperature (°C), Rain (mm), Wind Speed (m/s)

                                      Heat  Cool        Avg
    Mean                              Deg   Deg         Wind                 Dom
Day Temp  High   Time   Low    Time   Days  Days  Rain  Speed High   Time    Dir
----------------------------------------------------------------------------------
 1  11,7  18,7   13.57   7,1   02.29   6,6   0,0   0,0   0,1   2,7   16.18    SE
 2  12,7  18,9   13.37   6,0   02.22   5,7   0,0   0,3   0,7   5,1   12.16    SE
 3  13,3  20,7   10.25   8,7   00.00   5,0   0,1   0,0   0,5   7,1   16.43    SE
 4  11,0  13,4   11.35   9,5   00.07   7,3   0,0   2,1   0,9   7,5   12.29    SE
 5  12,0  13,7   23.45  10,3   00.00   6,3   0,0   3,3   0,8   5,4   19.48    SE
 6  12,4  13,2   00.00  10,8   22.41   5,9   0,0  21,9   1,1  38,1   02.29   SSE
 7  11,8  15,8   10.57   7,5   23.14   6,5   0,0   2,1   0,3   4,1   11.48    SE
 8  10,8  14,9   12.42   7,8   06.29   7,5   0,0   0,6   0,8   6,1   21.59    SE
 9  12,1  15,6   16.00  10,0   01.21   6,2   0,0  20,4   0,4   5,1   02.48    SE
10  13,1  20,5   11.21   8,6   03.32   5,3   0,1   4,5   0,4   6,5   12.41    NW
11  12,8  14,5   17.36  11,3   02.17   5,5   0,0   8,4   0,8  10,2   15.00     S
12  13,0  16,0   11.36  11,3   03.36   5,3   0,0  17,1   0,8   8,2   18.58   SSW
13  12,4  19,4   11.52   8,4   05.29   5,9   0,0   0,3   0,4   5,8   15.39     N
14  11,8  16,9   16.17   7,2   23.58   6,5   0,0   0,0   0,4   5,1   10.48    SE
15  11,1  22,3   11.39   5,4   05.07   7,4   0,2   0,3   0,1   3,1   12.47    SE
16  10,9  19,6   13.16   4,0   06.51   7,5   0,0   0,3   0,3   5,1   14.48    SE
17  10,8  18,2   14.43   4,1   03.37   7,5   0,0   0,0   0,4   4,4   10.23    SE
18  12,0  18,4   13.22   7,3   04.19   6,3   0,0   0,6   0,2   4,1   14.49   NNW
19  11,2  14,4   14.54   8,6   05.46   7,1   0,0   2,1   0,4   5,1   13.42    SE
20   9,6  14,0   14.43   6,5   06.43   8,7   0,0   2,4   0,6   6,1   11.11    SE
21   8,6  13,6   15.52   6,6   04.40   9,7   0,0   0,0   0,4   4,1   09.17    SE
22  11,1  14,4   14.43   8,5   01.17   7,2   0,0   3,6   0,5   4,4   13.29    SE
23  11,8  14,0   14.48  10,8   00.00   6,5   0,0   0,6   0,7   4,8   13.45    SE
24  12,9  14,1   12.16  12,0   01.34   5,4   0,0   0,9   0,5   3,7   07.42    SE
25  13,5  15,5   14.54  12,1   23.59   4,8   0,0   0,3   0,8   5,1   09.53    SE
26  13,0  16,1   16.24  10,9   07.27   5,3   0,0   0,0   1,2   5,8   06.12    SE
27  13,5  16,3   14.13  12,1   07.05   4,8   0,0   0,0   1,6   8,5   13.30    SE
28  12,6  14,8   15.34  11,4   06.11   5,7   0,0   0,0   1,0   7,5   08.37    SE
29  11,3  12,4   00.00  10,5   07.56   7,0   0,0   0,0   1,2   6,5   04.59    SE
30  11,9  15,5   13.07   9,7   21.43   6,4   0,0   0,0   1,2  11,2   14.17   SSE
----------------------------------------------------------------------------------
    11,9  22,3    15     4,0    16   192,8   0,4  92,1   0,6  38,1     6      SE

Max >=  27,0:  0
Max <=   0,0:  0
Min <=   0,0:  0
Min <= -18,0:  0
Max Rain: 21,9 on day 6
Days of Rain: 20 (>= 0,2 mm)  11 (>= 2,0 mm)  2 (>= 20,0 mm)
Heat Base: 18,3  Cool Base: 18,3  Method: Integration