NOAA-Style Climate Reports

Select a Year or Month report
2021: Jan Feb Mar Apr Mai Jun Jul Aug Sep Okt Nov Des
2020: Jan Feb Mar Apr Mai Jun Jul Aug Sep Okt Nov Des
2019: Jan Feb Mar Apr Mai Jun Jul Aug Sep Okt Nov Des
2018: Jan Feb Mar Apr Mai Jun Jul Aug Sep Okt Nov Des
2017: Jan Feb Mar Apr Mai Jun Jul Aug Sep Okt Nov Des
2016: Jan Feb Mar Apr Mai Jun Jul Aug Sep Okt Nov Des
2015: Jan Feb Mar Apr Mai Jun Jul Aug Sep Okt Nov Des
2014: Jan Feb Mar Apr Mai Jun Jul Aug Sep Okt Nov Des
2013: Jan Feb Mar Apr Mai Jun Jul Aug Sep Okt Nov Des
2012: Jan Feb Mar Apr Mai Jun Jul Aug Sep Okt Nov Des

Report for 2017 November
                   Monthly Climatological Summary for nov 2017

Name: Kurlandfk.no   City: Kurland, Lørenskog   State: Akershus
Elevation: 177 m  Lat: N 59° 55' 48"   Lon: E 011° 01' 06"

                  Temperature (°C), Rain (mm), Wind Speed (m/s)

                                      Heat  Cool        Avg
    Mean                              Deg   Deg         Wind                 Dom
Day Temp  High   Time   Low    Time   Days  Days  Rain  Speed High   Time    Dir
----------------------------------------------------------------------------------
 1   4,1   8,1   14.20   0,6   05.16  14,2   0,0   0,3   0,0   2,0   16.17   SSW
 2   4,0  10,3   10.29  -2,6   23.16  14,3   0,0   0,0   0,7   8,8   12.40    SE
 3   3,0   9,8   11.40  -2,0   00.00  15,3   0,0   0,0   0,3   4,8   13.35   NNW
 4   3,2   8,3   11.42  -1,6   07.56  15,1   0,0   4,2   0,2   5,1   13.25    NW
 5   6,6   9,9   12.36   2,4   22.24  11,7   0,0  10,5   0,5   6,8   09.11    SW
 6   1,5   5,5   10.57  -2,5   23.38  16,8   0,0   1,8   0,0   4,1   02.20    SE
 7   2,6   6,5   13.27  -2,8   00.20  15,7   0,0   2,4   0,4   5,4   11.52    NW
 8   5,3   7,0   11.39   3,6   06.28  13,0   0,0   0,9   0,7   7,1   18.49    NW
 9   6,3   8,0   08.54   2,8   21.19  12,0   0,0   5,1   1,4  11,9   09.12    NW
10   2,5   6,4   12.30   0,6   04.35  15,8   0,0   3,3   0,4   5,8   08.27   NNW
11  -2,2   0,8   00.00  -5,3   22.50  20,5   0,0   0,6   0,0   0,0   00.00   ---
12  -3,8  -0,4   14.33  -6,5   07.24  22,1   0,0   0,0   0,0   0,0   00.00   ---
13  -3,0  -0,1   13.42  -5,7   23.56  21,8   0,0   0,3   0,0   0,0   00.00   ---
14  -1,7   1,1   13.07  -5,6   00.00  20,0   0,0   0,0   0,0   0,0   00.00   ---
15  -1,1   1,4   12.59  -3,3   06.36  19,4   0,0   0,3   0,0   0,0   00.00   ---
16   0,6   6,6   19.28  -5,4   07.15  17,7   0,0  12,6   0,3   7,1   18.46   WNW
17   3,1   5,8   14.26   1,2   07.11  15,2   0,0   0,3   1,0   8,5   09.35    NW
18   0,8   7,4   05.52  -1,6   08.42  17,5   0,0   0,0   0,3   5,1   23.23     N
19  -2,4   0,6   00.00  -6,4   23.36  20,7   0,0   0,0   0,5   7,5   02.08    SE
20  -6,3  -4,0   23.54  -9,3   07.32  24,6   0,0   0,0   0,0   1,4   19.58    NE
21  -5,4  -3,6   10.07  -9,1   22.48  23,7   0,0   0,0   0,3   4,4   10.33    SE
22  -5,2   0,7   23.31  -8,7   00.07  23,5   0,0   3,3   1,0   6,8   11.27    SE
23   6,3   8,6   17.41   0,7   00.00  12,0   0,0  14,7   1,9  48,3   20.43    NW
24   2,4   3,8   00.00   1,2   21.52  15,9   0,0   0,0   1,4   9,9   13.21    NW
25   0,6   2,4   12.32  -1,5   17.46  17,7   0,0   0,0   0,4   5,4   00.36    NW
26   2,1   4,2   13.23   0,2   00.29  15,7   0,0   2,1   0,4   4,8   14.58     S
27  -1,9   1,9   00.00 -23,8   21.59  20,5   0,0   0,0   1,0  25,6   21.35    SE
28  -6,3  24,1   17.59 -24,1   21.59  25,2   0,7   0,0   1,9  56,0   03.53    SE
29  -1,3  24,4   17.59 -24,4   21.59  20,3   0,6   0,0   1,3  59,2   20.49    SE
30  -0,9   0,0   21.17  -1,4   12.35  19,2   0,0   0,0   1,5   7,5   14.25    SE
----------------------------------------------------------------------------------
     0,5  24,4    29   -24,4    29   537,1   1,3  62,7   0,7  59,2    29      SW

Max >=  27,0:  0
Max <=   0,0:  5
Min <=   0,0: 21
Min <= -18,0:  3
Max Rain: 14,7 on day 23
Days of Rain: 16 (>= 0,2 mm)  9 (>= 2,0 mm)  0 (>= 20,0 mm)
Heat Base: 18,3  Cool Base: 18,3  Method: Integration