NOAA-Style Climate Reports

Select a Year or Month report
2021: Jan Feb Mar Apr Mai Jun Jul Aug Sep Okt Nov Des
2020: Jan Feb Mar Apr Mai Jun Jul Aug Sep Okt Nov Des
2019: Jan Feb Mar Apr Mai Jun Jul Aug Sep Okt Nov Des
2018: Jan Feb Mar Apr Mai Jun Jul Aug Sep Okt Nov Des
2017: Jan Feb Mar Apr Mai Jun Jul Aug Sep Okt Nov Des
2016: Jan Feb Mar Apr Mai Jun Jul Aug Sep Okt Nov Des
2015: Jan Feb Mar Apr Mai Jun Jul Aug Sep Okt Nov Des
2014: Jan Feb Mar Apr Mai Jun Jul Aug Sep Okt Nov Des
2013: Jan Feb Mar Apr Mai Jun Jul Aug Sep Okt Nov Des
2012: Jan Feb Mar Apr Mai Jun Jul Aug Sep Okt Nov Des

Report for 2017 Desember
                   Monthly Climatological Summary for des 2017

Name: Kurlandfk.no   City: Kurland, Lørenskog   State: Akershus
Elevation: 177 m  Lat: N 59° 55' 48"   Lon: E 011° 01' 06"

                  Temperature (°C), Rain (mm), Wind Speed (m/s)

                                      Heat  Cool        Avg
    Mean                              Deg   Deg         Wind                 Dom
Day Temp  High   Time   Low    Time   Days  Days  Rain  Speed High   Time    Dir
----------------------------------------------------------------------------------
 1  -5,2  -0,1   00.00 -11,3   22.43  23,6   0,0   0,0   0,4   5,8   01.14    SE
 2  -4,8  -1,4   14.46 -10,9   00.00  23,4   0,0   0,0   0,0   2,4   13.25   WNW
 3  -4,6  -1,6   01.29  -7,1   22.59  22,9   0,0   0,0   0,0   1,4   00.59    NE
 4  -6,2  -4,7   01.29  -7,8   09.29  24,5   0,0   0,0   0,0   0,7   04.29   ---
 5  -2,6   0,6   14.07  -6,4   05.19  20,9   0,0   0,0   0,0   1,4   15.30     E
 6  -0,3   0,4   23.29  -1,3   09.22  18,6   0,0   0,0   0,0   1,4   07.31     E
 7   5,0   8,0   15.29   0,3   00.00  13,3   0,0   4,2   1,6  11,6   23.17    NW
 8   3,4   5,5   00.00  -0,1   22.24  14,9   0,0   0,0   1,4  10,9   00.43    NW
 9   1,0   3,8   03.14  -5,8   23.58  17,3   0,0   0,6   0,3   5,1   04.17    NW
10  -6,3  -4,1   23.46  -8,4   08.57  24,6   0,0   0,0   0,2   2,7   17.16    SE
11  -2,9  -2,2   13.32  -4,1   00.00  21,2   0,0   0,0   0,7   3,7   17.29    SE
12  -6,9  -2,3   00.53 -13,3   23.36  25,2   0,0   0,0   0,3   4,1   00.43    SE
13  -7,4  -3,0   23.27 -13,5   00.27  26,0   0,0   0,0   0,1   3,1   15.28   ESE
14  -2,3  -1,0   23.32  -3,3   04.07  20,6   0,0   0,0   0,3   2,7   14.16    SE
15  -2,9  -0,7   00.57  -7,6   08.48  21,2   0,0   0,0   0,1   2,0   13.16    SE
16  -4,3  -0,9   13.34 -10,5   23.44  22,6   0,0   0,0   0,2   3,1   11.29    SE
17 -12,4  -7,6   23.57 -14,2   18.32  30,7   0,0   0,0   0,0   0,7   00.28     W
18  -4,4   0,1   11.57  -9,3   23.49  22,7   0,0   0,0   0,0   1,7   16.12    SE
19  -6,3  -2,2   19.04 -11,2   05.13  24,6   0,0   0,0   0,0   0,0   00.00   ---
20  -0,6   1,3   12.56  -2,5   00.56  18,9   0,0   0,0   0,0   2,0   18.50    NE
21  -4,7  -2,2   00.00  -6,6   05.16  23,0   0,0   0,0   0,0   0,0   00.00   ---
22  -3,9   1,3   23.57  -6,9   04.26  22,2   0,0   0,0   0,0   0,0   00.00   ---
23   0,8   2,4   20.41  -0,1   06.53  17,5   0,0   0,6   0,1   5,4   20.37    SE
24  -2,2   0,1   00.00  -5,6   23.18  20,5   0,0   0,0   0,0   0,0   00.00   ---
25  -1,1   1,8   12.24  -6,1   01.17  19,3   0,0   0,0   0,2   2,4   12.38     N
26   0,8   3,2   19.07  -1,4   03.14  17,5   0,0   8,1   0,9  13,3   19.56     W
27   1,4   2,2   13.07  -0,8   16.24  16,9   0,0   0,6   1,1   9,5   01.27    NW
28   1,0   1,6   16.17   0,7   01.22  17,3   0,0   0,6   0,1   4,4   18.24   SSE
29   0,0   1,3   00.22  -3,3   22.31  18,3   0,0   2,4   0,0   2,0   00.26    SE
30  -4,4  -2,7   01.17  -6,1   14.24  22,7   0,0   0,0   0,0   0,0   00.00   ---
31  -2,9  -0,7   23.51  -3,6   00.00  21,2   0,0   0,0   0,0   0,0   00.00   ---
----------------------------------------------------------------------------------
    -2,8   8,0     7   -14,2    17   654,1   0,0  17,1   0,3  13,3    26     WNW

Max >=  27,0:  0
Max <=   0,0: 16
Min <=   0,0: 29
Min <= -18,0:  0
Max Rain: 8,1 on day 26
Days of Rain: 7 (>= 0,2 mm)  3 (>= 2,0 mm)  0 (>= 20,0 mm)
Heat Base: 18,3  Cool Base: 18,3  Method: Integration