NOAA-Style Climate Reports

Select a Year or Month report
2021: Jan Feb Mar Apr Mai Jun Jul Aug Sep Okt Nov Des
2020: Jan Feb Mar Apr Mai Jun Jul Aug Sep Okt Nov Des
2019: Jan Feb Mar Apr Mai Jun Jul Aug Sep Okt Nov Des
2018: Jan Feb Mar Apr Mai Jun Jul Aug Sep Okt Nov Des
2017: Jan Feb Mar Apr Mai Jun Jul Aug Sep Okt Nov Des
2016: Jan Feb Mar Apr Mai Jun Jul Aug Sep Okt Nov Des
2015: Jan Feb Mar Apr Mai Jun Jul Aug Sep Okt Nov Des
2014: Jan Feb Mar Apr Mai Jun Jul Aug Sep Okt Nov Des
2013: Jan Feb Mar Apr Mai Jun Jul Aug Sep Okt Nov Des
2012: Jan Feb Mar Apr Mai Jun Jul Aug Sep Okt Nov Des

Report for 2018
                   Annual Climatological Summary for 2018

Name: Kurlandfk.no   City: Kurland, Lørenskog   State: Akershus
Elevation: 177 m  Lat: N 59° 55' 48"   Lon: E 011° 01' 06"

                  Temperature (°C), Heat Base: 18,3  Cool Base: 18,3
                          Dep.  Heat  Cool                       Max  Max  Min  Min
        Mean  Mean        From  Deg   Deg                        >=   <=   <=   <=
 YR MO  Max   Min   Mean  Norm  Days  Days  Hi  Date  Low  Date 27,0  0,0  0,0 -18,0
------------------------------------------------------------------------------------
 18  1  -0,5  -5,3  -2,7   0.0   649     0   5,2  24 -15,1    7    0   19   29    0
 18  2  -1,8  -8,1  -4,8   0.0   644     0   4,6  13 -22,7   26    0   20   28    1
 18  3   2,7  -8,7  -3,5   0.0   674     0  27,8   6 -19,3   18    1   12   31    2
 18  4  12,7  -1,0   5,6   0.0   381     0  23,6  19 -11,5    2    0    0   18    0
 18  5  25,0   6,5  17,0   0.0   125    85  33,0  25 -22,8   13   14    0    2    1
 18  6  25,5   9,8  18,9   0.0    69    86  34,8   2 -13,9   23   12    0    1    0
 18  7  30,9  13,3  22,9   0.0    26   169  34,8  20   0,1    1   29    0    0    0
 18  8  23,6   9,5  16,6   0.0    97    44  30,0   4   0,0   31    9    0    1    0
 18  9  18,2   7,4  12,6   0.0   177     7  24,9   2  -2,1   25    0    0    3    0
 18 10  11,9   1,7   6,8   0.0   357     0  22,0  10 -30,0   28    0    0   14    1
 18 11   4,9   0,7   2,9   0.0   461     0  10,9  15 -12,7   28    0    5   11    0
 18 12   0,0  -5,0  -2,3   0.0   638     0   7,0   3 -14,5   24    0   17   28    0
------------------------------------------------------------------------------------
        12,8   1,7   7,5   0.0  4304   394  34,8 jun -30,0  okt   65   73  166    5

                                Precipitation (mm)

              Dep.   Max        Days of Rain
              From   Obs.           >=
 YR MO Total  Norm   Day Date  0,2  2,0 20,0
---------------------------------------------
 18  1  32,1   0.0  14,1  31     6    3    0
 18  2   9,6   0.0   3,6  13     6    3    0
 18  3   2,1   0.0   0,9  24     5    0    0
 18  4  36,0   0.0   9,0   4    12    7    0
 18  5  25,2   0.0  11,7   1     7    3    0
 18  6  43,8   0.0  15,9  17     8    6    0
 18  7  31,8   0.0  11,4  31     8    5    0
 18  8  59,7   0.0  16,2  12    16    9    0
 18  9  96,6   0.0  25,2  21    16    7    1
 18 10  43,8   0.0  11,4  31    11    5    0
 18 11  86,7   0.0  28,8  11    16    7    1
 18 12  38,7   0.0   8,4   2     9    6    0
---------------------------------------------
       506,1   0.0  28,8  nov  120   61    2

                                Wind Speed (m/s)
                          Dom
 YR MO   Avg.  Hi   Date  Dir
------------------------------
 18  1   0,1  11,6   25    SW
 18  2   0,6  54,4   28    SE
 18  3   0,7  42,2    9   ESE
 18  4   0,5  12,9   30     E
 18  5   0,6  10,5   16   ESE
 18  6   0,8  14,3   19     E
 18  7   0,7  10,5   28     E
 18  8   0,5  12,6   10   NNW
 18  9   0,7  11,2   26   NNW
 18 10   0,6  12,9   21   NNE
 18 11   0,4  43,5   27     S
 18 12   0,3   7,8   10    SE
------------------------------
         0,5  54,4  feb     E