NOAA-Style Climate Reports

Select a Year or Month report
2021: Jan Feb Mar Apr Mai Jun Jul Aug Sep Okt Nov Des
2020: Jan Feb Mar Apr Mai Jun Jul Aug Sep Okt Nov Des
2019: Jan Feb Mar Apr Mai Jun Jul Aug Sep Okt Nov Des
2018: Jan Feb Mar Apr Mai Jun Jul Aug Sep Okt Nov Des
2017: Jan Feb Mar Apr Mai Jun Jul Aug Sep Okt Nov Des
2016: Jan Feb Mar Apr Mai Jun Jul Aug Sep Okt Nov Des
2015: Jan Feb Mar Apr Mai Jun Jul Aug Sep Okt Nov Des
2014: Jan Feb Mar Apr Mai Jun Jul Aug Sep Okt Nov Des
2013: Jan Feb Mar Apr Mai Jun Jul Aug Sep Okt Nov Des
2012: Jan Feb Mar Apr Mai Jun Jul Aug Sep Okt Nov Des

Report for 2018 Januar
                   Monthly Climatological Summary for jan 2018

Name: Kurlandfk.no   City: Kurland, Lørenskog   State: Akershus
Elevation: 177 m  Lat: N 59° 55' 48"   Lon: E 011° 01' 06"

                  Temperature (°C), Rain (mm), Wind Speed (m/s)

                                      Heat  Cool        Avg
    Mean                              Deg   Deg         Wind                 Dom
Day Temp  High   Time   Low    Time   Days  Days  Rain  Speed High   Time    Dir
----------------------------------------------------------------------------------
 1   1,5   2,9   13.08  -0,8   00.00  16,8   0,0   3,3   0,1   2,7   16.40    NW
 2  -0,3   2,2   00.14  -3,9   21.43  18,6   0,0   0,3   0,0   2,0   00.00    NW
 3  -1,8   0,0   23.19  -4,3   00.40  20,1   0,0   0,0   0,0   0,0   00.00   ---
 4   0,4   0,9   13.27   0,0   00.00  17,9   0,0   0,0   0,0   0,0   00.00   ---
 5  -2,5   0,0   00.00  -7,7   22.19  20,6   0,0   0,3   0,0   0,0   00.00   ---
 6  -7,9  -5,6   00.09 -12,1   23.59  26,2   0,0   0,0   0,0   0,0   00.00   ---
 7  -8,0  -2,4   17.43 -15,1   04.28  26,3   0,0   0,0   0,0   0,0   00.00   ---
 8  -5,7  -2,5   11.18  -8,5   20.55  23,9   0,0   0,0   0,0   0,0   00.00   ---
 9  -7,4  -5,3   03.07  -9,0   23.42  25,7   0,0   0,0   0,0   0,0   00.00   ---
10  -7,5  -3,8   23.18 -10,9   02.31  25,8   0,0   0,0   0,0   0,0   00.00   ---
11  -3,4  -2,1   14.49  -6,1   23.09  21,7   0,0   0,0   0,0   0,0   00.00   ---
12  -4,0  -2,3   14.39  -5,8   00.07  22,3   0,0   0,0   0,0   0,0   00.00   ---
13  -3,1  -2,2   13.31  -3,8   01.17  21,4   0,0   0,0   0,0   0,0   00.00   ---
14  -3,3  -2,1   23.09  -4,0   08.55  21,6   0,0   0,0   0,0   0,0   00.00   ---
15  -2,2  -0,7   23.57  -3,1   09.07  20,5   0,0   0,0   0,0   0,0   00.00   ---
16  -0,1   0,7   13.48  -0,8   00.00  18,4   0,0   0,0   0,0   0,0   00.00   ---
17   0,2   1,4   14.20  -1,5   23.56  18,1   0,0   0,0   0,0   0,0   00.00   ---
18  -3,1  -1,5   00.00  -3,8   19.49  21,4   0,0   0,0   0,0   0,0   00.00   ---
19  -2,2  -0,6   13.47  -3,5   03.37  20,5   0,0   0,0   0,0   0,0   00.00   ---
20  -2,8  -2,1   11.07  -3,5   00.52  21,1   0,0   0,0   0,0   0,0   00.00   ---
21  -4,7  -0,8   11.25  -9,8   19.50  23,0   0,0   0,0   0,0   0,0   00.00   ---
22  -5,2  -4,3   11.42  -7,2   01.58  23,5   0,0   0,0   0,0   0,0   00.00   ---
23  -1,3   1,3   20.13  -5,8   02.17  19,6   0,0   0,0   0,0   0,0   00.00   ---
24   2,9   5,2   17.04   1,1   02.28  15,4   0,0  13,8   0,5  10,5   18.29   SSW
25   3,6   4,8   11.32   1,4   21.40  14,7   0,0   0,0   0,9  11,6   00.37    NW
26  -0,2   2,3   12.09  -5,0   23.43  18,5   0,0   0,3   0,1   2,7   00.00   NNW
27  -6,6   0,9   23.32 -10,2   09.24  24,9   0,0   0,0   0,0   2,4   20.22    NE
28   0,3   2,2   12.41  -2,4   23.07  18,0   0,0   0,0   0,0   0,0   00.00   ---
29  -2,7  -1,6   14.58  -3,9   06.19  21,0   0,0   0,0   0,0   0,0   00.00   ---
30  -6,0  -3,1   00.00 -10,4   08.26  24,3   0,0   0,0   0,0   0,0   00.00   ---
31   0,7   2,2   06.16  -4,2   00.00  17,6   0,0  14,1   0,7   7,8   15.37   SSE
----------------------------------------------------------------------------------
    -2,7   5,2    24   -15,1     7   649,4   0,0  32,1   0,1  11,6    25     WSW

Max >=  27,0:  0
Max <=   0,0: 19
Min <=   0,0: 29
Min <= -18,0:  0
Max Rain: 14,1 on day 31
Days of Rain: 6 (>= 0,2 mm)  3 (>= 2,0 mm)  0 (>= 20,0 mm)
Heat Base: 18,3  Cool Base: 18,3  Method: Integration