NOAA-Style Climate Reports

Select a Year or Month report
2021: Jan Feb Mar Apr Mai Jun Jul Aug Sep Okt Nov Des
2020: Jan Feb Mar Apr Mai Jun Jul Aug Sep Okt Nov Des
2019: Jan Feb Mar Apr Mai Jun Jul Aug Sep Okt Nov Des
2018: Jan Feb Mar Apr Mai Jun Jul Aug Sep Okt Nov Des
2017: Jan Feb Mar Apr Mai Jun Jul Aug Sep Okt Nov Des
2016: Jan Feb Mar Apr Mai Jun Jul Aug Sep Okt Nov Des
2015: Jan Feb Mar Apr Mai Jun Jul Aug Sep Okt Nov Des
2014: Jan Feb Mar Apr Mai Jun Jul Aug Sep Okt Nov Des
2013: Jan Feb Mar Apr Mai Jun Jul Aug Sep Okt Nov Des
2012: Jan Feb Mar Apr Mai Jun Jul Aug Sep Okt Nov Des

Report for 2018 Februar
                   Monthly Climatological Summary for feb 2018

Name: Kurlandfk.no   City: Kurland, Lørenskog   State: Akershus
Elevation: 177 m  Lat: N 59° 55' 48"   Lon: E 011° 01' 06"

                  Temperature (°C), Rain (mm), Wind Speed (m/s)

                                      Heat  Cool        Avg
    Mean                              Deg   Deg         Wind                 Dom
Day Temp  High   Time   Low    Time   Days  Days  Rain  Speed High   Time    Dir
----------------------------------------------------------------------------------
 1   0,5   1,6   12.45  -3,9   23.56  17,8   0,0   2,1   1,0   9,2   22.14    SE
 2  -7,0  -3,9   00.00  -9,7   17.54  25,3   0,0   0,0   1,9   9,9   05.22    SE
 3  -8,3  -6,5   13.43  -9,1   07.38  26,6   0,0   0,0   2,2   8,8   11.21    SE
 4 -10,3  -6,6   12.11 -15,8   23.52  28,1   0,0   0,0   1,1   5,8   01.50    SE
 5 -10,3  -5,6   13.40 -16,7   01.20  28,3   0,0   0,0   0,0   2,4   19.52    SE
 6  -6,0  -3,3   14.07  -8,2   00.00  24,3   0,0   0,0   0,2   4,4   13.17    SE
 7  -5,8  -3,4   12.15  -8,0   23.49  24,1   0,0   0,0   0,0   2,0   08.38   SSE
 8  -3,6   1,1   18.58  -8,6   06.28  22,2   0,0   0,6   0,1   3,4   17.47    SW
 9   0,0   1,2   13.28  -1,8   23.58  18,3   0,0   0,0   0,0   0,0   00.28   ---
10  -1,5   0,0   12.28  -2,5   07.58  19,8   0,0   0,0   0,0   0,0   00.28   ---
11  -2,1  -1,2   12.58  -2,6   16.28  20,4   0,0   0,0   0,0   0,0   00.28   ---
12  -1,1  -0,3   12.19  -2,0   01.09  19,4   0,0   0,0   0,8   6,5   05.26   ESE
13  -4,7   4,6   12.12 -10,6   09.12  23,0   0,0   3,6   0,0   1,4   00.53    SE
14   0,5   2,4   13.07  -3,5   00.00  17,6   0,0   0,3   0,4   7,5   13.14   SSW
15  -0,4   3,1   12.18  -1,5   23.43  18,7   0,0   0,0   1,0   9,2   04.25     S
16  -1,6   0,3   14.07  -6,7   23.39  19,9   0,0   0,0   0,8   6,8   03.11    SE
17  -5,3  -1,6   14.29 -10,9   07.53  23,4   0,0   0,0   0,0   1,7   15.27    SE
18  -1,4   0,7   11.55  -2,7   05.32  19,8   0,0   0,0   0,0   0,7   04.02   ---
19  -1,8  -0,4   14.58  -3,4   23.46  20,1   0,0   0,0   1,1   6,1   13.36     N
20  -3,5  -0,5   14.09  -5,3   07.48  21,8   0,0   0,0   0,4   4,8   00.18     N
21  -3,3  -2,0   10.37  -5,2   02.17  21,6   0,0   0,0   0,0   1,7   09.58     N
22  -4,9  -0,9   14.55 -11,2   22.15  23,2   0,0   0,3   0,0   1,7   10.37     N
23  -4,9  -0,7   12.13  -8,4   07.09  23,2   0,0   0,0   0,1   3,1   15.41     N
24  -3,7  -1,2   13.59  -5,0   05.40  22,0   0,0   0,0   0,1   5,4   00.46   SSE
25  -7,5  -3,4   12.17 -15,0   23.58  25,8   0,0   0,0   0,5   5,4   12.39    SE
26 -14,9  -6,1   15.24 -22,7   01.39  33,2   0,0   2,7   0,3   4,1   13.51   SSE
27  -9,7  -7,8   09.30 -12,8   23.56  26,1   0,0   0,0   2,1  11,9   15.56    SE
28 -12,1  -9,3   16.17 -13,8   22.38  30,4   0,0   0,0   2,1  54,4   15.18   ESE
----------------------------------------------------------------------------------
    -4,8   4,6    13   -22,7    26   644,4   0,0   9,6   0,6  54,4    28      SE

Max >=  27,0:  0
Max <=   0,0: 20
Min <=   0,0: 28
Min <= -18,0:  1
Max Rain: 3,6 on day 13
Days of Rain: 6 (>= 0,2 mm)  3 (>= 2,0 mm)  0 (>= 20,0 mm)
Heat Base: 18,3  Cool Base: 18,3  Method: Integration