NOAA-Style Climate Reports

Select a Year or Month report
2021: Jan Feb Mar Apr Mai Jun Jul Aug Sep Okt Nov Des
2020: Jan Feb Mar Apr Mai Jun Jul Aug Sep Okt Nov Des
2019: Jan Feb Mar Apr Mai Jun Jul Aug Sep Okt Nov Des
2018: Jan Feb Mar Apr Mai Jun Jul Aug Sep Okt Nov Des
2017: Jan Feb Mar Apr Mai Jun Jul Aug Sep Okt Nov Des
2016: Jan Feb Mar Apr Mai Jun Jul Aug Sep Okt Nov Des
2015: Jan Feb Mar Apr Mai Jun Jul Aug Sep Okt Nov Des
2014: Jan Feb Mar Apr Mai Jun Jul Aug Sep Okt Nov Des
2013: Jan Feb Mar Apr Mai Jun Jul Aug Sep Okt Nov Des
2012: Jan Feb Mar Apr Mai Jun Jul Aug Sep Okt Nov Des

Report for 2018 Mars
                   Monthly Climatological Summary for mar 2018

Name: Kurlandfk.no   City: Kurland, Lørenskog   State: Akershus
Elevation: 177 m  Lat: N 59° 55' 48"   Lon: E 011° 01' 06"

                  Temperature (°C), Rain (mm), Wind Speed (m/s)

                                      Heat  Cool        Avg
    Mean                              Deg   Deg         Wind                 Dom
Day Temp  High   Time   Low    Time   Days  Days  Rain  Speed High   Time    Dir
----------------------------------------------------------------------------------
 1 -13,1  -9,5   15.29 -17,5   23.27  31,4   0,0   0,0   1,5   9,2   13.18   ESE
 2  -9,5  -4,9   14.46 -17,4   00.00  27,8   0,0   0,0   1,4   6,8   14.13   ESE
 3  -7,1  -5,0   15.35  -9,4   04.09  25,4   0,0   0,0   0,5   4,4   12.18   ESE
 4  -5,1  -0,9   13.53  -8,1   07.21  23,4   0,0   0,0   0,2   3,1   11.43    SE
 5  -5,1  -4,2   12.18  -5,9   06.42  23,4   0,0   0,0   1,1   5,1   10.14    SE
 6  -4,2  27,8   18.55  -6,0   04.19  22,6   0,1   0,0   1,7   8,2   18.55   ESE
 7  -1,9  -0,6   15.14  -3,4   05.11  20,2   0,0   0,0   0,9   4,8   13.49    SE
 8  -2,3  -1,3   00.00  -3,3   23.41  20,6   0,0   0,0   1,3   6,5   11.35    SE
 9  -3,2  -0,1   16.21  -6,5   22.55  21,5   0,0   0,0   0,5  42,2   23.39    SE
10  -3,8   0,7   14.44  -9,4   03.46  22,1   0,0   0,0   0,1   2,7   23.10    SE
11  -3,5  -2,6   13.35  -4,3   07.12  21,8   0,0   0,0   1,2   6,1   22.45    SE
12  -1,1   0,7   15.38  -3,4   00.10  19,4   0,0   0,0   0,9   7,8   01.46    SE
13   0,6   2,5   13.55  -2,2   23.57  17,7   0,0   0,3   0,8   9,5   11.31    SE
14  -3,4   3,7   10.30 -11,7   06.31  21,7   0,0   0,0   0,3   4,1   12.41    SE
15  -5,3   0,0   14.25 -11,6   23.52  23,6   0,0   0,0   0,7   7,1   12.57    SE
16  -9,1  -2,6   15.59 -15,2   23.18  27,4   0,0   0,0   0,8   7,1   14.40    SE
17 -10,6  -2,9   15.47 -18,8   04.25  28,7   0,0   0,0   0,5   5,1   08.55    SE
18  -8,5   3,9   10.11 -19,3   06.33  27,1   0,0   0,0   0,0   2,0   23.44   ESE
19  -1,9   7,4   11.59 -10,0   00.00  20,2   0,0   0,0   0,4   9,2   12.23   ESE
20  -0,6   7,3   09.20  -8,0   06.26  18,9   0,0   0,0   0,3   5,4   09.31    SE
21   2,1  10,9   09.19  -5,4   07.23  16,2   0,0   0,0   0,1   3,7   19.11     W
22   2,7  10,4   12.26  -2,8   01.40  15,6   0,0   0,3   0,0   2,4   11.51     N
23   0,6   3,3   12.57  -1,6   00.00  17,7   0,0   0,3   0,2   6,8   17.33     W
24   2,9   7,3   14.14  -0,7   23.56  15,4   0,0   0,9   0,4   5,4   09.23    NW
25   3,9  14,2   11.19  -3,3   07.16  13,8   0,0   0,3   0,1   3,7   17.30   NNW
26  -0,9   1,2   11.55  -4,4   03.29  19,2   0,0   0,0   2,7  11,6   07.57    SE
27  -3,7   2,2   09.32 -11,7   06.52  22,0   0,0   0,0   0,3   4,4   10.59     E
28  -4,8   4,5   12.35 -14,4   07.08  23,1   0,0   0,0   0,4   7,5   15.20    SE
29  -4,1   2,3   15.55 -11,1   04.52  22,4   0,0   0,0   0,4   5,8   16.11   ESE
30  -4,2   3,5   13.33 -12,2   06.30  22,5   0,0   0,0   0,3   4,4   12.40   ESE
31  -3,2   6,0   13.27 -11,7   06.42  21,5   0,0   0,0   0,2   4,1   14.26     E
----------------------------------------------------------------------------------
    -3,5  27,8     6   -19,3    18   674,3   0,1   2,1   0,7  42,2     9     ESE

Max >=  27,0:  1
Max <=   0,0: 12
Min <=   0,0: 31
Min <= -18,0:  2
Max Rain: 0,9 on day 24
Days of Rain: 5 (>= 0,2 mm)  0 (>= 2,0 mm)  0 (>= 20,0 mm)
Heat Base: 18,3  Cool Base: 18,3  Method: Integration