NOAA-Style Climate Reports

Select a Year or Month report
2021: Jan Feb Mar Apr Mai Jun Jul Aug Sep Okt Nov Des
2020: Jan Feb Mar Apr Mai Jun Jul Aug Sep Okt Nov Des
2019: Jan Feb Mar Apr Mai Jun Jul Aug Sep Okt Nov Des
2018: Jan Feb Mar Apr Mai Jun Jul Aug Sep Okt Nov Des
2017: Jan Feb Mar Apr Mai Jun Jul Aug Sep Okt Nov Des
2016: Jan Feb Mar Apr Mai Jun Jul Aug Sep Okt Nov Des
2015: Jan Feb Mar Apr Mai Jun Jul Aug Sep Okt Nov Des
2014: Jan Feb Mar Apr Mai Jun Jul Aug Sep Okt Nov Des
2013: Jan Feb Mar Apr Mai Jun Jul Aug Sep Okt Nov Des
2012: Jan Feb Mar Apr Mai Jun Jul Aug Sep Okt Nov Des

Report for 2018 April
                   Monthly Climatological Summary for apr 2018

Name: Kurlandfk.no   City: Kurland, Lørenskog   State: Akershus
Elevation: 177 m  Lat: N 59° 55' 48"   Lon: E 011° 01' 06"

                  Temperature (°C), Rain (mm), Wind Speed (m/s)

                                      Heat  Cool        Avg
    Mean                              Deg   Deg         Wind                 Dom
Day Temp  High   Time   Low    Time   Days  Days  Rain  Speed High   Time    Dir
----------------------------------------------------------------------------------
 1  -2,4   4,0   17.31  -8,0   02.20  20,7   0,0   0,0   0,6   5,4   14.46   ESE
 2  -2,4   4,9   16.29 -11,5   06.33  20,7   0,0   0,0   0,3   5,8   14.27   ESE
 3  -2,0   5,2   15.52 -10,1   06.32  20,3   0,0   0,0   0,4   5,8   17.10    SE
 4   2,5   7,1   14.16  -0,3   01.36  15,8   0,0   9,0   0,1   3,4   19.34     N
 5   2,8   5,2   16.45   1,5   22.28  15,5   0,0   6,6   0,4   5,1   20.20     E
 6   4,3  11,5   09.36  -1,8   23.57  14,0   0,0   0,0   0,9   9,5   11.43     N
 7   2,7   7,7   16.32  -2,3   00.26  15,6   0,0   0,0   0,2   3,4   14.48     N
 8   2,6   5,8   14.17  -1,6   03.29  15,7   0,0   2,7   0,3   4,8   10.09   ESE
 9   2,4   3,1   02.07   1,2   22.23  15,9   0,0   6,9   1,0   5,4   17.11    SE
10   3,6   8,6   13.18  -1,2   23.39  14,7   0,0   0,3   1,0   6,5   13.09    SE
11   2,7   8,9   17.35  -3,8   06.15  15,7   0,0   0,0   0,3   4,8   13.11     E
12   3,9  12,2   09.59  -4,5   05.24  14,4   0,0   0,0   0,6   7,8   15.11   ESE
13   5,4  13,2   17.48  -2,5   02.18  12,9   0,0   0,0   1,0   8,2   11.27   ESE
14   7,0  15,1   17.18  -0,3   03.10  11,2   0,0   0,0   0,7   5,8   12.18   ESE
15   7,9  16,5   13.43  -0,8   06.03  10,6   0,0   0,0   0,5   4,8   12.41     E
16   6,1  12,5   10.39   1,3   05.38  12,2   0,0   0,6   0,1   3,4   14.24   ESE
17   7,4  15,1   16.32   3,2   05.27  10,9   0,0   0,0   0,2   3,7   17.16   NNW
18   9,5  18,6   13.35   3,0   23.47   8,8   0,0   2,1   0,3   5,1   02.24    NW
19  10,8  23,6   12.08   1,5   04.55   8,0   0,5   0,0   0,2   5,1   17.51    NW
20   8,6  15,4   14.46   1,9   23.40   9,7   0,0   0,0   0,2   4,1   14.51   NNW
21  10,7  20,4   11.57   0,9   04.55   7,7   0,1   0,0   0,7   8,2   18.31   NNW
22   9,3  19,3   12.55  -1,8   05.34   9,0   0,0   0,0   0,3   4,8   15.55   NNW
23   7,3  11,1   18.32   4,7   05.27  11,0   0,0   4,8   0,3   5,4   11.42    NW
24   9,5  16,0   08.33   4,0   23.58   8,8   0,0   0,0   0,7   5,8   11.53    NW
25   8,5  19,2   12.29  -0,6   04.54   9,8   0,0   0,3   0,3   6,8   16.16    NE
26   9,0  18,6   11.13  -1,6   05.39   9,3   0,0   0,0   0,5   7,8   12.46   NNW
27   7,8  16,7   13.24   1,2   23.58  10,5   0,0   2,1   0,4   8,5   17.48   NNE
28   6,1  14,6   16.47   0,0   01.34  12,2   0,0   0,3   0,3   4,1   15.52     N
29   8,0  17,2   14.44  -2,0   04.21  10,2   0,0   0,0   0,3   5,1   13.27   ESE
30   8,4  14,0   11.49   0,4   03.49   9,9   0,0   0,3   1,2  12,9   20.14    SE
----------------------------------------------------------------------------------
     5,6  23,6    19   -11,5     2   381,7   0,6  36,0   0,5  12,9    30       E

Max >=  27,0:  0
Max <=   0,0:  0
Min <=   0,0: 18
Min <= -18,0:  0
Max Rain: 9,0 on day 4
Days of Rain: 12 (>= 0,2 mm)  7 (>= 2,0 mm)  0 (>= 20,0 mm)
Heat Base: 18,3  Cool Base: 18,3  Method: Integration