NOAA-Style Climate Reports

Select a Year or Month report
2021: Jan Feb Mar Apr Mai Jun Jul Aug Sep Okt Nov Des
2020: Jan Feb Mar Apr Mai Jun Jul Aug Sep Okt Nov Des
2019: Jan Feb Mar Apr Mai Jun Jul Aug Sep Okt Nov Des
2018: Jan Feb Mar Apr Mai Jun Jul Aug Sep Okt Nov Des
2017: Jan Feb Mar Apr Mai Jun Jul Aug Sep Okt Nov Des
2016: Jan Feb Mar Apr Mai Jun Jul Aug Sep Okt Nov Des
2015: Jan Feb Mar Apr Mai Jun Jul Aug Sep Okt Nov Des
2014: Jan Feb Mar Apr Mai Jun Jul Aug Sep Okt Nov Des
2013: Jan Feb Mar Apr Mai Jun Jul Aug Sep Okt Nov Des
2012: Jan Feb Mar Apr Mai Jun Jul Aug Sep Okt Nov Des

Report for 2018 Mai
                   Monthly Climatological Summary for mai 2018

Name: Kurlandfk.no   City: Kurland, Lørenskog   State: Akershus
Elevation: 177 m  Lat: N 59° 55' 48"   Lon: E 011° 01' 06"

                  Temperature (°C), Rain (mm), Wind Speed (m/s)

                                      Heat  Cool        Avg
    Mean                              Deg   Deg         Wind                 Dom
Day Temp  High   Time   Low    Time   Days  Days  Rain  Speed High   Time    Dir
----------------------------------------------------------------------------------
 1   4,5   6,7   19.46   1,3   07.53  13,8   0,0  11,7   1,2  10,2   00.59    SE
 2   8,6  15,3   13.55   5,2   04.19   9,7   0,0   0,3   0,6   8,5   16.10   WNW
 3   8,6  15,6   11.47   3,0   23.59   9,7   0,0   4,8   0,7   7,8   10.59     S
 4   9,0  17,5   12.51  -0,3   05.12   9,3   0,0   0,3   0,5   5,8   13.30   NNW
 5  15,3  24,9   12.35   6,6   05.39   4,6   1,6   0,0   0,6   5,4   16.10   NNW
 6  15,9  24,9   13.20   7,6   05.21   3,9   1,5   0,0   0,6   7,8   12.46   NNW
 7  15,5  24,4   14.14   3,8   04.46   4,7   1,9   0,0   0,5   6,8   12.41   NNW
 8  17,1  26,0   12.54   5,6   04.57   4,0   2,8   0,0   0,4   7,5   13.25   NNW
 9  18,2  27,2   10.30   5,2   04.45   3,6   3,4   0,0   0,4   6,5   15.09   NNW
10  18,8  25,4   13.39   8,8   05.43   1,5   2,0   0,3   1,1   9,5   16.45   SSE
11  15,5  21,6   16.56  11,1   23.07   3,0   0,2   7,5   0,5   5,8   17.13   ESE
12  14,1  21,2   18.29   7,1   23.59   4,5   0,3   0,0   0,5   4,8   00.50   SSE
13  16,5  24,4   16.42 -22,8   15.14   3,6   1,8   0,0   0,4   7,1   16.54    SE
14  19,3  27,0   14.13  10,1   03.10   2,4   3,3   0,0   0,6   8,2   14.29    SE
15  20,8  32,5   11.29   7,4   04.56   2,8   5,3   0,0   0,3   6,1   15.42     N
16  20,2  32,8   11.50   8,0   04.13   2,7   4,6   0,0   0,5  10,5   22.50   ESE
17  12,3  17,4   17.29   7,4   23.58   6,0   0,0   0,0   2,0  10,2   09.47    SE
18  14,3  21,9   17.23   4,0   04.58   4,4   0,4   0,0   0,7   6,1   08.08    SE
19  17,4  27,2   09.45   3,8   04.32   3,8   2,9   0,0   0,6   6,8   15.08   NNW
20  17,6  26,8   11.10   6,0   03.53   3,3   2,6   0,0   0,7   8,5   17.44   NNW
21  18,7  26,8   09.46   7,0   04.20   2,9   3,3   0,0   0,6   7,5   11.45   NNW
22  17,9  28,7   13.25   6,3   05.09   3,6   3,3   0,0   0,4   5,8   14.23     N
23  19,3  28,0   13.55   9,1   01.53   2,2   3,2   0,0   0,8   6,1   16.59     E
24  21,5  30,4   11.19   6,3   04.42   2,4   5,6   0,0   0,5   6,1   11.31     N
25  23,0  33,0   12.23   8,5   04.20   1,9   6,7   0,0   0,3   4,8   19.08   NNW
26  21,1  27,8   16.59  11,5   03.38   1,4   4,2   0,0   0,6   6,1   15.38   ESE
27  22,2  29,6   13.20  11,3   04.23   1,3   5,2   0,0   0,4   6,1   12.49   SSE
28  20,2  26,8   07.53  13,7   22.57   1,2   3,1   0,3   0,4   6,8   15.38    SE
29  20,9  27,0   14.08  11,6   03.57   1,3   3,9   0,0   0,4   4,8   15.25    SE
30  23,8  31,1   13.34  13,5   03.56   0,8   6,3   0,0   0,6   6,1   08.55    SE
31  23,0  29,8   12.23  12,6   03.56   1,0   5,7   0,0   0,6   6,8   17.52   SSE
----------------------------------------------------------------------------------
    17,1  33,0    25   -22,8    13   121,3  85,1  25,2   0,6  10,5    16     ESE

Max >=  27,0: 14
Max <=   0,0:  0
Min <=   0,0:  2
Min <= -18,0:  1
Max Rain: 11,7 on day 1
Days of Rain: 7 (>= 0,2 mm)  3 (>= 2,0 mm)  0 (>= 20,0 mm)
Heat Base: 18,3  Cool Base: 18,3  Method: Integration