NOAA-Style Climate Reports

Select a Year or Month report
2021: Jan Feb Mar Apr Mai Jun Jul Aug Sep Okt Nov Des
2020: Jan Feb Mar Apr Mai Jun Jul Aug Sep Okt Nov Des
2019: Jan Feb Mar Apr Mai Jun Jul Aug Sep Okt Nov Des
2018: Jan Feb Mar Apr Mai Jun Jul Aug Sep Okt Nov Des
2017: Jan Feb Mar Apr Mai Jun Jul Aug Sep Okt Nov Des
2016: Jan Feb Mar Apr Mai Jun Jul Aug Sep Okt Nov Des
2015: Jan Feb Mar Apr Mai Jun Jul Aug Sep Okt Nov Des
2014: Jan Feb Mar Apr Mai Jun Jul Aug Sep Okt Nov Des
2013: Jan Feb Mar Apr Mai Jun Jul Aug Sep Okt Nov Des
2012: Jan Feb Mar Apr Mai Jun Jul Aug Sep Okt Nov Des

Report for 2018 Juni
                   Monthly Climatological Summary for jun 2018

Name: Kurlandfk.no   City: Kurland, Lørenskog   State: Akershus
Elevation: 177 m  Lat: N 59° 55' 48"   Lon: E 011° 01' 06"

                  Temperature (°C), Rain (mm), Wind Speed (m/s)

                                      Heat  Cool        Avg
    Mean                              Deg   Deg         Wind                 Dom
Day Temp  High   Time   Low    Time   Days  Days  Rain  Speed High   Time    Dir
----------------------------------------------------------------------------------
 1  23,7  33,8   10.38  10,1   04.13   1,5   6,8   0,0   0,4   6,8   12.20     E
 2  24,4  34,8   12.15  12,7   03.54   1,0   7,1   0,0   0,4   7,5   15.43    NE
 3  25,1  34,6   12.23  13,5   03.26   0,9   7,7   0,0   0,4   6,1   14.50     N
 4  19,7  23,7   17.33  12,7   23.59   1,2   2,6   0,0   1,4   8,8   20.40    SE
 5  14,0  18,8   18.28   6,9   04.52   4,3   0,0   0,0   1,6   8,5   02.14    SE
 6  16,7  24,1   13.53   7,0   04.39   3,0   1,5   0,0   0,9   6,1   13.49   ESE
 7  22,3  31,0   13.10   9,2   04.09   1,8   5,8   0,0   0,4   5,4   14.46   NNW
 8  21,6  28,7   17.59  13,9   01.11   0,9   4,2   0,0   0,8   6,8   16.15    SE
 9  23,2  31,5   13.56  10,6   03.49   1,4   6,3   0,0   0,5   9,9   15.28   NNW
10  23,5  33,0   11.08  13,7   04.15   0,7   6,0   5,4   0,6   8,5   15.50   NNW
11  17,9  24,0   07.56  13,4   23.59   1,4   1,0   7,5   0,8   7,1   18.19    SE
12  17,9  23,3   16.18  11,2   04.37   1,8   1,4   0,0   1,1   9,5   08.00    SE
13  16,5  19,5   17.56  13,6   05.33   1,9   0,1   2,7   1,1   6,5   08.36    SE
14  14,8  18,8   10.56  12,6   02.58   3,5   0,0   6,0   1,1  11,2   20.27    NW
15  16,9  22,4   13.18  10,7   04.08   2,3   0,9   0,0   1,4   8,8   13.15   NNW
16  17,6  23,7   08.01  11,5   04.31   2,4   1,3   0,0   0,7   4,4   02.01    NW
17  13,4  17,4   11.34  10,7   04.07   4,9   0,0  15,9   0,5   5,8   11.45    SE
18  14,8  20,5   11.14  10,0   02.07   3,6   0,1   1,2   0,7   9,5   18.56   NNW
19  17,4  22,8   12.47  11,4   04.32   2,1   1,2   0,0   1,7  14,3   14.58   NNW
20  13,4  17,9   05.59   6,8   02.19   4,9   0,0   0,0   0,5   6,1   14.44   NNW
21  11,6  15,7   13.15   6,4   01.54   6,7   0,0   0,3   0,7  12,2   20.42   ESE
22  13,4  21,6   09.07   4,6   03.46   5,0   0,1   0,0   1,0   9,2   13.24   ENE
23  16,6  25,8   14.07 -13,9   20.17   3,9   2,2   0,0   0,5   6,1   14.46   NNW
24  19,1  27,7   13.50   6,8   04.10   2,4   3,3   0,0   0,4   4,4   13.18   ESE
25  22,6  28,8   13.38  13,9   03.22   0,8   5,1   0,0   0,7   7,1   15.16   ESE
26  24,1  32,8   11.29  14,9   05.07   0,4   6,3   0,0   0,7   6,8   12.40   NNW
27  23,7  32,9   12.47  11,9   04.15   0,8   6,2   0,0   0,8   6,5   14.32   ENE
28  24,2  31,7   12.29  12,7   04.39   0,7   6,6   0,0   0,9   8,8   17.38     N
29  18,0  21,5   14.11  11,7   04.45   1,5   1,1   4,8   1,5   9,9   07.58    SE
30  17,7  22,3   18.10   1,5   06.37   2,0   1,4   0,0   1,2   6,1   12.20    SE
----------------------------------------------------------------------------------
    18,9  34,8     2   -13,9    23    69,7  86,3  43,8   0,8  14,3    19     ENE

Max >=  27,0: 12
Max <=   0,0:  0
Min <=   0,0:  1
Min <= -18,0:  0
Max Rain: 15,9 on day 17
Days of Rain: 8 (>= 0,2 mm)  6 (>= 2,0 mm)  0 (>= 20,0 mm)
Heat Base: 18,3  Cool Base: 18,3  Method: Integration