NOAA-Style Climate Reports

Select a Year or Month report
2021: Jan Feb Mar Apr Mai Jun Jul Aug Sep Okt Nov Des
2020: Jan Feb Mar Apr Mai Jun Jul Aug Sep Okt Nov Des
2019: Jan Feb Mar Apr Mai Jun Jul Aug Sep Okt Nov Des
2018: Jan Feb Mar Apr Mai Jun Jul Aug Sep Okt Nov Des
2017: Jan Feb Mar Apr Mai Jun Jul Aug Sep Okt Nov Des
2016: Jan Feb Mar Apr Mai Jun Jul Aug Sep Okt Nov Des
2015: Jan Feb Mar Apr Mai Jun Jul Aug Sep Okt Nov Des
2014: Jan Feb Mar Apr Mai Jun Jul Aug Sep Okt Nov Des
2013: Jan Feb Mar Apr Mai Jun Jul Aug Sep Okt Nov Des
2012: Jan Feb Mar Apr Mai Jun Jul Aug Sep Okt Nov Des

Report for 2018 Juli
                   Monthly Climatological Summary for jul 2018

Name: Kurlandfk.no   City: Kurland, Lørenskog   State: Akershus
Elevation: 177 m  Lat: N 59° 55' 48"   Lon: E 011° 01' 06"

                  Temperature (°C), Rain (mm), Wind Speed (m/s)

                                      Heat  Cool        Avg
    Mean                              Deg   Deg         Wind                 Dom
Day Temp  High   Time   Low    Time   Days  Days  Rain  Speed High   Time    Dir
----------------------------------------------------------------------------------
 1  19,6  29,4   08.15   0,1   00.43   3,6   4,9   0,0   0,6   5,1   13.09    SE
 2  22,9  32,2   11.14   3,6   04.19   1,5   6,1   0,0   0,4   5,8   17.54   ESE
 3  23,9  33,0   11.54  10,9   04.09   1,3   6,9   0,0   0,5   5,8   16.07   ENE
 4  23,9  31,1   13.56  16,6   04.48   0,1   5,7   0,0   1,0   6,1   06.08   ESE
 5  21,1  30,4   11.26  13,3   05.07   1,2   4,0   0,0   0,7   7,1   13.07   NNW
 6  22,5  28,4   11.45  14,3   04.28   0,7   4,8   0,0   0,7   5,8   10.51   ESE
 7  20,5  24,5   12.47  10,4   15.37   0,7   2,9   0,6   1,5   7,5   16.24    SE
 8  22,2  30,8   11.49  11,1   01.59   1,5   5,3   0,0   0,7   6,8   17.15   NNW
 9  17,0  26,9   06.48  12,1   04.35   1,9   0,6   1,2   1,1   9,2   09.37    SE
10  23,3  29,0   13.57  15,9   02.13   0,3   5,3   0,0   0,9   6,5   10.48   ESE
11  25,3  32,7   10.37  14,8   04.55   0,5   7,4   0,0   0,6   6,8   12.31    SE
12  21,7  28,9   16.14  15,2   04.24   0,4   3,7   4,8   0,6   7,1   16.17    SE
13  23,6  31,5   14.15  14,1   02.18   0,9   6,3   0,3   0,5   5,4   13.27   NNE
14  22,7  31,6   12.19  15,3   23.39   0,5   4,9   0,0   0,8   8,2   14.28   NNW
15  22,1  30,8   15.57  13,3   02.43   1,0   4,8   0,0   0,6   5,4   13.47   NNE
16  23,4  30,5   13.31  16,0   00.01   0,4   5,5   0,0   0,6   4,4   17.01   NNE
17  23,6  32,7   14.01  13,5   03.01   1,0   6,3   2,1   0,4   5,8   14.31   SSE
18  23,9  31,4   08.36  16,8   23.58   0,1   5,7   0,0   0,3   4,1   19.16     N
19  23,8  31,9   16.15  13,0   04.43   0,9   6,4   0,0   0,5   5,8   17.55     N
20  23,8  34,8   12.53  13,6   04.38   1,0   6,5   0,0   0,6   8,5   15.59     N
21  21,3  30,3   12.24   9,6   04.44   1,8   4,8   0,0   0,6   5,4   14.14   NNW
22  21,3  28,9   17.14  14,5   02.54   0,7   3,7   0,0   0,6   6,5   13.41   NNE
23  24,9  33,3   14.07  13,7   02.17   0,7   7,3   0,0   0,5   5,8   13.26   NNW
24  25,1  34,0   11.25  16,6   02.44   0,1   6,9   0,0   0,5   6,8   13.59   NNW
25  24,5  32,1   12.27  16,1   03.36   0,2   6,4   0,0   0,7   7,1   13.09   NNW
26  24,4  33,0   16.45  13,8   04.19   0,6   6,8   0,0   0,6   6,5   08.25    SE
27  25,8  34,3   13.39  13,1   05.05   0,9   8,3   0,0   0,5   7,5   15.41    SE
28  25,0  29,5   11.57  20,5   21.51   0,0   6,7   7,2   1,7  10,5   13.53    SE
29  23,5  29,6   09.46  13,5   23.58   0,2   5,4   4,2   0,8   6,1   01.27   NNW
30  20,2  28,4   15.21  10,6   02.46   1,8   3,7   0,0   0,3   4,1   13.48   NNE
31  23,6  33,3   11.58  16,7   02.11   0,1   5,4  11,4   0,4   6,5   12.41    SE
----------------------------------------------------------------------------------
    22,9  34,8    20     0,1     1    26,6 169,4  31,8   0,7  10,5    28     ENE

Max >=  27,0: 29
Max <=   0,0:  0
Min <=   0,0:  0
Min <= -18,0:  0
Max Rain: 11,4 on day 31
Days of Rain: 8 (>= 0,2 mm)  5 (>= 2,0 mm)  0 (>= 20,0 mm)
Heat Base: 18,3  Cool Base: 18,3  Method: Integration