NOAA-Style Climate Reports

Select a Year or Month report
2021: Jan Feb Mar Apr Mai Jun Jul Aug Sep Okt Nov Des
2020: Jan Feb Mar Apr Mai Jun Jul Aug Sep Okt Nov Des
2019: Jan Feb Mar Apr Mai Jun Jul Aug Sep Okt Nov Des
2018: Jan Feb Mar Apr Mai Jun Jul Aug Sep Okt Nov Des
2017: Jan Feb Mar Apr Mai Jun Jul Aug Sep Okt Nov Des
2016: Jan Feb Mar Apr Mai Jun Jul Aug Sep Okt Nov Des
2015: Jan Feb Mar Apr Mai Jun Jul Aug Sep Okt Nov Des
2014: Jan Feb Mar Apr Mai Jun Jul Aug Sep Okt Nov Des
2013: Jan Feb Mar Apr Mai Jun Jul Aug Sep Okt Nov Des
2012: Jan Feb Mar Apr Mai Jun Jul Aug Sep Okt Nov Des

Report for 2018 August
                   Monthly Climatological Summary for aug 2018

Name: Kurlandfk.no   City: Kurland, Lørenskog   State: Akershus
Elevation: 177 m  Lat: N 59° 55' 48"   Lon: E 011° 01' 06"

                  Temperature (°C), Rain (mm), Wind Speed (m/s)

                                      Heat  Cool        Avg
    Mean                              Deg   Deg         Wind                 Dom
Day Temp  High   Time   Low    Time   Days  Days  Rain  Speed High   Time    Dir
----------------------------------------------------------------------------------
 1  23,2  29,9   13.48  14,4   23.56   0,6   5,5   0,3   0,5   5,8   12.55   NNW
 2  20,4  28,0   10.52  11,7   02.59   1,4   3,5   0,0   0,5   5,4   16.45     N
 3  20,5  28,7   11.42  12,4   04.28   1,3   3,5   0,0   0,4   5,8   19.20   NNW
 4  22,5  30,0   11.46  15,1   05.36   0,4   4,6   0,0   0,4   6,8   16.50    NE
 5  20,6  28,2   12.14  13,3   23.57   1,2   3,6   0,0   0,8   9,5   16.33   NNW
 6  18,2  27,0   10.38  10,2   04.07   2,3   2,2   0,0   0,4   5,4   17.42   NNW
 7  20,2  29,1   11.45   9,9   04.58   2,1   4,0   0,3   0,5   6,1   18.52   NNW
 8  17,5  23,8   18.15  13,1   01.48   1,6   0,8  10,5   0,4   4,4   14.19     E
 9  22,1  28,8   11.51  14,3   23.12   0,3   4,1   0,0   0,6   6,1   15.29   NNW
10  16,1  21,1   12.11  13,5   23.30   2,4   0,2   6,0   1,4  12,6   16.21     N
11  17,6  27,6   10.27  10,6   05.00   2,4   1,8   0,0   0,5   6,5   00.00   NNW
12  12,4  16,8   17.54   7,3   23.56   5,9   0,0  16,2   0,4   6,1   15.14   ESE
13  14,7  26,2   12.43   4,8   04.40   5,0   1,4   0,0   0,2   4,1   13.08    NE
14  13,9  22,0   12.33   6,7   01.56   4,8   0,4   0,0   0,4   7,1   14.12    SE
15  15,3  22,5   15.44   6,2   05.23   4,0   0,9   0,0   0,3   5,1   14.43    NW
16  17,9  21,1   12.44  16,7   00.00   0,6   0,2   4,2   1,1  10,9   20.23    NW
17  16,6  23,0   12.59  12,1   23.03   2,2   0,6   6,6   0,8   7,8   00.34    NW
18  14,5  17,1   18.32  10,7   00.33   3,8   0,0   2,1   1,2  10,2   16.13    NW
19  17,4  24,4   10.10   7,9   06.18   2,8   1,9   0,0   0,7   6,8   10.31   NNW
20  12,7  18,5   17.49   6,6   05.51   5,6   0,0   0,0   0,3   5,1   11.40   ESE
21  13,8  22,9   12.31   4,0   05.38   5,2   0,7   0,0   0,2   4,4   16.47     E
22  15,6  21,2   13.28   9,7   02.19   3,0   0,2   1,5   0,9  10,2   16.35    NW
23  17,8  25,3   10.12  10,9   05.32   2,0   1,5   0,3   0,2   3,7   00.07   NNW
24  15,2  22,1   13.17  10,0   23.58   3,6   0,6   2,7   0,5   8,2   15.49    NW
25  13,8  23,0   10.30   5,2   05.32   5,2   0,7   0,3   0,4   4,8   11.50   NNW
26  12,5  21,4   12.52   5,8   06.13   6,1   0,4   3,3   0,3   4,8   16.32     N
27  12,4  18,7   12.09   6,0   05.08   5,9   0,0   0,6   0,3   7,8   13.17   SSE
28  15,4  23,0   13.53   9,9   23.58   3,5   0,6   0,0   0,2   4,1   13.55    SE
29  13,6  19,3   15.54   6,7   05.26   4,8   0,1   0,3   0,1   4,8   13.19   NNW
30  15,5  21,4   11.26  10,2   22.50   3,1   0,3   4,5   0,4   6,1   12.58    SE
31  14,3  19,3   16.31   0,0   10.42   4,1   0,1   0,0   1,1   7,8   10.45    SE
----------------------------------------------------------------------------------
    16,6  30,0     4     0,0    31    97,2  44,4  59,7   0,5  12,6    10     NNW

Max >=  27,0:  9
Max <=   0,0:  0
Min <=   0,0:  1
Min <= -18,0:  0
Max Rain: 16,2 on day 12
Days of Rain: 16 (>= 0,2 mm)  9 (>= 2,0 mm)  0 (>= 20,0 mm)
Heat Base: 18,3  Cool Base: 18,3  Method: Integration