NOAA-Style Climate Reports

Select a Year or Month report
2021: Jan Feb Mar Apr Mai Jun Jul Aug Sep Okt Nov Des
2020: Jan Feb Mar Apr Mai Jun Jul Aug Sep Okt Nov Des
2019: Jan Feb Mar Apr Mai Jun Jul Aug Sep Okt Nov Des
2018: Jan Feb Mar Apr Mai Jun Jul Aug Sep Okt Nov Des
2017: Jan Feb Mar Apr Mai Jun Jul Aug Sep Okt Nov Des
2016: Jan Feb Mar Apr Mai Jun Jul Aug Sep Okt Nov Des
2015: Jan Feb Mar Apr Mai Jun Jul Aug Sep Okt Nov Des
2014: Jan Feb Mar Apr Mai Jun Jul Aug Sep Okt Nov Des
2013: Jan Feb Mar Apr Mai Jun Jul Aug Sep Okt Nov Des
2012: Jan Feb Mar Apr Mai Jun Jul Aug Sep Okt Nov Des

Report for 2018 September
                   Monthly Climatological Summary for sep 2018

Name: Kurlandfk.no   City: Kurland, Lørenskog   State: Akershus
Elevation: 177 m  Lat: N 59° 55' 48"   Lon: E 011° 01' 06"

                  Temperature (°C), Rain (mm), Wind Speed (m/s)

                                      Heat  Cool        Avg
    Mean                              Deg   Deg         Wind                 Dom
Day Temp  High   Time   Low    Time   Days  Days  Rain  Speed High   Time    Dir
----------------------------------------------------------------------------------
 1  14,6  23,9   12.08   5,9   05.07   4,8   1,1   0,0   0,2   4,1   16.22     N
 2  16,2  24,9   11.26   8,1   06.53   3,7   1,6   0,0   0,4   5,1   13.20   NNW
 3  16,4  24,2   13.22   6,8   06.26   3,6   1,7   0,0   0,5   6,1   11.15   NNW
 4  15,8  23,5   15.39   7,4   04.07   3,7   1,2   0,0   0,2   4,1   10.40    SE
 5  16,0  20,2   16.32  12,6   21.30   2,6   0,3   0,0   0,3   5,1   17.28    SE
 6  14,7  16,3   16.28  11,9   03.31   3,6   0,0   0,6   0,4   4,1   11.47    SE
 7  15,8  17,8   16.20  14,0   06.38   2,5   0,0   0,0   1,2   8,8   12.30    SE
 8  14,9  18,6   13.25  12,2   22.07   3,4   0,0  13,2   0,7   6,5   02.26    SE
 9  14,2  18,1   16.18  12,1   04.34   4,1   0,0  13,5   0,7   7,5   08.28     S
10  15,4  20,6   12.42  11,9   23.44   3,0   0,2  17,7   0,9   7,8   08.26    NW
11  12,0  14,7   17.45   7,9   06.38   6,3   0,0  13,5   0,5   6,8   16.52    NW
12  13,0  18,8   09.56   8,3   04.44   5,3   0,0   0,3   1,0   8,8   14.11   NNW
13  13,3  20,4   11.50   7,7   03.56   5,2   0,1   0,0   0,9   6,5   12.42   NNW
14  13,0  17,5   14.43   9,1   06.36   5,2   0,0   0,6   0,8   6,8   20.43   NNW
15  12,9  19,8   12.12   5,8   06.51   5,5   0,1   0,3   0,6   7,1   12.57   NNW
16  10,2  15,5   08.56   3,6   05.53   8,1   0,0   3,3   0,5   8,2   19.32    NW
17  12,6  15,0   14.03   9,9   07.03   5,7   0,0   1,5   0,5   4,1   00.15   NNW
18  16,0  20,1   16.03  11,8   00.03   2,6   0,2   0,3   1,0   5,8   10.33   NNW
19  17,6  22,0   13.03  14,9   07.33   1,4   0,7   1,2   1,8   8,8   22.33   NNW
20  14,3  17,5   15.03  11,2   07.33   4,0   0,0   0,0   1,8   9,2   00.33   NNW
21  11,1  16,0   13.33   8,3   05.03   7,3   0,0  25,2   0,9   8,2   16.33   WNW
22  11,7  16,7   11.03   8,3   23.33   6,6   0,0   0,0   1,4   6,8   14.33   NNW
23  10,0  18,8   10.03   1,5   23.50   8,1   0,0   0,0   0,4   5,4   15.44     N
24   6,1  15,4   12.30  -0,5   07.23  12,2   0,0   0,3   0,3   6,1   16.38   NNE
25   7,3  14,1   10.11  -2,1   04.31  11,0   0,0   0,0   0,8  10,5   22.42    NW
26  13,7  21,6   13.10   5,6   04.37   4,9   0,3   0,0   1,9  11,2   05.53    NW
27   8,4  10,4   00.19   4,0   22.36   9,9   0,0   4,5   0,5   6,5   00.09     N
28   5,2  15,9   11.57  -0,5   22.25  13,1   0,0   0,6   0,2   7,8   15.46   ENE
29   6,8  11,5   16.21   0,1   03.07  11,5   0,0   0,0   0,9   8,5   13.43   NNW
30   9,8  16,6   10.57   2,8   22.29   8,5   0,0   0,0   0,7   6,5   02.17   NNW
----------------------------------------------------------------------------------
    12,6  24,9     2    -2,1    25   177,4   7,5  96,6   0,7  11,2    26     NNW

Max >=  27,0:  0
Max <=   0,0:  0
Min <=   0,0:  3
Min <= -18,0:  0
Max Rain: 25,2 on day 21
Days of Rain: 16 (>= 0,2 mm)  7 (>= 2,0 mm)  1 (>= 20,0 mm)
Heat Base: 18,3  Cool Base: 18,3  Method: Integration