NOAA-Style Climate Reports

Select a Year or Month report
2021: Jan Feb Mar Apr Mai Jun Jul Aug Sep Okt Nov Des
2020: Jan Feb Mar Apr Mai Jun Jul Aug Sep Okt Nov Des
2019: Jan Feb Mar Apr Mai Jun Jul Aug Sep Okt Nov Des
2018: Jan Feb Mar Apr Mai Jun Jul Aug Sep Okt Nov Des
2017: Jan Feb Mar Apr Mai Jun Jul Aug Sep Okt Nov Des
2016: Jan Feb Mar Apr Mai Jun Jul Aug Sep Okt Nov Des
2015: Jan Feb Mar Apr Mai Jun Jul Aug Sep Okt Nov Des
2014: Jan Feb Mar Apr Mai Jun Jul Aug Sep Okt Nov Des
2013: Jan Feb Mar Apr Mai Jun Jul Aug Sep Okt Nov Des
2012: Jan Feb Mar Apr Mai Jun Jul Aug Sep Okt Nov Des

Report for 2018 Oktober
                   Monthly Climatological Summary for okt 2018

Name: Kurlandfk.no   City: Kurland, Lørenskog   State: Akershus
Elevation: 177 m  Lat: N 59° 55' 48"   Lon: E 011° 01' 06"

                  Temperature (°C), Rain (mm), Wind Speed (m/s)

                                      Heat  Cool        Avg
    Mean                              Deg   Deg         Wind                 Dom
Day Temp  High   Time   Low    Time   Days  Days  Rain  Speed High   Time    Dir
----------------------------------------------------------------------------------
 1   4,3  13,2   12.59  -1,7   05.57  14,0   0,0   0,0   0,4   5,4   11.49    SE
 2   3,4   6,8   11.28  -1,7   00.34  14,9   0,0   9,3   0,4   3,7   15.32   ESE
 3   5,7  15,7   12.40  -0,7   07.57  12,6   0,0   0,3   0,2   5,4   14.52   NNW
 4   4,6  11,7   23.41  -1,8   02.33  13,7   0,0   0,6   0,4   7,8   23.52   NNW
 5  10,1  15,1   10.47   4,0   08.45   8,3   0,0   0,0   1,0   8,2   00.41   NNW
 6   6,9  13,7   10.48   1,9   01.53  11,4   0,0   0,0   0,2   4,1   04.25   NNW
 7   5,4  14,0   12.48  -1,3   08.42  12,9   0,0   0,0   0,4   5,1   22.18     N
 8  10,3  15,9   12.49   5,5   02.29   8,0   0,0   4,5   0,9   9,2   04.56   NNW
 9  13,0  16,6   12.12   9,4   01.10   5,3   0,0   0,0   1,7  10,5   10.37    NW
10  14,4  22,0   11.35  11,1   06.07   4,2   0,3   0,0   0,5   5,8   02.17   NNW
11  10,9  14,7   16.12   7,6   23.44   7,4   0,0   0,0   0,7   4,8   12.39   ESE
12  10,2  13,7   23.59   7,1   01.34   8,1   0,0   0,0   0,5   5,8   09.09     E
13  16,1  17,8   19.12  13,6   03.14   2,2   0,0   0,0   1,3  10,5   11.56    NW
14  15,8  19,9   12.05  13,1   22.05   2,7   0,2   0,0   1,0   4,8   00.05   NNW
15  12,9  14,8   14.35   9,4   22.35   5,5   0,0   5,1   0,5   3,7   02.35   NNW
16   7,4   9,4   00.05   5,9   09.05  10,3   0,0   0,0   0,2   3,1   10.32    SE
17  10,5  14,5   14.11   7,6   00.00   7,8   0,0   1,2   0,3   6,1   14.29    NW
18   6,7  14,7   11.28   0,5   23.56  11,6   0,0   0,0   0,3   6,8   13.28   NNW
19   4,2  10,5   14.33  -0,8   01.57  14,1   0,0   0,3   0,1   2,4   14.17   NNW
20   4,8   9,5   15.16   0,7   06.12  13,5   0,0   0,0   0,2   2,7   13.38     N
21  10,8  16,8   12.40   6,3   07.07   7,5   0,0   1,2   1,0  12,9   19.28   NNW
22   7,3  12,3   12.41   4,0   02.37  11,0   0,0   0,0   1,0  10,2   22.45   NNW
23   6,5  15,4   11.36  -1,9   23.08  11,8   0,0   1,2   0,6   8,2   16.27     N
24   1,7   9,7   12.56  -1,9   00.00  16,6   0,0   0,0   0,1   3,7   16.18   NNW
25   2,4   8,5   15.38  -2,0   07.54  15,9   0,0   0,0   0,3   6,1   12.20    SE
26   0,8   4,4   14.59  -3,0   04.13  17,5   0,0   0,0   0,7   5,8   14.30    SE
27   0,6   3,0   14.19  -3,3   03.48  17,7   0,0   0,0   0,9   7,1   11.50    SE
28  -1,3   3,2   11.15 -30,0   21.42  20,4   0,0   0,0   0,8   8,2   11.44   ESE
29  -1,9   0,9   23.47  -5,6   00.40  20,2   0,0   0,0   0,9   6,5   16.52    SE
30   1,0   3,3   23.56  -0,2   02.57  17,3   0,0   8,7   1,7   7,8   16.43    SE
31   5,1   7,4   15.06   2,2   23.45  13,2   0,0  11,4   0,6   6,1   06.39    NW
----------------------------------------------------------------------------------
     6,8  22,0    10   -30,0    28   357,6   0,5  43,8   0,6  12,9    21       N

Max >=  27,0:  0
Max <=   0,0:  0
Min <=   0,0: 14
Min <= -18,0:  1
Max Rain: 11,4 on day 31
Days of Rain: 11 (>= 0,2 mm)  5 (>= 2,0 mm)  0 (>= 20,0 mm)
Heat Base: 18,3  Cool Base: 18,3  Method: Integration