NOAA-Style Climate Reports

Select a Year or Month report
2021: Jan Feb Mar Apr Mai Jun Jul Aug Sep Okt Nov Des
2020: Jan Feb Mar Apr Mai Jun Jul Aug Sep Okt Nov Des
2019: Jan Feb Mar Apr Mai Jun Jul Aug Sep Okt Nov Des
2018: Jan Feb Mar Apr Mai Jun Jul Aug Sep Okt Nov Des
2017: Jan Feb Mar Apr Mai Jun Jul Aug Sep Okt Nov Des
2016: Jan Feb Mar Apr Mai Jun Jul Aug Sep Okt Nov Des
2015: Jan Feb Mar Apr Mai Jun Jul Aug Sep Okt Nov Des
2014: Jan Feb Mar Apr Mai Jun Jul Aug Sep Okt Nov Des
2013: Jan Feb Mar Apr Mai Jun Jul Aug Sep Okt Nov Des
2012: Jan Feb Mar Apr Mai Jun Jul Aug Sep Okt Nov Des

Report for 2018 Desember
                   Monthly Climatological Summary for des 2018

Name: Kurlandfk.no   City: Kurland, Lørenskog   State: Akershus
Elevation: 177 m  Lat: N 59° 55' 48"   Lon: E 011° 01' 06"

                  Temperature (°C), Rain (mm), Wind Speed (m/s)

                                      Heat  Cool        Avg
    Mean                              Deg   Deg         Wind                 Dom
Day Temp  High   Time   Low    Time   Days  Days  Rain  Speed High   Time    Dir
----------------------------------------------------------------------------------
 1   5,2   6,4   13.10   2,7   23.40  13,1   0,0   3,0   0,9   7,1   04.00   WNW
 2   4,3   5,2   23.07   2,3   01.38  14,0   0,0   8,4   0,6   5,8   15.59     S
 3   5,4   7,0   16.29   4,3   04.47  12,9   0,0   8,4   0,2   3,7   13.15    NE
 4   1,8   5,7   00.23  -2,6   21.54  16,5   0,0   6,0   0,4   6,8   07.10   NNW
 5  -2,7  -1,6   12.25  -4,1   02.47  21,0   0,0   0,0   0,2   4,4   01.11   NNW
 6  -3,5  -1,3   23.52  -6,3   07.31  21,8   0,0   0,0   0,2   2,4   12.33    SE
 7  -0,6   0,2   12.39  -1,3   00.00  18,9   0,0   0,0   0,0   3,7   23.25    SW
 8  -0,4   0,7   13.07  -1,2   20.54  18,7   0,0   0,0   0,2   4,4   01.17   WSW
 9  -3,1  -1,0   00.00  -6,7   23.17  21,4   0,0   0,0   0,0   0,0   00.00   ---
10  -0,2   4,4   18.18  -6,7   00.05  18,4   0,0   3,3   0,3   7,8   17.25   ESE
11   0,3   4,2   11.51  -4,9   20.29  18,3   0,0   0,9   0,3   4,4   12.05    SE
12  -6,8  -3,1   00.00  -9,7   17.46  25,1   0,0   0,0   0,1   3,1   23.54    SE
13  -6,3  -5,8   06.43  -7,6   23.36  24,6   0,0   0,0   0,2   2,4   06.49    SE
14  -9,4  -7,6   00.00 -11,4   22.06  27,8   0,0   0,0   0,2   2,0   00.57    SE
15  -8,4  -5,3   23.51 -10,8   00.05  26,8   0,0   0,0   0,2   2,0   15.35   SSE
16  -1,7  -0,4   12.53  -5,3   00.00  20,0   0,0   0,0   0,6   4,8   11.21   SSE
17  -1,7  -0,4   11.55  -2,9   09.17  20,0   0,0   0,0   0,1   2,4   00.38   SSE
18  -4,2  -2,2   00.00  -6,4   15.45  22,5   0,0   0,0   0,0   1,4   18.21   ENE
19  -1,1   1,4   23.54  -4,7   00.00  19,4   0,0   0,3   0,1   3,4   23.42    SE
20   1,0   1,6   01.52  -0,3   23.59  17,3   0,0   1,2   0,9   6,1   04.18   SSE
21  -1,4  -0,2   00.01  -2,9   23.08  19,9   0,0   0,0   1,2   7,1   02.20    SE
22  -3,4  -2,6   12.40  -4,4   23.00  21,7   0,0   0,0   0,4   4,8   01.18    SE
23  -6,0  -3,7   14.13 -11,7   23.33  24,3   0,0   0,0   0,0   2,0   07.43    SE
24  -9,7  -3,4   23.36 -14,5   06.36  27,6   0,0   0,0   0,0   1,7   20.36     S
25  -2,4   2,0   17.28  -5,5   05.06  21,0   0,0   0,0   0,1   3,1   16.30     W
26  -1,3   1,0   20.25  -4,6   02.55  19,6   0,0   0,0   0,0   2,7   20.08    SW
27  -1,0   1,0   13.54  -3,2   07.07  19,3   0,0   0,0   0,0   2,4   11.48     N
28  -6,6  -2,7   00.07  -8,6   19.39  24,9   0,0   0,0   0,0   0,0   00.00   ---
29  -4,8  -2,5   20.31  -7,3   00.26  23,1   0,0   0,0   0,0   0,0   00.00   ---
30  -3,9  -2,4   08.54  -5,0   06.52  22,2   0,0   0,0   0,0   0,0   00.00   ---
31   1,8   4,9   23.57  -3,3   00.00  16,5   0,0   7,2   0,6   6,8   22.12   NNW
----------------------------------------------------------------------------------
    -2,3   7,0     3   -14,5    24   638,6   0,0  38,7   0,3   7,8    10      SE

Max >=  27,0:  0
Max <=   0,0: 17
Min <=   0,0: 28
Min <= -18,0:  0
Max Rain: 8,4 on day 2
Days of Rain: 9 (>= 0,2 mm)  6 (>= 2,0 mm)  0 (>= 20,0 mm)
Heat Base: 18,3  Cool Base: 18,3  Method: Integration