NOAA-Style Climate Reports

Select a Year or Month report
2021: Jan Feb Mar Apr Mai Jun Jul Aug Sep Okt Nov Des
2020: Jan Feb Mar Apr Mai Jun Jul Aug Sep Okt Nov Des
2019: Jan Feb Mar Apr Mai Jun Jul Aug Sep Okt Nov Des
2018: Jan Feb Mar Apr Mai Jun Jul Aug Sep Okt Nov Des
2017: Jan Feb Mar Apr Mai Jun Jul Aug Sep Okt Nov Des
2016: Jan Feb Mar Apr Mai Jun Jul Aug Sep Okt Nov Des
2015: Jan Feb Mar Apr Mai Jun Jul Aug Sep Okt Nov Des
2014: Jan Feb Mar Apr Mai Jun Jul Aug Sep Okt Nov Des
2013: Jan Feb Mar Apr Mai Jun Jul Aug Sep Okt Nov Des
2012: Jan Feb Mar Apr Mai Jun Jul Aug Sep Okt Nov Des

Report for 2019
                   Annual Climatological Summary for 2019

Name: Kurlandfk.no   City: Kurland, Lørenskog   State: Akershus
Elevation: 177 m  Lat: N 59° 55' 48"   Lon: E 011° 01' 06"

                  Temperature (°C), Heat Base: 18,3  Cool Base: 18,3
                          Dep.  Heat  Cool                       Max  Max  Min  Min
        Mean  Mean        From  Deg   Deg                        >=   <=   <=   <=
 YR MO  Max   Min   Mean  Norm  Days  Days  Hi  Date  Low  Date 27,0  0,0  0,0 -18,0
------------------------------------------------------------------------------------
 19  1
 19  2
 19  3
 19  4  18,4   1,8  10,4   0.0   155     9  26,6  29  -7,8   12    0    0    9    0
 19  5  16,4   4,3  10,8   0.0   239     8  25,2  21  -3,8    3    0    0    6    0
 19  6  22,9   9,8  16,6   0.0    94    41  31,4   6   5,2   23    4    0    0    0
 19  7  24,2   7,8  16,3   0.0508000010240    79  35,8  26  -1,1   25   13    2    9    0
 19  8  24,1  11,3  17,5   0.0    72    47  30,7   2   5,4   15    8    0    0    0
 19  9  17,0   6,3  11,5   0.0   209     5  26,4  21   0,4   19    0    0    0    0
 19 10   9,3   1,9   5,2   0.0   405     0  15,4   1  -4,7    7    0    0   10    0
 19 11   1,7  -0,2   0,7   0.0   527     0   7,7  26  -5,6    5    0    8   15    0
 19 12   1,8  -1,7  -0,2   0.0   609     0  26,3  25 -10,8   19    0   20   33    0
------------------------------------------------------------------------------------
        15,1   4,6   9,9   0.0508000010240   192  35,8 jul -10,8  des   25   30   82    0

                                Precipitation (mm)

              Dep.   Max        Days of Rain
              From   Obs.           >=
 YR MO Total  Norm   Day Date  0,2  2,0 20,0
---------------------------------------------
 19  1
 19  2
 19  3
 19  41395,0   0.01382,1  12     4    4    1
 19  5  91,5   0.0  15,6   9    19   10    0
 19  6  96,3   0.0  18,9  20    17   13    0
 19  71297,8   0.01177,8  22    17    8    3
 19  8  76,8   0.0  15,3  29    15    8    0
 19  9  95,7   0.0  29,1   4     7    6    2
 19 10   0,0   0.0   0,0   0     0    0    0
 19 11  57,6   0.0  19,8  19     7    5    0
 19 122627,4   0.02587,2   7    13   10    1
---------------------------------------------
      5738,1   0.02587,2  des   99   64    7

                                Wind Speed (m/s)
                          Dom
 YR MO   Avg.  Hi   Date  Dir
------------------------------
 19  1
 19  2
 19  3
 19  4   0,6   7,5   24    SE
 19  5   0,7   8,8    2   ESE
 19  6   0,6   8,5   21   ENE
 19  7   1,0  59,2   22    SE
 19  8   0,4  52,0   27   NNW
 19  9   0,6  11,2   14   ENE
 19 10   0,4   8,5    2   ESE
 19 11   0,7  46,9   16    SE
 19 12   0,4  11,2   11   NNW
------------------------------
         0,6  59,2  jul     E