NOAA-Style Climate Reports

Select a Year or Month report
2021: Jan Feb Mar Apr Mai Jun Jul Aug Sep Okt Nov Des
2020: Jan Feb Mar Apr Mai Jun Jul Aug Sep Okt Nov Des
2019: Jan Feb Mar Apr Mai Jun Jul Aug Sep Okt Nov Des
2018: Jan Feb Mar Apr Mai Jun Jul Aug Sep Okt Nov Des
2017: Jan Feb Mar Apr Mai Jun Jul Aug Sep Okt Nov Des
2016: Jan Feb Mar Apr Mai Jun Jul Aug Sep Okt Nov Des
2015: Jan Feb Mar Apr Mai Jun Jul Aug Sep Okt Nov Des
2014: Jan Feb Mar Apr Mai Jun Jul Aug Sep Okt Nov Des
2013: Jan Feb Mar Apr Mai Jun Jul Aug Sep Okt Nov Des
2012: Jan Feb Mar Apr Mai Jun Jul Aug Sep Okt Nov Des

Report for 2019 Januar
                   Monthly Climatological Summary for jan 2019

Name: Kurlandfk.no   City: Kurland, Lørenskog   State: Akershus
Elevation: 177 m  Lat: N 59° 55' 48"   Lon: E 011° 01' 06"

                  Temperature (°C), Rain (mm), Wind Speed (m/s)

                                      Heat  Cool        Avg
    Mean                              Deg   Deg         Wind                 Dom
Day Temp  High   Time   Low    Time   Days  Days  Rain  Speed High   Time    Dir
----------------------------------------------------------------------------------
 1   4,1   6,5   12.32   1,2   07.30  14,2   0,0   0,0   1,6  16,3   17.14    NE
 2  -2,7   2,1   00.00  -6,4   17.30  21,0   0,0   0,0   0,5   9,2   00.27   ESE
 3  -1,5   0,6   14.44  -4,1   00.00  19,8   0,0   0,0   0,0   2,7   00.55     W
 4   1,1   5,1   13.07  -2,4   00.00  17,2   0,0   0,0   0,1   2,7   10.49     W
 5  -0,9   0,7   00.00  -3,4   23.53  19,2   0,0   0,0   0,0   2,4   10.06     S
 6  -1,6   2,0   14.19  -4,1   01.20  19,9   0,0   0,0   0,1   1,7   01.31   WNW
 7  -1,1   0,2   19.14  -3,0   02.27  19,4   0,0   0,0   0,1   4,4   23.24   NNW
 8   0,9   2,3   13.42  -1,1   20.36  17,4   0,0   0,3   0,5   6,5   21.43    SE
 9  -1,0   1,9   13.27  -6,1   23.56  19,2   0,0   0,0   0,9   9,5   07.08   ESE
10  -3,2   1,0   12.44  -8,2   02.26  21,5   0,0   0,0   0,1   3,4   09.25   NNW
11  -2,6   1,7   05.43  -7,8   23.39  20,9   0,0   0,0   0,1   3,4   08.21    SW
12  -6,9  -3,7   16.05 -10,7   23.36  24,9   0,0   0,0   0,1   1,4   00.49   ESE
13  -5,6  -0,8   11.23 -11,1   00.36  24,3   0,0   0,0   0,2   4,4   13.59   ESE
14  -3,1   1,9   13.56  -9,3   01.11  21,4   0,0   0,0   0,8  12,9   10.24   NNW
15  -5,2  -1,7   18.06  -9,8   05.24  23,5   0,0   0,0   0,2   4,1   00.35     N
16  -6,9  -4,0   18.30 -11,1   23.35  25,2   0,0   0,0   0,2   3,4   10.21   ESE
17 -10,7  -5,2   14.15 -13,2   06.56  29,0   0,0   0,0   0,1   2,4   13.43   SSE
18  -9,9  -6,5   17.12 -13,2   04.16  28,2   0,0   0,0   0,0   1,7   04.23    NE
19  -7,0  -1,5   13.05 -11,8   04.33  25,3   0,0   0,0   0,0   1,7   09.01    NE
20 -11,0  -6,5   00.00 -15,0   09.19  29,3   0,0   0,0   0,0   1,0   23.05   ESE
21  -6,7  -4,7   13.44  -9,9   00.00  25,0   0,0   0,0   0,2   2,7   11.34   SSE
22  -5,2  -4,2   23.41  -6,8   00.05  23,5   0,0   0,0   0,2   2,0   16.09   SSE
23  -3,0  -0,4   13.46  -4,2   00.00  21,3   0,0   0,0   0,1   2,0   02.25    SE
24  -2,9  -0,9   13.18  -3,5   04.56  21,2   0,0   0,0   0,1   3,1   14.41   ESE
25  -2,8  -0,7   13.04  -5,1   23.56  21,1   0,0   0,0   0,3   5,8   16.53   SSE
26  -5,0  -4,2   12.15  -6,9   06.10  23,3   0,0   0,0   0,5   5,4   23.56    SE
27  -6,3  -4,5   00.00  -7,2   17.00  24,6   0,0   0,0   2,1   8,2   21.48    SE
28  -5,8  -3,9   13.28 -11,2   23.58  24,1   0,0   0,0   1,5   9,9   02.08    SE
29 -15,2 -10,3   14.10 -18,9   21.49  33,5   0,0   0,0   0,0   1,7   14.07   SSE
30 -13,1 -11,6   23.25 -18,1   01.10  31,4   0,0   0,0   0,2   2,7   23.32   SSE
31  -8,2  -3,4   22.55 -11,6   00.00  26,5   0,0   0,0   1,3   6,5   15.05    SE
----------------------------------------------------------------------------------
    -4,8   6,5     1   -18,9    29   716,3   0,0   0,3   0,4  16,3     1     ESE

Max >=  27,0:  0
Max <=   0,0: 19
Min <=   0,0: 30
Min <= -18,0:  2
Max Rain: 0,3 on day 8
Days of Rain: 1 (>= 0,2 mm)  0 (>= 2,0 mm)  0 (>= 20,0 mm)
Heat Base: 18,3  Cool Base: 18,3  Method: Integration