NOAA-Style Climate Reports

Select a Year or Month report
2021: Jan Feb Mar Apr Mai Jun Jul Aug Sep Okt Nov Des
2020: Jan Feb Mar Apr Mai Jun Jul Aug Sep Okt Nov Des
2019: Jan Feb Mar Apr Mai Jun Jul Aug Sep Okt Nov Des
2018: Jan Feb Mar Apr Mai Jun Jul Aug Sep Okt Nov Des
2017: Jan Feb Mar Apr Mai Jun Jul Aug Sep Okt Nov Des
2016: Jan Feb Mar Apr Mai Jun Jul Aug Sep Okt Nov Des
2015: Jan Feb Mar Apr Mai Jun Jul Aug Sep Okt Nov Des
2014: Jan Feb Mar Apr Mai Jun Jul Aug Sep Okt Nov Des
2013: Jan Feb Mar Apr Mai Jun Jul Aug Sep Okt Nov Des
2012: Jan Feb Mar Apr Mai Jun Jul Aug Sep Okt Nov Des

Report for 2019 Februar
                   Monthly Climatological Summary for feb 2019

Name: Kurlandfk.no   City: Kurland, Lørenskog   State: Akershus
Elevation: 177 m  Lat: N 59° 55' 48"   Lon: E 011° 01' 06"

                  Temperature (°C), Rain (mm), Wind Speed (m/s)

                                      Heat  Cool        Avg
    Mean                              Deg   Deg         Wind                 Dom
Day Temp  High   Time   Low    Time   Days  Days  Rain  Speed High   Time    Dir
----------------------------------------------------------------------------------
 1  -2,9  -2,2   16.29  -3,5   00.09  21,2   0,0   0,0   1,8   7,5   19.37    SE
 2  -4,0  -3,3   00.00  -4,5   19.28  22,3   0,0   0,0   2,1   6,8   22.49     S
 3  -6,3  -1,2   12.07 -14,2   23.05  24,6   0,0   0,0   0,7   5,8   06.30     S
 4 -11,2  -5,1   23.45 -25,2   10.32  29,4   0,0   0,0   1,1  22,1   10.32     S
 5  -4,4  -1,1   15.06 -12,0   23.59  22,7   0,0   0,0   0,4   4,4   08.25     S
 6 -10,3  -5,8   23.49 -16,0   06.18  28,6   0,0   0,0   0,0   1,7   13.19     S
 7  -4,2  -2,4   22.30  -5,8   00.00  22,5   0,0   0,0   0,0   3,4   17.29     S
 8  -0,7   3,5   11.26  -3,3   09.52  19,0   0,0   5,7   0,1  43,5   10.44     S
 9   3,2   4,8   11.19   1,3   21.53  15,1   0,0  21,6   0,6   7,8   00.07     S
10   2,0   4,3   12.20   1,1   04.08  16,3   0,0  13,2   0,8  10,2   21.41    SE
11  -1,0   6,1   12.07  -4,8   23.55  19,3   0,0   0,6   0,4   5,1   21.00   ESE
12  -2,8   2,1   22.42  -9,4   07.00  21,1   0,0   0,9   0,2   6,5   21.23    NW
13   3,2  11,4   12.05  -1,7   23.53  15,3   0,0   0,9   0,3   6,8   11.22    NW
14   1,8   7,5   13.29  -3,1   07.30  16,5   0,0   0,0   0,2   4,4   12.33     N
15   2,8   8,2   11.52   0,8   07.56  15,5   0,0   0,0   0,3   5,1   18.03   NNW
16   1,9   4,6   13.43  -1,4   22.42  16,4   0,0   0,3   0,6   6,1   11.45    NW
17   1,3   4,4   15.38  -1,4   04.42  16,9   0,0   0,3   0,3   3,4   13.58   ENE
18   4,2   5,4   13.32   2,4   00.00  14,1   0,0   0,0   0,7   7,8   23.42    NW
19   2,9   5,3   11.06  -1,9   23.34  15,4   0,0   0,6   0,7   7,1   00.47    NW
20   0,2   7,4   11.03  -4,1   08.17  18,1   0,0   0,3   0,0   2,0   12.53    NW
21  -0,1   1,0   04.11  -1,2   23.09  18,4   0,0   0,0   0,0   2,4   13.02   ESE
22   0,5   1,9   14.56  -1,4   01.31  17,8   0,0   6,3   0,5   7,5   15.58    NW
23   2,6   4,5   13.46   1,5   04.18  15,7   0,0   3,6   0,3   4,8   18.21    NW
24   3,1   6,1   14.57   0,0   23.47  15,2   0,0   0,0   0,3   4,8   05.14    NW
25   2,0  10,7   12.05  -0,8   05.17  16,3   0,0   0,0   0,1   3,4   20.51   SSW
26   3,3  10,9   12.21  -0,5   06.32  15,0   0,0   0,3   0,1   2,4   11.46     S
27   2,4  12,0   11.39  -1,6   23.47  15,9   0,0   0,0   0,1   2,4   04.15    NW
28   1,7  10,9   11.36  -3,7   07.36  16,6   0,0   0,0   0,2   5,1   10.55     E
----------------------------------------------------------------------------------
    -0,3  12,0    27   -25,2     4   521,2   0,0  54,6   0,5  43,5     8       S

Max >=  27,0:  0
Max <=   0,0:  7
Min <=   0,0: 23
Min <= -18,0:  1
Max Rain: 21,6 on day 9
Days of Rain: 13 (>= 0,2 mm)  5 (>= 2,0 mm)  1 (>= 20,0 mm)
Heat Base: 18,3  Cool Base: 18,3  Method: Integration